{"id":1030,"date":"2023-02-12T15:48:47","date_gmt":"2023-02-12T14:48:47","guid":{"rendered":"https:\/\/fabricehuggler.com\/?page_id=1030"},"modified":"2023-02-12T16:04:07","modified_gmt":"2023-02-12T15:04:07","slug":"je-suis-un-echo-qui-se-tient-devant-le-miroir-presse","status":"publish","type":"page","link":"https:\/\/fabricehuggler.com\/?page_id=1030","title":{"rendered":"Je suis un \u00e9cho qui se tient devant le miroir &#8211; Presse"},"content":{"rendered":"\n<div class=\"inherit-container-width wp-block-group has-black-color has-white-background-color has-text-color has-background is-layout-constrained wp-container-core-group-is-layout-a52671cf wp-block-group-is-layout-constrained\" style=\"padding-top:0;padding-right:0;padding-bottom:0;padding-left:0\">\n<div class=\"inherit-container-width wp-block-group has-black-color has-white-background-color has-text-color has-background is-layout-constrained wp-container-core-group-is-layout-f98b228d wp-block-group-is-layout-constrained\" style=\"padding-top:var(--wp--preset--spacing--20);padding-right:var(--wp--preset--spacing--20);padding-bottom:var(--wp--preset--spacing--20);padding-left:var(--wp--preset--spacing--20)\">\n<p class=\"has-black-color has-white-background-color has-text-color has-background wp-block-paragraph\" style=\"margin-top:var(--wp--preset--spacing--40);margin-right:var(--wp--preset--spacing--40);margin-bottom:var(--wp--preset--spacing--40);margin-left:var(--wp--preset--spacing--40);padding-top:0;padding-right:0;padding-bottom:0;padding-left:0;font-style:normal;font-weight:700\">La Divine com\u00e9die de la Compagnie F. Huggler<\/p>\n\n\n\n<p class=\"has-black-color has-white-background-color has-text-color has-background has-link-color wp-elements-1 wp-block-paragraph\" style=\"margin-top:var(--wp--preset--spacing--40);margin-right:var(--wp--preset--spacing--40);margin-bottom:var(--wp--preset--spacing--40);margin-left:var(--wp--preset--spacing--40);padding-top:0;padding-right:0;padding-bottom:0;padding-left:0\">Il faut au metteur en sc\u00e8ne qui aspire \u00e0 un spectacle rarissime un concours de circonstances exceptionnel. Le moment est arriv\u00e9 pour Fabrice Huggler. Lors de cinq repr\u00e9sentations qui se sont achev\u00e9es dimanche au Th\u00e9\u00e2tre ABC et au Temple allemand \u00e0 La Chaux-de-fonds, tout a \u00e9t\u00e9 requis pour faire de \u00ab\u00a0Je suis un \u00e9cho qui se tient devant le miroir\u00a0\u00bb un temps parmi les plus forts de la saison&#8230; Le d\u00e9sespoir, les d\u00e9chirements de l&rsquo;\u00e2me, les attentes anxieuses se bousculent au dessus de la ligne d&rsquo;horizon. Dans sa tombe, Dante dresse une oreille attentive&#8230; Les personnages \u00e9voluent chor\u00e9graphiquement, tels des cosmonautes en \u00e9tat d&rsquo;apesanteur. S&rsquo;\u00e9coulent alors de longues minutes d&rsquo;\u00e9motion. On se trouve face \u00e0 une superposition inaccoutum\u00e9e de talents&#8230; L&rsquo;univers de cette cr\u00e9ation invite le spectateur \u00e0 changer d&rsquo;espace au cours de la repr\u00e9sentation. Du petit th\u00e9\u00e2tre ABC suscitant l&rsquo;introspection, il est conduit vers le Temple allemand, lieu propice \u00e0 la transcendance, \u00e0 la r\u00e9demption. L\u00e0, au paradis, lov\u00e9 dans les nuages, un ch\u00e9rubin \u00e9coute un archange suspendu dans l&rsquo;espace jouer une musique de Jean-S\u00e9bastien Bach. Emerveillement. La fabuleuse sc\u00e9nographie de Cyril Macq, englobant la vid\u00e9o de Philippe Maeder, appara\u00eet telle une fresque de Tiepolo.  (L&rsquo;Express &#8211; L&rsquo;Impartial, 20 mai 2008, Denise de Ceuninck) <\/p>\n<\/div>\n<\/div>\n","protected":false},"excerpt":{"rendered":"<p>La Divine com\u00e9die de la Compagnie F. Huggler Il faut au metteur en sc\u00e8ne qui aspire \u00e0 un spectacle rarissime un concours de circonstances exceptionnel. Le moment est arriv\u00e9 pour Fabrice Huggler. Lors de cinq repr\u00e9sentations qui se sont achev\u00e9es dimanche au Th\u00e9\u00e2tre ABC et au Temple allemand \u00e0 La Chaux-de-fonds, tout a \u00e9t\u00e9 requis &hellip;<\/p>\n<p class=\"read-more\"> <a class=\"\" href=\"https:\/\/fabricehuggler.com\/?page_id=1030\"> <span class=\"screen-reader-text\">Je suis un \u00e9cho qui se tient devant le miroir &#8211; Presse<\/span> Lire la suite\u00a0\u00bb<\/a><\/p>\n","protected":false},"author":1,"featured_media":0,"parent":0,"menu_order":0,"comment_status":"closed","ping_status":"closed","template":"","meta":{"site-sidebar-layout":"default","site-content-layout":"default","ast-global-header-display":"","ast-main-header-display":"","ast-hfb-above-header-display":"","ast-hfb-below-header-display":"","ast-hfb-mobile-header-display":"","site-post-title":"","ast-breadcrumbs-content":"","ast-featured-img":"","footer-sml-layout":"","theme-transparent-header-meta":"","adv-header-id-meta":"","stick-header-meta":"","header-above-stick-meta":"","header-main-stick-meta":"","header-below-stick-meta":"","footnotes":""},"class_list":["post-1030","page","type-page","status-publish","hentry"],"_links":{"self":[{"href":"https:\/\/fabricehuggler.com\/index.php?rest_route=\/wp\/v2\/pages\/1030","targetHints":{"allow":["GET"]}}],"collection":[{"href":"https:\/\/fabricehuggler.com\/index.php?rest_route=\/wp\/v2\/pages"}],"about":[{"href":"https:\/\/fabricehuggler.com\/index.php?rest_route=\/wp\/v2\/types\/page"}],"author":[{"embeddable":true,"href":"https:\/\/fabricehuggler.com\/index.php?rest_route=\/wp\/v2\/users\/1"}],"replies":[{"embeddable":true,"href":"https:\/\/fabricehuggler.com\/index.php?rest_route=%2Fwp%2Fv2%2Fcomments&post=1030"}],"version-history":[{"count":8,"href":"https:\/\/fabricehuggler.com\/index.php?rest_route=\/wp\/v2\/pages\/1030\/revisions"}],"predecessor-version":[{"id":1040,"href":"https:\/\/fabricehuggler.com\/index.php?rest_route=\/wp\/v2\/pages\/1030\/revisions\/1040"}],"wp:attachment":[{"href":"https:\/\/fabricehuggler.com\/index.php?rest_route=%2Fwp%2Fv2%2Fmedia&parent=1030"}],"curies":[{"name":"wp","href":"https:\/\/api.w.org\/{rel}","templated":true}]}}

Je suis un écho qui se tient devant le miroir &#8211; Presse

<div class="inherit-container-width wp-block-group has-black-color has-white-background-color has-text-color has-background is-layout-constrained wp-container-core-group-is-layout-a52671cf wp-block-group-is-layout-constrained" style="padding-top:0;padding-right:0;padding-bottom:0;padding-left:0">
<div class="inherit-container-width wp-block-group has-black-color has-white-background-color has-text-color has-background is-layout-constrained wp-container-core-group-is-layout-f98b228d wp-block-group-is-layout-constrained" style="padding-top:var(--wp--preset--spacing--20);padding-right:var(--wp--preset--spacing--20);padding-bottom:var(--wp--preset--spacing--20);padding-left:var(--wp--preset--spacing--20)">
<p class="has-black-color has-white-background-color has-text-color has-background wp-block-paragraph" style="margin-top:var(--wp--preset--spacing--40);margin-right:var(--wp--preset--spacing--40);margin-bottom:var(--wp--preset--spacing--40);margin-left:var(--wp--preset--spacing--40);padding-top:0;padding-right:0;padding-bottom:0;padding-left:0;font-style:normal;font-weight:700">La Divine comédie de la Compagnie F. Huggler</p>



<p class="has-black-color has-white-background-color has-text-color has-background has-link-color wp-elements-1 wp-block-paragraph" style="margin-top:var(--wp--preset--spacing--40);margin-right:var(--wp--preset--spacing--40);margin-bottom:var(--wp--preset--spacing--40);margin-left:var(--wp--preset--spacing--40);padding-top:0;padding-right:0;padding-bottom:0;padding-left:0">Il faut au metteur en scène qui aspire à un spectacle rarissime un concours de circonstances exceptionnel. Le moment est arrivé pour Fabrice Huggler. Lors de cinq représentations qui se sont achevées dimanche au Théâtre ABC et au Temple allemand à La Chaux-de-fonds, tout a été requis pour faire de « Je suis un écho qui se tient devant le miroir » un temps parmi les plus forts de la saison&#8230; Le désespoir, les déchirements de l&rsquo;âme, les attentes anxieuses se bousculent au dessus de la ligne d&rsquo;horizon. Dans sa tombe, Dante dresse une oreille attentive&#8230; Les personnages évoluent chorégraphiquement, tels des cosmonautes en état d&rsquo;apesanteur. S&rsquo;écoulent alors de longues minutes d&rsquo;émotion. On se trouve face à une superposition inaccoutumée de talents&#8230; L&rsquo;univers de cette création invite le spectateur à changer d&rsquo;espace au cours de la représentation. Du petit théâtre ABC suscitant l&rsquo;introspection, il est conduit vers le Temple allemand, lieu propice à la transcendance, à la rédemption. Là, au paradis, lové dans les nuages, un chérubin écoute un archange suspendu dans l&rsquo;espace jouer une musique de Jean-Sébastien Bach. Emerveillement. La fabuleuse scénographie de Cyril Macq, englobant la vidéo de Philippe Maeder, apparaît telle une fresque de Tiepolo.  (L&rsquo;Express &#8211; L&rsquo;Impartial, 20 mai 2008, Denise de Ceuninck) </p>
</div>
</div>

<p>La Divine comédie de la Compagnie F. Huggler Il faut au metteur en scène qui aspire à un spectacle rarissime un concours de circonstances exceptionnel. Le moment est arrivé pour Fabrice Huggler. Lors de cinq représentations qui se sont achevées dimanche au Théâtre ABC et au Temple allemand à La Chaux-de-fonds, tout a été requis &hellip;</p>
<p class="read-more"> <a class="" href="https://fabricehuggler.com/?page_id=1030"> <span class="screen-reader-text">Je suis un écho qui se tient devant le miroir &#8211; Presse</span> Lire la suite »</a></p>
