{"id":1069,"date":"2023-02-12T16:15:20","date_gmt":"2023-02-12T15:15:20","guid":{"rendered":"https:\/\/fabricehuggler.com\/?page_id=1069"},"modified":"2023-02-12T16:23:27","modified_gmt":"2023-02-12T15:23:27","slug":"la-mort-de-tintagiles-intentions","status":"publish","type":"page","link":"https:\/\/fabricehuggler.com\/?page_id=1069","title":{"rendered":"La mort de Tintagiles &#8211; Intentions"},"content":{"rendered":"\n<div class=\"inherit-container-width wp-block-group has-black-color has-white-background-color has-text-color has-background is-layout-constrained wp-container-core-group-is-layout-a52671cf wp-block-group-is-layout-constrained\" style=\"padding-top:0;padding-right:0;padding-bottom:0;padding-left:0\">\n<div class=\"inherit-container-width wp-block-group has-black-color has-white-background-color has-text-color has-background is-layout-constrained wp-container-core-group-is-layout-f98b228d wp-block-group-is-layout-constrained\" style=\"padding-top:var(--wp--preset--spacing--20);padding-right:var(--wp--preset--spacing--20);padding-bottom:var(--wp--preset--spacing--20);padding-left:var(--wp--preset--spacing--20)\">\n<div class=\"inherit-container-width wp-block-group is-layout-constrained wp-block-group-is-layout-constrained\">\n<div class=\"inherit-container-width wp-block-group is-layout-constrained wp-block-group-is-layout-constrained\">\n<p class=\"has-black-color has-white-background-color has-text-color has-background wp-block-paragraph\" style=\"margin-top:var(--wp--preset--spacing--60);margin-right:var(--wp--preset--spacing--60);margin-bottom:var(--wp--preset--spacing--60);margin-left:var(--wp--preset--spacing--60);padding-top:0;padding-right:0;padding-bottom:0;padding-left:0\"><strong>Ygraine. &#8211; Je ne pouvais pas rire tout de suite&#8230; Tu comprendras&#8230; Il est temps, Tintagiles, et le vent devient noir sur la mer&#8230; Embrasse-moi, plus fort, encore, encore, avant de te mettre debout&#8230; Tu ne sais pas qu&rsquo;on aime&#8230; Donne-moi ta petite main&#8230; Je la garderai bien; et nous allons rentrer dans le ch\u00e2teau malade&#8230;<\/strong><\/p>\n<\/div>\n\n\n\n<p class=\"has-black-color has-white-background-color has-text-color has-background wp-block-paragraph\" style=\"margin-top:var(--wp--preset--spacing--60);margin-right:var(--wp--preset--spacing--60);margin-bottom:var(--wp--preset--spacing--60);margin-left:var(--wp--preset--spacing--60);padding-top:0;padding-right:0;padding-bottom:0;padding-left:0\">En cr\u00e9ant un spectacle \u00e0 partir de ce texte, j&rsquo;ai souhait\u00e9 non seulement pouvoir aborder les probl\u00e9matiques li\u00e9es \u00e0 la mort, plus particuli\u00e8rement lorsque celle-ci s&rsquo;attaque \u00e0 l&rsquo;enfance, mais aussi examiner toute une symbolique qui lui est apparent\u00e9e. Car la mort est aussi chez Maeterlinck un but, une \u00e9tape, la destruction d&rsquo;une forme et la naissance d&rsquo;une autre; elle est le passage de l&rsquo;enfance \u00e0 l&rsquo;\u00e2ge adulte. En p\u00e9n\u00e9trant dans la mort, on se laisse aller vers l&rsquo;inconnu, dans le domaine de l&rsquo;inconscient. Elle est assimil\u00e9e au sommeil, au r\u00eave, au monde des intuitions qui transperce le savoir des adultes. Partant de l\u00e0, j&rsquo;ai cherch\u00e9 \u00e0 d\u00e9multiplier au maximum les niveaux de lecture et \u00e0 cr\u00e9er un spectacle qui, \u00e9chappant aux contraintes du r\u00e9el, plonge le public dans les d\u00e9dales infinis des r\u00eaves et des cauchemars. J&rsquo;ai incit\u00e9 les com\u00e9diens \u00e0 se lib\u00e9rer d&rsquo;une articulation habituelle et \u00e0 rechercher une articulation insolite qui pr\u00e9suppose une langue des r\u00eaves. Dans ce travail, j&rsquo;ai tent\u00e9 d&rsquo;admettre la possibilit\u00e9 d&rsquo;\u00eatre \u00e0 la fois un et plusieurs. Cette recherche de d\u00e9r\u00e9alisation s&rsquo;est traduite par la permutation occasionnelle de r\u00e9pliques entre les personnages, par le redoublement de voix mises en \u00e9cho et par la d\u00e9composition et la d\u00e9structuration de certaines s\u00e9quences. Sc\u00e9nographie, costumes, univers sonore et vid\u00e9o sont venus en contrepoint renforcer la sensation d&rsquo;immat\u00e9rialit\u00e9 et d&rsquo;infini, par la cr\u00e9ation d&rsquo;espaces, visuels et sonores, dont la profondeur ind\u00e9finissable suscite le vertige.<\/p>\n<\/div>\n<\/div>\n<\/div>\n","protected":false},"excerpt":{"rendered":"<p>Ygraine. &#8211; Je ne pouvais pas rire tout de suite&#8230; Tu comprendras&#8230; Il est temps, Tintagiles, et le vent devient noir sur la mer&#8230; Embrasse-moi, plus fort, encore, encore, avant de te mettre debout&#8230; Tu ne sais pas qu&rsquo;on aime&#8230; Donne-moi ta petite main&#8230; Je la garderai bien; et nous allons rentrer dans le ch\u00e2teau &hellip;<\/p>\n<p class=\"read-more\"> <a class=\"\" href=\"https:\/\/fabricehuggler.com\/?page_id=1069\"> <span class=\"screen-reader-text\">La mort de Tintagiles &#8211; Intentions<\/span> Lire la suite\u00a0\u00bb<\/a><\/p>\n","protected":false},"author":1,"featured_media":0,"parent":0,"menu_order":0,"comment_status":"closed","ping_status":"closed","template":"","meta":{"site-sidebar-layout":"default","site-content-layout":"default","ast-global-header-display":"","ast-main-header-display":"","ast-hfb-above-header-display":"","ast-hfb-below-header-display":"","ast-hfb-mobile-header-display":"","site-post-title":"","ast-breadcrumbs-content":"","ast-featured-img":"","footer-sml-layout":"","theme-transparent-header-meta":"","adv-header-id-meta":"","stick-header-meta":"","header-above-stick-meta":"","header-main-stick-meta":"","header-below-stick-meta":"","footnotes":""},"class_list":["post-1069","page","type-page","status-publish","hentry"],"_links":{"self":[{"href":"https:\/\/fabricehuggler.com\/index.php?rest_route=\/wp\/v2\/pages\/1069","targetHints":{"allow":["GET"]}}],"collection":[{"href":"https:\/\/fabricehuggler.com\/index.php?rest_route=\/wp\/v2\/pages"}],"about":[{"href":"https:\/\/fabricehuggler.com\/index.php?rest_route=\/wp\/v2\/types\/page"}],"author":[{"embeddable":true,"href":"https:\/\/fabricehuggler.com\/index.php?rest_route=\/wp\/v2\/users\/1"}],"replies":[{"embeddable":true,"href":"https:\/\/fabricehuggler.com\/index.php?rest_route=%2Fwp%2Fv2%2Fcomments&post=1069"}],"version-history":[{"count":3,"href":"https:\/\/fabricehuggler.com\/index.php?rest_route=\/wp\/v2\/pages\/1069\/revisions"}],"predecessor-version":[{"id":1076,"href":"https:\/\/fabricehuggler.com\/index.php?rest_route=\/wp\/v2\/pages\/1069\/revisions\/1076"}],"wp:attachment":[{"href":"https:\/\/fabricehuggler.com\/index.php?rest_route=%2Fwp%2Fv2%2Fmedia&parent=1069"}],"curies":[{"name":"wp","href":"https:\/\/api.w.org\/{rel}","templated":true}]}}

<div class="inherit-container-width wp-block-group has-black-color has-white-background-color has-text-color has-background is-layout-constrained wp-container-core-group-is-layout-a52671cf wp-block-group-is-layout-constrained" style="padding-top:0;padding-right:0;padding-bottom:0;padding-left:0">
<div class="inherit-container-width wp-block-group has-black-color has-white-background-color has-text-color has-background is-layout-constrained wp-container-core-group-is-layout-f98b228d wp-block-group-is-layout-constrained" style="padding-top:var(--wp--preset--spacing--20);padding-right:var(--wp--preset--spacing--20);padding-bottom:var(--wp--preset--spacing--20);padding-left:var(--wp--preset--spacing--20)">
<div class="inherit-container-width wp-block-group is-layout-constrained wp-block-group-is-layout-constrained">
<div class="inherit-container-width wp-block-group is-layout-constrained wp-block-group-is-layout-constrained">
<p class="has-black-color has-white-background-color has-text-color has-background wp-block-paragraph" style="margin-top:var(--wp--preset--spacing--60);margin-right:var(--wp--preset--spacing--60);margin-bottom:var(--wp--preset--spacing--60);margin-left:var(--wp--preset--spacing--60);padding-top:0;padding-right:0;padding-bottom:0;padding-left:0"><strong>Ygraine. &#8211; Je ne pouvais pas rire tout de suite&#8230; Tu comprendras&#8230; Il est temps, Tintagiles, et le vent devient noir sur la mer&#8230; Embrasse-moi, plus fort, encore, encore, avant de te mettre debout&#8230; Tu ne sais pas qu&rsquo;on aime&#8230; Donne-moi ta petite main&#8230; Je la garderai bien; et nous allons rentrer dans le château malade&#8230;</strong></p>
</div>



<p class="has-black-color has-white-background-color has-text-color has-background wp-block-paragraph" style="margin-top:var(--wp--preset--spacing--60);margin-right:var(--wp--preset--spacing--60);margin-bottom:var(--wp--preset--spacing--60);margin-left:var(--wp--preset--spacing--60);padding-top:0;padding-right:0;padding-bottom:0;padding-left:0">En créant un spectacle à partir de ce texte, j&rsquo;ai souhaité non seulement pouvoir aborder les problématiques liées à la mort, plus particulièrement lorsque celle-ci s&rsquo;attaque à l&rsquo;enfance, mais aussi examiner toute une symbolique qui lui est apparentée. Car la mort est aussi chez Maeterlinck un but, une étape, la destruction d&rsquo;une forme et la naissance d&rsquo;une autre; elle est le passage de l&rsquo;enfance à l&rsquo;âge adulte. En pénétrant dans la mort, on se laisse aller vers l&rsquo;inconnu, dans le domaine de l&rsquo;inconscient. Elle est assimilée au sommeil, au rêve, au monde des intuitions qui transperce le savoir des adultes. Partant de là, j&rsquo;ai cherché à démultiplier au maximum les niveaux de lecture et à créer un spectacle qui, échappant aux contraintes du réel, plonge le public dans les dédales infinis des rêves et des cauchemars. J&rsquo;ai incité les comédiens à se libérer d&rsquo;une articulation habituelle et à rechercher une articulation insolite qui présuppose une langue des rêves. Dans ce travail, j&rsquo;ai tenté d&rsquo;admettre la possibilité d&rsquo;être à la fois un et plusieurs. Cette recherche de déréalisation s&rsquo;est traduite par la permutation occasionnelle de répliques entre les personnages, par le redoublement de voix mises en écho et par la décomposition et la déstructuration de certaines séquences. Scénographie, costumes, univers sonore et vidéo sont venus en contrepoint renforcer la sensation d&rsquo;immatérialité et d&rsquo;infini, par la création d&rsquo;espaces, visuels et sonores, dont la profondeur indéfinissable suscite le vertige.</p>
</div>
</div>
</div>

<p>Ygraine. &#8211; Je ne pouvais pas rire tout de suite&#8230; Tu comprendras&#8230; Il est temps, Tintagiles, et le vent devient noir sur la mer&#8230; Embrasse-moi, plus fort, encore, encore, avant de te mettre debout&#8230; Tu ne sais pas qu&rsquo;on aime&#8230; Donne-moi ta petite main&#8230; Je la garderai bien; et nous allons rentrer dans le château &hellip;</p>
<p class="read-more"> <a class="" href="https://fabricehuggler.com/?page_id=1069"> <span class="screen-reader-text">La mort de Tintagiles &#8211; Intentions</span> Lire la suite »</a></p>
