{"id":1072,"date":"2023-02-12T16:16:02","date_gmt":"2023-02-12T15:16:02","guid":{"rendered":"https:\/\/fabricehuggler.com\/?page_id=1072"},"modified":"2023-02-12T23:09:17","modified_gmt":"2023-02-12T22:09:17","slug":"la-mort-de-tintagiles-presse","status":"publish","type":"page","link":"https:\/\/fabricehuggler.com\/?page_id=1072","title":{"rendered":"La mort de Tintagiles &#8211; Presse"},"content":{"rendered":"\n<div class=\"inherit-container-width wp-block-group has-black-color has-white-background-color has-text-color has-background is-layout-constrained wp-container-core-group-is-layout-a52671cf wp-block-group-is-layout-constrained\" style=\"padding-top:0;padding-right:0;padding-bottom:0;padding-left:0\">\n<div class=\"inherit-container-width wp-block-group has-black-color has-white-background-color has-text-color has-background is-layout-constrained wp-container-core-group-is-layout-f98b228d wp-block-group-is-layout-constrained\" style=\"padding-top:var(--wp--preset--spacing--20);padding-right:var(--wp--preset--spacing--20);padding-bottom:var(--wp--preset--spacing--20);padding-left:var(--wp--preset--spacing--20)\">\n<p class=\"has-black-color has-white-background-color has-text-color has-background has-link-color wp-elements-1 wp-block-paragraph\" style=\"margin-top:var(--wp--preset--spacing--60);margin-right:var(--wp--preset--spacing--60);margin-bottom:var(--wp--preset--spacing--60);margin-left:var(--wp--preset--spacing--60);padding-top:0;padding-right:0;padding-bottom:0;padding-left:0\">La Tribune de Gen\u00e8ve &#8211; 3 f\u00e9vrier 2006 <strong>\u00abMaeterlinck inspire \u00e0 Fabrice Huggler un spectacle d&rsquo;une rare intensit\u00e9&#8230; La Mort de Tintagiles, \u00e0 l&rsquo;affiche au Galpon, est sans doute l&rsquo;objet th\u00e9\u00e2tral le plus singulier, le plus improbable aussi, qu&rsquo;il soit donn\u00e9 de voir actuellement \u00e0 Gen\u00e8ve.\u00bb <\/strong>Lionel Chiuch<\/p>\n\n\n\n<p class=\"has-black-color has-white-background-color has-text-color has-background has-link-color wp-elements-2 wp-block-paragraph\" style=\"margin-top:var(--wp--preset--spacing--60);margin-right:var(--wp--preset--spacing--60);margin-bottom:var(--wp--preset--spacing--60);margin-left:var(--wp--preset--spacing--60);padding-top:0;padding-right:0;padding-bottom:0;padding-left:0\">Le Temps &#8211; 7 f\u00e9vrier 2006 <strong>\u00abFabrice Huggler tient les r\u00eanes de ce projet o\u00f9 la mise en sc\u00e8ne, qu&rsquo;il signe, prend toute sa valeur gr\u00e2ce \u00e0 une alliance \u00e9troite avec une ambiance sc\u00e9nique forte&#8230; On sort de l\u00e0 aussi troubl\u00e9 que si Fabrice Huggler avait p\u00e9n\u00e9tr\u00e9 dans nos espaces oniriques les plus enfouis, l\u00e0 o\u00f9 les souvenirs amniotiques se m\u00ealent aux angoisses de la mort.\u00bb <\/strong>Elisabeth Chardon<\/p>\n\n\n\n<p class=\"has-black-color has-white-background-color has-text-color has-background has-link-color wp-elements-3 wp-block-paragraph\" style=\"margin-top:var(--wp--preset--spacing--60);margin-right:var(--wp--preset--spacing--60);margin-bottom:var(--wp--preset--spacing--60);margin-left:var(--wp--preset--spacing--60);padding-top:0;padding-right:0;padding-bottom:0;padding-left:0\">Espace 2, Emission Dare-Dare &#8211; 25 janvier 2006 <strong>\u00abCe spectacle qui se joue dans le \u00ab\u00a0off\u00a0\u00bb genevois m\u00e9riterait les honneurs du \u00ab\u00a0in\u00a0\u00bb, largement d&rsquo;ailleurs&#8230; Je br\u00fble d&rsquo;affirmer que cette Mort de Tintagiles est plastiquement tr\u00e8s belle. Il y a en effet un travail visuel et sonore finement r\u00e9alis\u00e9 et une direction d&rsquo;acteurs bien assur\u00e9e par le metteur en sc\u00e8ne.\u00bb <\/strong>Ghania Adamo<\/p>\n\n\n\n<p class=\"has-black-color has-white-background-color has-text-color has-background wp-block-paragraph\" style=\"margin-top:var(--wp--preset--spacing--60);margin-right:var(--wp--preset--spacing--60);margin-bottom:var(--wp--preset--spacing--60);margin-left:var(--wp--preset--spacing--60);padding-top:0;padding-right:0;padding-bottom:0;padding-left:0\">24 Heures &#8211; 28 janvier 2006 <strong>\u00abStylis\u00e9 dans les moindres d\u00e9tails, ce spectacle est une r\u00e9ussite formelle incontestable, comme l&rsquo;attestent la sc\u00e9nographie de Claire Peverelli, qui creuse des vagues dans un bassin d&rsquo;eau illumin\u00e9 d&rsquo;images vid\u00e9o, ainsi que les tulles et autres mati\u00e8res fluides des costumes et du d\u00e9cor d\u00e9pouill\u00e9.\u00bb <\/strong>Anne-Sylvie Sprenger<\/p>\n<\/div>\n<\/div>\n","protected":false},"excerpt":{"rendered":"<p>La Tribune de Gen\u00e8ve &#8211; 3 f\u00e9vrier 2006 \u00abMaeterlinck inspire \u00e0 Fabrice Huggler un spectacle d&rsquo;une rare intensit\u00e9&#8230; La Mort de Tintagiles, \u00e0 l&rsquo;affiche au Galpon, est sans doute l&rsquo;objet th\u00e9\u00e2tral le plus singulier, le plus improbable aussi, qu&rsquo;il soit donn\u00e9 de voir actuellement \u00e0 Gen\u00e8ve.\u00bb Lionel Chiuch Le Temps &#8211; 7 f\u00e9vrier 2006 \u00abFabrice &hellip;<\/p>\n<p class=\"read-more\"> <a class=\"\" href=\"https:\/\/fabricehuggler.com\/?page_id=1072\"> <span class=\"screen-reader-text\">La mort de Tintagiles &#8211; Presse<\/span> Lire la suite\u00a0\u00bb<\/a><\/p>\n","protected":false},"author":1,"featured_media":0,"parent":0,"menu_order":0,"comment_status":"closed","ping_status":"closed","template":"","meta":{"site-sidebar-layout":"default","site-content-layout":"default","ast-global-header-display":"","ast-main-header-display":"","ast-hfb-above-header-display":"","ast-hfb-below-header-display":"","ast-hfb-mobile-header-display":"","site-post-title":"","ast-breadcrumbs-content":"","ast-featured-img":"","footer-sml-layout":"","theme-transparent-header-meta":"","adv-header-id-meta":"","stick-header-meta":"","header-above-stick-meta":"","header-main-stick-meta":"","header-below-stick-meta":"","footnotes":""},"class_list":["post-1072","page","type-page","status-publish","hentry"],"_links":{"self":[{"href":"https:\/\/fabricehuggler.com\/index.php?rest_route=\/wp\/v2\/pages\/1072","targetHints":{"allow":["GET"]}}],"collection":[{"href":"https:\/\/fabricehuggler.com\/index.php?rest_route=\/wp\/v2\/pages"}],"about":[{"href":"https:\/\/fabricehuggler.com\/index.php?rest_route=\/wp\/v2\/types\/page"}],"author":[{"embeddable":true,"href":"https:\/\/fabricehuggler.com\/index.php?rest_route=\/wp\/v2\/users\/1"}],"replies":[{"embeddable":true,"href":"https:\/\/fabricehuggler.com\/index.php?rest_route=%2Fwp%2Fv2%2Fcomments&post=1072"}],"version-history":[{"count":5,"href":"https:\/\/fabricehuggler.com\/index.php?rest_route=\/wp\/v2\/pages\/1072\/revisions"}],"predecessor-version":[{"id":1081,"href":"https:\/\/fabricehuggler.com\/index.php?rest_route=\/wp\/v2\/pages\/1072\/revisions\/1081"}],"wp:attachment":[{"href":"https:\/\/fabricehuggler.com\/index.php?rest_route=%2Fwp%2Fv2%2Fmedia&parent=1072"}],"curies":[{"name":"wp","href":"https:\/\/api.w.org\/{rel}","templated":true}]}}

<div class="inherit-container-width wp-block-group has-black-color has-white-background-color has-text-color has-background is-layout-constrained wp-container-core-group-is-layout-a52671cf wp-block-group-is-layout-constrained" style="padding-top:0;padding-right:0;padding-bottom:0;padding-left:0">
<div class="inherit-container-width wp-block-group has-black-color has-white-background-color has-text-color has-background is-layout-constrained wp-container-core-group-is-layout-f98b228d wp-block-group-is-layout-constrained" style="padding-top:var(--wp--preset--spacing--20);padding-right:var(--wp--preset--spacing--20);padding-bottom:var(--wp--preset--spacing--20);padding-left:var(--wp--preset--spacing--20)">
<p class="has-black-color has-white-background-color has-text-color has-background has-link-color wp-elements-1 wp-block-paragraph" style="margin-top:var(--wp--preset--spacing--60);margin-right:var(--wp--preset--spacing--60);margin-bottom:var(--wp--preset--spacing--60);margin-left:var(--wp--preset--spacing--60);padding-top:0;padding-right:0;padding-bottom:0;padding-left:0">La Tribune de Genève &#8211; 3 février 2006 <strong>«Maeterlinck inspire à Fabrice Huggler un spectacle d&rsquo;une rare intensité&#8230; La Mort de Tintagiles, à l&rsquo;affiche au Galpon, est sans doute l&rsquo;objet théâtral le plus singulier, le plus improbable aussi, qu&rsquo;il soit donné de voir actuellement à Genève.» </strong>Lionel Chiuch</p>



<p class="has-black-color has-white-background-color has-text-color has-background has-link-color wp-elements-2 wp-block-paragraph" style="margin-top:var(--wp--preset--spacing--60);margin-right:var(--wp--preset--spacing--60);margin-bottom:var(--wp--preset--spacing--60);margin-left:var(--wp--preset--spacing--60);padding-top:0;padding-right:0;padding-bottom:0;padding-left:0">Le Temps &#8211; 7 février 2006 <strong>«Fabrice Huggler tient les rênes de ce projet où la mise en scène, qu&rsquo;il signe, prend toute sa valeur grâce à une alliance étroite avec une ambiance scénique forte&#8230; On sort de là aussi troublé que si Fabrice Huggler avait pénétré dans nos espaces oniriques les plus enfouis, là où les souvenirs amniotiques se mêlent aux angoisses de la mort.» </strong>Elisabeth Chardon</p>



<p class="has-black-color has-white-background-color has-text-color has-background has-link-color wp-elements-3 wp-block-paragraph" style="margin-top:var(--wp--preset--spacing--60);margin-right:var(--wp--preset--spacing--60);margin-bottom:var(--wp--preset--spacing--60);margin-left:var(--wp--preset--spacing--60);padding-top:0;padding-right:0;padding-bottom:0;padding-left:0">Espace 2, Emission Dare-Dare &#8211; 25 janvier 2006 <strong>«Ce spectacle qui se joue dans le « off » genevois mériterait les honneurs du « in », largement d&rsquo;ailleurs&#8230; Je brûle d&rsquo;affirmer que cette Mort de Tintagiles est plastiquement très belle. Il y a en effet un travail visuel et sonore finement réalisé et une direction d&rsquo;acteurs bien assurée par le metteur en scène.» </strong>Ghania Adamo</p>



<p class="has-black-color has-white-background-color has-text-color has-background wp-block-paragraph" style="margin-top:var(--wp--preset--spacing--60);margin-right:var(--wp--preset--spacing--60);margin-bottom:var(--wp--preset--spacing--60);margin-left:var(--wp--preset--spacing--60);padding-top:0;padding-right:0;padding-bottom:0;padding-left:0">24 Heures &#8211; 28 janvier 2006 <strong>«Stylisé dans les moindres détails, ce spectacle est une réussite formelle incontestable, comme l&rsquo;attestent la scénographie de Claire Peverelli, qui creuse des vagues dans un bassin d&rsquo;eau illuminé d&rsquo;images vidéo, ainsi que les tulles et autres matières fluides des costumes et du décor dépouillé.» </strong>Anne-Sylvie Sprenger</p>
</div>
</div>

<p>La Tribune de Genève &#8211; 3 février 2006 «Maeterlinck inspire à Fabrice Huggler un spectacle d&rsquo;une rare intensité&#8230; La Mort de Tintagiles, à l&rsquo;affiche au Galpon, est sans doute l&rsquo;objet théâtral le plus singulier, le plus improbable aussi, qu&rsquo;il soit donné de voir actuellement à Genève.» Lionel Chiuch Le Temps &#8211; 7 février 2006 «Fabrice &hellip;</p>
<p class="read-more"> <a class="" href="https://fabricehuggler.com/?page_id=1072"> <span class="screen-reader-text">La mort de Tintagiles &#8211; Presse</span> Lire la suite »</a></p>
