{"id":1242,"date":"2023-02-16T12:19:08","date_gmt":"2023-02-16T11:19:08","guid":{"rendered":"https:\/\/fabricehuggler.com\/?page_id=1242"},"modified":"2023-02-16T12:25:05","modified_gmt":"2023-02-16T11:25:05","slug":"lautoroute-de-la-parole-2-intentions","status":"publish","type":"page","link":"https:\/\/fabricehuggler.com\/?page_id=1242","title":{"rendered":"L&rsquo;autoroute de la parole 2 &#8211; Intentions"},"content":{"rendered":"\n<div class=\"inherit-container-width wp-block-group has-black-color has-white-background-color has-text-color has-background is-layout-constrained wp-container-core-group-is-layout-a52671cf wp-block-group-is-layout-constrained\" style=\"padding-top:0;padding-right:0;padding-bottom:0;padding-left:0\">\n<div class=\"inherit-container-width wp-block-group has-black-color has-white-background-color has-text-color has-background is-layout-constrained wp-container-core-group-is-layout-f98b228d wp-block-group-is-layout-constrained\" style=\"padding-top:var(--wp--preset--spacing--20);padding-right:var(--wp--preset--spacing--20);padding-bottom:var(--wp--preset--spacing--20);padding-left:var(--wp--preset--spacing--20)\">\n<div class=\"inherit-container-width wp-block-group is-layout-constrained wp-block-group-is-layout-constrained\">\n<div class=\"inherit-container-width wp-block-group is-layout-constrained wp-block-group-is-layout-constrained\">\n<p class=\"has-black-color has-white-background-color has-text-color has-background wp-block-paragraph\" style=\"margin-top:var(--wp--preset--spacing--60);margin-right:var(--wp--preset--spacing--60);margin-bottom:var(--wp--preset--spacing--60);margin-left:var(--wp--preset--spacing--60);padding-top:0;padding-right:0;padding-bottom:0;padding-left:0\"><strong>Quand \u00e7a vous est arriv\u00e9 une fois, de dominer la parole, d\u2019emporter la salle avec vous, \u00e7a vous arrive tout le temps ensuite. On pr\u00e9tend se faire un devoir de ne pas d\u00e9cevoir ces gens qui se sont d\u00e9plac\u00e9s pour vous entendre. Mais c\u2019est un peu plus que \u00e7a, \u00e7a d\u00e9borde un peu sur le meurtre de celui qui vient de vous juger&#8230;<\/strong><\/p>\n<\/div>\n\n\n\n<p class=\"has-black-color has-white-background-color has-text-color has-background wp-block-paragraph\" style=\"margin-top:0;margin-right:0;margin-bottom:0;margin-left:0;padding-top:0;padding-right:0;padding-bottom:0;padding-left:0\">En 2003, j&rsquo;ai cr\u00e9\u00e9, avec trois com\u00e9diens, un spectacle-lecture sur de courts textes de Marguerite Duras, tir\u00e9s de : \u00ab\u00a0Outside\u00a0\u00bb, \u00ab\u00a0La Vie Mat\u00e9rielle\u00a0\u00bb et \u00ab\u00a0Outside 2 ou le Monde ext\u00e9rieur\u00a0\u00bb. J&rsquo;ai envie aujourd&rsquo;hui de faire r\u00e9entendre certains de ces textes, de les faire r\u00e9sonner dans une autre voix. J&rsquo;ai ainsi invit\u00e9 le com\u00e9dien G\u00e9rard Guillaumat \u00e0 se placer \u00e0 son tour au plus pr\u00e8s de ces livres, de cette \u00e9criture. Avec son immense exp\u00e9rience de conteur-lecteur, il nous d\u00e9montrera certainement ce que Duras entendait lorsqu&rsquo;elle affirmait que les com\u00e9diens doivent \u00ab tenir le th\u00e9\u00e2tre tout entier sous leurs yeux, regarder la salle et en m\u00eame temps montrer ce qui se passe dans un th\u00e9\u00e2tre lorsqu&rsquo;on raconte l&rsquo;histoire&#8230; \u00bb<\/p>\n\n\n\n<p class=\"has-black-color has-white-background-color has-text-color has-background wp-block-paragraph\" style=\"margin-top:var(--wp--preset--spacing--60);margin-right:var(--wp--preset--spacing--60);margin-bottom:var(--wp--preset--spacing--60);margin-left:var(--wp--preset--spacing--60);padding-top:0;padding-right:0;padding-bottom:0;padding-left:0\">Dans le cadre du week-end de performances \u00ab\u00a0Ex-Corpus\u00a0\u00bb \u00e0 Ex-Machina, pour renforcer l&rsquo;aspect performatif et le contact direct avec le public, j&rsquo;ai dispos\u00e9 un r\u00e9cipient transparent dans lequel se trouvaient les diff\u00e9rents textes susceptibles d&rsquo;\u00eatre lus. J&rsquo;invitais les spectateurs \u00e0 se lever, tour \u00e0 tour, pour piocher un texte au hasard et le confier \u00e0 G\u00e9rard Guillaumat, le d\u00e9roulement de ces lectures se faisait donc en direct et de fa\u00e7on totalement al\u00e9atoire.<\/p>\n<\/div>\n<\/div>\n<\/div>\n","protected":false},"excerpt":{"rendered":"<p>Quand \u00e7a vous est arriv\u00e9 une fois, de dominer la parole, d\u2019emporter la salle avec vous, \u00e7a vous arrive tout le temps ensuite. On pr\u00e9tend se faire un devoir de ne pas d\u00e9cevoir ces gens qui se sont d\u00e9plac\u00e9s pour vous entendre. Mais c\u2019est un peu plus que \u00e7a, \u00e7a d\u00e9borde un peu sur le &hellip;<\/p>\n<p class=\"read-more\"> <a class=\"\" href=\"https:\/\/fabricehuggler.com\/?page_id=1242\"> <span class=\"screen-reader-text\">L&rsquo;autoroute de la parole 2 &#8211; Intentions<\/span> Lire la suite\u00a0\u00bb<\/a><\/p>\n","protected":false},"author":1,"featured_media":0,"parent":0,"menu_order":0,"comment_status":"closed","ping_status":"closed","template":"","meta":{"site-sidebar-layout":"default","site-content-layout":"default","ast-global-header-display":"","ast-main-header-display":"","ast-hfb-above-header-display":"","ast-hfb-below-header-display":"","ast-hfb-mobile-header-display":"","site-post-title":"","ast-breadcrumbs-content":"","ast-featured-img":"","footer-sml-layout":"","theme-transparent-header-meta":"","adv-header-id-meta":"","stick-header-meta":"","header-above-stick-meta":"","header-main-stick-meta":"","header-below-stick-meta":"","footnotes":""},"class_list":["post-1242","page","type-page","status-publish","hentry"],"_links":{"self":[{"href":"https:\/\/fabricehuggler.com\/index.php?rest_route=\/wp\/v2\/pages\/1242","targetHints":{"allow":["GET"]}}],"collection":[{"href":"https:\/\/fabricehuggler.com\/index.php?rest_route=\/wp\/v2\/pages"}],"about":[{"href":"https:\/\/fabricehuggler.com\/index.php?rest_route=\/wp\/v2\/types\/page"}],"author":[{"embeddable":true,"href":"https:\/\/fabricehuggler.com\/index.php?rest_route=\/wp\/v2\/users\/1"}],"replies":[{"embeddable":true,"href":"https:\/\/fabricehuggler.com\/index.php?rest_route=%2Fwp%2Fv2%2Fcomments&post=1242"}],"version-history":[{"count":7,"href":"https:\/\/fabricehuggler.com\/index.php?rest_route=\/wp\/v2\/pages\/1242\/revisions"}],"predecessor-version":[{"id":1251,"href":"https:\/\/fabricehuggler.com\/index.php?rest_route=\/wp\/v2\/pages\/1242\/revisions\/1251"}],"wp:attachment":[{"href":"https:\/\/fabricehuggler.com\/index.php?rest_route=%2Fwp%2Fv2%2Fmedia&parent=1242"}],"curies":[{"name":"wp","href":"https:\/\/api.w.org\/{rel}","templated":true}]}}

<div class="inherit-container-width wp-block-group has-black-color has-white-background-color has-text-color has-background is-layout-constrained wp-container-core-group-is-layout-a52671cf wp-block-group-is-layout-constrained" style="padding-top:0;padding-right:0;padding-bottom:0;padding-left:0">
<div class="inherit-container-width wp-block-group has-black-color has-white-background-color has-text-color has-background is-layout-constrained wp-container-core-group-is-layout-f98b228d wp-block-group-is-layout-constrained" style="padding-top:var(--wp--preset--spacing--20);padding-right:var(--wp--preset--spacing--20);padding-bottom:var(--wp--preset--spacing--20);padding-left:var(--wp--preset--spacing--20)">
<div class="inherit-container-width wp-block-group is-layout-constrained wp-block-group-is-layout-constrained">
<div class="inherit-container-width wp-block-group is-layout-constrained wp-block-group-is-layout-constrained">
<p class="has-black-color has-white-background-color has-text-color has-background wp-block-paragraph" style="margin-top:var(--wp--preset--spacing--60);margin-right:var(--wp--preset--spacing--60);margin-bottom:var(--wp--preset--spacing--60);margin-left:var(--wp--preset--spacing--60);padding-top:0;padding-right:0;padding-bottom:0;padding-left:0"><strong>Quand ça vous est arrivé une fois, de dominer la parole, d’emporter la salle avec vous, ça vous arrive tout le temps ensuite. On prétend se faire un devoir de ne pas décevoir ces gens qui se sont déplacés pour vous entendre. Mais c’est un peu plus que ça, ça déborde un peu sur le meurtre de celui qui vient de vous juger&#8230;</strong></p>
</div>



<p class="has-black-color has-white-background-color has-text-color has-background wp-block-paragraph" style="margin-top:0;margin-right:0;margin-bottom:0;margin-left:0;padding-top:0;padding-right:0;padding-bottom:0;padding-left:0">En 2003, j&rsquo;ai créé, avec trois comédiens, un spectacle-lecture sur de courts textes de Marguerite Duras, tirés de : « Outside », « La Vie Matérielle » et « Outside 2 ou le Monde extérieur ». J&rsquo;ai envie aujourd&rsquo;hui de faire réentendre certains de ces textes, de les faire résonner dans une autre voix. J&rsquo;ai ainsi invité le comédien Gérard Guillaumat à se placer à son tour au plus près de ces livres, de cette écriture. Avec son immense expérience de conteur-lecteur, il nous démontrera certainement ce que Duras entendait lorsqu&rsquo;elle affirmait que les comédiens doivent « tenir le théâtre tout entier sous leurs yeux, regarder la salle et en même temps montrer ce qui se passe dans un théâtre lorsqu&rsquo;on raconte l&rsquo;histoire&#8230; »</p>



<p class="has-black-color has-white-background-color has-text-color has-background wp-block-paragraph" style="margin-top:var(--wp--preset--spacing--60);margin-right:var(--wp--preset--spacing--60);margin-bottom:var(--wp--preset--spacing--60);margin-left:var(--wp--preset--spacing--60);padding-top:0;padding-right:0;padding-bottom:0;padding-left:0">Dans le cadre du week-end de performances « Ex-Corpus » à Ex-Machina, pour renforcer l&rsquo;aspect performatif et le contact direct avec le public, j&rsquo;ai disposé un récipient transparent dans lequel se trouvaient les différents textes susceptibles d&rsquo;être lus. J&rsquo;invitais les spectateurs à se lever, tour à tour, pour piocher un texte au hasard et le confier à Gérard Guillaumat, le déroulement de ces lectures se faisait donc en direct et de façon totalement aléatoire.</p>
</div>
</div>
</div>

<p>Quand ça vous est arrivé une fois, de dominer la parole, d’emporter la salle avec vous, ça vous arrive tout le temps ensuite. On prétend se faire un devoir de ne pas décevoir ces gens qui se sont déplacés pour vous entendre. Mais c’est un peu plus que ça, ça déborde un peu sur le &hellip;</p>
<p class="read-more"> <a class="" href="https://fabricehuggler.com/?page_id=1242"> <span class="screen-reader-text">L&rsquo;autoroute de la parole 2 &#8211; Intentions</span> Lire la suite »</a></p>
