{"id":1508,"date":"2023-02-25T18:23:46","date_gmt":"2023-02-25T17:23:46","guid":{"rendered":"https:\/\/fabricehuggler.com\/?page_id=1508"},"modified":"2023-02-25T18:28:15","modified_gmt":"2023-02-25T17:28:15","slug":"calendrier-de-lavant","status":"publish","type":"page","link":"https:\/\/fabricehuggler.com\/?page_id=1508","title":{"rendered":"Calendrier de l&rsquo;avant"},"content":{"rendered":"\n<div class=\"wp-block-columns is-layout-flex wp-container-core-columns-is-layout-ce42b960 wp-block-columns-is-layout-flex\" style=\"padding-top:0;padding-right:0;padding-bottom:0;padding-left:0\">\n<div class=\"wp-block-column is-content-justification-left is-layout-constrained wp-container-core-column-is-layout-e68a9f1f wp-block-column-is-layout-constrained\" style=\"border-style:none;border-width:0px;padding-top:0;padding-right:0;padding-bottom:0;padding-left:0;flex-basis:100%\">\n<div class=\"alignnormal\"><div id=\"metaslider-id-1512\" style=\"max-width: 700px;\" class=\"ml-slider-3-28-3 metaslider metaslider-flex metaslider-1512 ml-slider ms-theme-jenga nav-hidden\">\n    <div id=\"metaslider_container_1512\">\n        <div id=\"metaslider_1512\">\n            <ul aria-live=\"polite\" class=\"slides\">\n                <li style=\"display: block; width: 100%;\" class=\"slide-1522 ms-image\"><img loading=\"lazy\" decoding=\"async\" width=\"640\" height=\"427\" src=\"https:\/\/fabricehuggler.com\/wp-content\/uploads\/2023\/02\/calendrierphoto1.jpg\" class=\"slider-1512 slide-1522\" alt=\"\" rel=\"\" title=\"calendrierphoto1\" srcset=\"https:\/\/fabricehuggler.com\/wp-content\/uploads\/2023\/02\/calendrierphoto1.jpg 640w, https:\/\/fabricehuggler.com\/wp-content\/uploads\/2023\/02\/calendrierphoto1-300x200.jpg 300w\" sizes=\"auto, (max-width: 640px) 100vw, 640px\" \/><\/li>\n                <li style=\"display: none; width: 100%;\" class=\"slide-1523 ms-image\"><img loading=\"lazy\" decoding=\"async\" width=\"640\" height=\"427\" src=\"https:\/\/fabricehuggler.com\/wp-content\/uploads\/2023\/02\/calendrierphoto2.jpg\" class=\"slider-1512 slide-1523\" alt=\"\" rel=\"\" title=\"calendrierphoto2\" srcset=\"https:\/\/fabricehuggler.com\/wp-content\/uploads\/2023\/02\/calendrierphoto2.jpg 640w, https:\/\/fabricehuggler.com\/wp-content\/uploads\/2023\/02\/calendrierphoto2-300x200.jpg 300w\" sizes=\"auto, (max-width: 640px) 100vw, 640px\" \/><\/li>\n                <li style=\"display: none; width: 100%;\" class=\"slide-1524 ms-image\"><img loading=\"lazy\" decoding=\"async\" width=\"640\" height=\"427\" src=\"https:\/\/fabricehuggler.com\/wp-content\/uploads\/2023\/02\/calendrierphoto3.jpg\" class=\"slider-1512 slide-1524\" alt=\"\" rel=\"\" title=\"calendrierphoto3\" srcset=\"https:\/\/fabricehuggler.com\/wp-content\/uploads\/2023\/02\/calendrierphoto3.jpg 640w, https:\/\/fabricehuggler.com\/wp-content\/uploads\/2023\/02\/calendrierphoto3-300x200.jpg 300w\" sizes=\"auto, (max-width: 640px) 100vw, 640px\" \/><\/li>\n                <li style=\"display: none; width: 100%;\" class=\"slide-1525 ms-image\"><img loading=\"lazy\" decoding=\"async\" width=\"640\" height=\"427\" src=\"https:\/\/fabricehuggler.com\/wp-content\/uploads\/2023\/02\/calendrierphoto4.jpg\" class=\"slider-1512 slide-1525\" alt=\"\" rel=\"\" title=\"calendrierphoto4\" srcset=\"https:\/\/fabricehuggler.com\/wp-content\/uploads\/2023\/02\/calendrierphoto4.jpg 640w, https:\/\/fabricehuggler.com\/wp-content\/uploads\/2023\/02\/calendrierphoto4-300x200.jpg 300w\" sizes=\"auto, (max-width: 640px) 100vw, 640px\" \/><\/li>\n                <li style=\"display: none; width: 100%;\" class=\"slide-1526 ms-image\"><img loading=\"lazy\" decoding=\"async\" width=\"640\" height=\"427\" src=\"https:\/\/fabricehuggler.com\/wp-content\/uploads\/2023\/02\/calendrierphoto5.jpg\" class=\"slider-1512 slide-1526\" alt=\"\" rel=\"\" title=\"calendrierphoto5\" srcset=\"https:\/\/fabricehuggler.com\/wp-content\/uploads\/2023\/02\/calendrierphoto5.jpg 640w, https:\/\/fabricehuggler.com\/wp-content\/uploads\/2023\/02\/calendrierphoto5-300x200.jpg 300w\" sizes=\"auto, (max-width: 640px) 100vw, 640px\" \/><\/li>\n                <li style=\"display: none; width: 100%;\" class=\"slide-1527 ms-image\"><img loading=\"lazy\" decoding=\"async\" width=\"640\" height=\"427\" src=\"https:\/\/fabricehuggler.com\/wp-content\/uploads\/2023\/02\/calendrierphoto6.jpg\" class=\"slider-1512 slide-1527\" alt=\"\" rel=\"\" title=\"calendrierphoto6\" srcset=\"https:\/\/fabricehuggler.com\/wp-content\/uploads\/2023\/02\/calendrierphoto6.jpg 640w, https:\/\/fabricehuggler.com\/wp-content\/uploads\/2023\/02\/calendrierphoto6-300x200.jpg 300w\" sizes=\"auto, (max-width: 640px) 100vw, 640px\" \/><\/li>\n                <li style=\"display: none; width: 100%;\" class=\"slide-1528 ms-image\"><img loading=\"lazy\" decoding=\"async\" width=\"640\" height=\"427\" src=\"https:\/\/fabricehuggler.com\/wp-content\/uploads\/2023\/02\/calendrierphoto7.jpg\" class=\"slider-1512 slide-1528\" alt=\"\" rel=\"\" title=\"calendrierphoto7\" srcset=\"https:\/\/fabricehuggler.com\/wp-content\/uploads\/2023\/02\/calendrierphoto7.jpg 640w, https:\/\/fabricehuggler.com\/wp-content\/uploads\/2023\/02\/calendrierphoto7-300x200.jpg 300w\" sizes=\"auto, (max-width: 640px) 100vw, 640px\" \/><\/li>\n                <li style=\"display: none; width: 100%;\" class=\"slide-1529 ms-image\"><img loading=\"lazy\" decoding=\"async\" width=\"640\" height=\"427\" src=\"https:\/\/fabricehuggler.com\/wp-content\/uploads\/2023\/02\/calendrierphoto8.jpg\" class=\"slider-1512 slide-1529\" alt=\"\" rel=\"\" title=\"calendrierphoto8\" srcset=\"https:\/\/fabricehuggler.com\/wp-content\/uploads\/2023\/02\/calendrierphoto8.jpg 640w, https:\/\/fabricehuggler.com\/wp-content\/uploads\/2023\/02\/calendrierphoto8-300x200.jpg 300w\" sizes=\"auto, (max-width: 640px) 100vw, 640px\" \/><\/li>\n                <li style=\"display: none; width: 100%;\" class=\"slide-1530 ms-image\"><img loading=\"lazy\" decoding=\"async\" width=\"640\" height=\"427\" src=\"https:\/\/fabricehuggler.com\/wp-content\/uploads\/2023\/02\/calendrierphoto9.jpg\" class=\"slider-1512 slide-1530\" alt=\"\" rel=\"\" title=\"calendrierphoto9\" srcset=\"https:\/\/fabricehuggler.com\/wp-content\/uploads\/2023\/02\/calendrierphoto9.jpg 640w, https:\/\/fabricehuggler.com\/wp-content\/uploads\/2023\/02\/calendrierphoto9-300x200.jpg 300w\" sizes=\"auto, (max-width: 640px) 100vw, 640px\" \/><\/li>\n            <\/ul>\n        <\/div>\n        \n    <\/div>\n<\/div><\/div>\n<\/div>\n\n\n\n<div class=\"wp-block-column is-layout-flow wp-block-column-is-layout-flow\" style=\"border-style:none;border-width:0px;padding-top:0;padding-right:0;padding-bottom:0;padding-left:0;flex-basis:66%\">\n<p class=\"wp-block-paragraph\" style=\"margin-top:0;margin-right:0;margin-bottom:0;margin-left:0;padding-top:0;padding-right:0;padding-bottom:0;padding-left:0;font-size:10px\">Interpr\u00e8te<\/p>\n\n\n\n<p class=\"wp-block-paragraph\" style=\"margin-top:0;margin-right:0;margin-bottom:0;margin-left:0;padding-top:0;padding-right:0;padding-bottom:0;padding-left:0;font-size:15px\">Didier Chiffelle<\/p>\n\n\n\n<p class=\"wp-block-paragraph\" style=\"margin-top:0;margin-right:0;margin-bottom:0;margin-left:0;padding-top:0;padding-right:0;padding-bottom:0;padding-left:0;font-size:10px\">Mise en sc\u00e8ne<\/p>\n\n\n\n<p class=\"wp-block-paragraph\" style=\"margin-top:0;margin-right:0;margin-bottom:0;margin-left:0;padding-top:0;padding-right:0;padding-bottom:0;padding-left:0;font-size:15px\">Fabrice Huggler<\/p>\n\n\n\n<p class=\"wp-block-paragraph\" style=\"margin-top:0;margin-right:0;margin-bottom:0;margin-left:0;padding-top:0;padding-right:0;padding-bottom:0;padding-left:0;font-size:10px\">Texte<\/p>\n\n\n\n<p class=\"wp-block-paragraph\" style=\"margin-top:0;margin-right:0;margin-bottom:0;margin-left:0;padding-top:0;padding-right:0;padding-bottom:0;padding-left:0;font-size:15px\">Plonk et Replonk<\/p>\n\n\n\n<p class=\"wp-block-paragraph\" style=\"margin-top:0;margin-right:0;margin-bottom:0;margin-left:0;padding-top:0;padding-right:0;padding-bottom:0;padding-left:0;font-size:10px\">Sc\u00e9nographie et id\u00e9e originale<\/p>\n\n\n\n<p class=\"wp-block-paragraph\" style=\"margin-top:0;margin-right:0;margin-bottom:0;margin-left:0;padding-top:0;padding-right:0;padding-bottom:0;padding-left:0;font-size:15px\">Sandra M\u00fcller<\/p>\n\n\n\n<p class=\"wp-block-paragraph\" style=\"margin-top:0;margin-right:0;margin-bottom:0;margin-left:0;padding-top:0;padding-right:0;padding-bottom:0;padding-left:0;font-size:10px\">Repr\u00e9sentations<\/p>\n\n\n\n<p class=\"wp-block-paragraph\" style=\"margin-top:0;margin-right:0;margin-bottom:0;margin-left:0;padding-top:0;padding-right:0;padding-bottom:0;padding-left:0;font-size:15px\">1 au 24 d\u00e9cembre 2004<br>Parc Gallet, La Chaux-de-Fonds<\/p>\n<\/div>\n<\/div>\n\n\n\n<div class=\"inherit-container-width wp-block-group is-layout-constrained wp-container-core-group-is-layout-a6f1d9a5 wp-block-group-is-layout-constrained\" style=\"padding-top:0;padding-right:0;padding-bottom:0;padding-left:0\"><\/div>\n\n\n\n<div class=\"inherit-container-width wp-block-group has-small-font-size is-layout-constrained wp-container-core-group-is-layout-10556665 wp-block-group-is-layout-constrained\" style=\"padding-top:0;padding-right:0;padding-bottom:0;padding-left:0\"><\/div>\n","protected":false},"excerpt":{"rendered":"<p>Interpr\u00e8te Didier Chiffelle Mise en sc\u00e8ne Fabrice Huggler Texte Plonk et Replonk Sc\u00e9nographie et id\u00e9e originale Sandra M\u00fcller Repr\u00e9sentations 1 au 24 d\u00e9cembre 2004Parc Gallet, La Chaux-de-Fonds<\/p>\n","protected":false},"author":1,"featured_media":0,"parent":0,"menu_order":0,"comment_status":"closed","ping_status":"closed","template":"","meta":{"site-sidebar-layout":"default","site-content-layout":"default","ast-global-header-display":"","ast-main-header-display":"","ast-hfb-above-header-display":"","ast-hfb-below-header-display":"","ast-hfb-mobile-header-display":"","site-post-title":"","ast-breadcrumbs-content":"","ast-featured-img":"","footer-sml-layout":"","theme-transparent-header-meta":"","adv-header-id-meta":"","stick-header-meta":"","header-above-stick-meta":"","header-main-stick-meta":"","header-below-stick-meta":"","footnotes":""},"class_list":["post-1508","page","type-page","status-publish","hentry"],"_links":{"self":[{"href":"https:\/\/fabricehuggler.com\/index.php?rest_route=\/wp\/v2\/pages\/1508","targetHints":{"allow":["GET"]}}],"collection":[{"href":"https:\/\/fabricehuggler.com\/index.php?rest_route=\/wp\/v2\/pages"}],"about":[{"href":"https:\/\/fabricehuggler.com\/index.php?rest_route=\/wp\/v2\/types\/page"}],"author":[{"embeddable":true,"href":"https:\/\/fabricehuggler.com\/index.php?rest_route=\/wp\/v2\/users\/1"}],"replies":[{"embeddable":true,"href":"https:\/\/fabricehuggler.com\/index.php?rest_route=%2Fwp%2Fv2%2Fcomments&post=1508"}],"version-history":[{"count":5,"href":"https:\/\/fabricehuggler.com\/index.php?rest_route=\/wp\/v2\/pages\/1508\/revisions"}],"predecessor-version":[{"id":1534,"href":"https:\/\/fabricehuggler.com\/index.php?rest_route=\/wp\/v2\/pages\/1508\/revisions\/1534"}],"wp:attachment":[{"href":"https:\/\/fabricehuggler.com\/index.php?rest_route=%2Fwp%2Fv2%2Fmedia&parent=1508"}],"curies":[{"name":"wp","href":"https:\/\/api.w.org\/{rel}","templated":true}]}}

<div class="wp-block-columns is-layout-flex wp-container-core-columns-is-layout-ce42b960 wp-block-columns-is-layout-flex" style="padding-top:0;padding-right:0;padding-bottom:0;padding-left:0">
<div class="wp-block-column is-content-justification-left is-layout-constrained wp-container-core-column-is-layout-e68a9f1f wp-block-column-is-layout-constrained" style="border-style:none;border-width:0px;padding-top:0;padding-right:0;padding-bottom:0;padding-left:0;flex-basis:100%">
<div class="alignnormal"><div id="metaslider-id-1512" style="max-width: 700px;" class="ml-slider-3-28-3 metaslider metaslider-flex metaslider-1512 ml-slider ms-theme-jenga nav-hidden">
    <div id="metaslider_container_1512">
        <div id="metaslider_1512">
            <ul aria-live="polite" class="slides">
                <li style="display: block; width: 100%;" class="slide-1522 ms-image"><img loading="lazy" decoding="async" width="640" height="427" src="https://fabricehuggler.com/wp-content/uploads/2023/02/calendrierphoto1.jpg" class="slider-1512 slide-1522" alt="" rel="" title="calendrierphoto1" srcset="https://fabricehuggler.com/wp-content/uploads/2023/02/calendrierphoto1.jpg 640w, https://fabricehuggler.com/wp-content/uploads/2023/02/calendrierphoto1-300x200.jpg 300w" sizes="auto, (max-width: 640px) 100vw, 640px" /></li>
                <li style="display: none; width: 100%;" class="slide-1523 ms-image"><img loading="lazy" decoding="async" width="640" height="427" src="https://fabricehuggler.com/wp-content/uploads/2023/02/calendrierphoto2.jpg" class="slider-1512 slide-1523" alt="" rel="" title="calendrierphoto2" srcset="https://fabricehuggler.com/wp-content/uploads/2023/02/calendrierphoto2.jpg 640w, https://fabricehuggler.com/wp-content/uploads/2023/02/calendrierphoto2-300x200.jpg 300w" sizes="auto, (max-width: 640px) 100vw, 640px" /></li>
                <li style="display: none; width: 100%;" class="slide-1524 ms-image"><img loading="lazy" decoding="async" width="640" height="427" src="https://fabricehuggler.com/wp-content/uploads/2023/02/calendrierphoto3.jpg" class="slider-1512 slide-1524" alt="" rel="" title="calendrierphoto3" srcset="https://fabricehuggler.com/wp-content/uploads/2023/02/calendrierphoto3.jpg 640w, https://fabricehuggler.com/wp-content/uploads/2023/02/calendrierphoto3-300x200.jpg 300w" sizes="auto, (max-width: 640px) 100vw, 640px" /></li>
                <li style="display: none; width: 100%;" class="slide-1525 ms-image"><img loading="lazy" decoding="async" width="640" height="427" src="https://fabricehuggler.com/wp-content/uploads/2023/02/calendrierphoto4.jpg" class="slider-1512 slide-1525" alt="" rel="" title="calendrierphoto4" srcset="https://fabricehuggler.com/wp-content/uploads/2023/02/calendrierphoto4.jpg 640w, https://fabricehuggler.com/wp-content/uploads/2023/02/calendrierphoto4-300x200.jpg 300w" sizes="auto, (max-width: 640px) 100vw, 640px" /></li>
                <li style="display: none; width: 100%;" class="slide-1526 ms-image"><img loading="lazy" decoding="async" width="640" height="427" src="https://fabricehuggler.com/wp-content/uploads/2023/02/calendrierphoto5.jpg" class="slider-1512 slide-1526" alt="" rel="" title="calendrierphoto5" srcset="https://fabricehuggler.com/wp-content/uploads/2023/02/calendrierphoto5.jpg 640w, https://fabricehuggler.com/wp-content/uploads/2023/02/calendrierphoto5-300x200.jpg 300w" sizes="auto, (max-width: 640px) 100vw, 640px" /></li>
                <li style="display: none; width: 100%;" class="slide-1527 ms-image"><img loading="lazy" decoding="async" width="640" height="427" src="https://fabricehuggler.com/wp-content/uploads/2023/02/calendrierphoto6.jpg" class="slider-1512 slide-1527" alt="" rel="" title="calendrierphoto6" srcset="https://fabricehuggler.com/wp-content/uploads/2023/02/calendrierphoto6.jpg 640w, https://fabricehuggler.com/wp-content/uploads/2023/02/calendrierphoto6-300x200.jpg 300w" sizes="auto, (max-width: 640px) 100vw, 640px" /></li>
                <li style="display: none; width: 100%;" class="slide-1528 ms-image"><img loading="lazy" decoding="async" width="640" height="427" src="https://fabricehuggler.com/wp-content/uploads/2023/02/calendrierphoto7.jpg" class="slider-1512 slide-1528" alt="" rel="" title="calendrierphoto7" srcset="https://fabricehuggler.com/wp-content/uploads/2023/02/calendrierphoto7.jpg 640w, https://fabricehuggler.com/wp-content/uploads/2023/02/calendrierphoto7-300x200.jpg 300w" sizes="auto, (max-width: 640px) 100vw, 640px" /></li>
                <li style="display: none; width: 100%;" class="slide-1529 ms-image"><img loading="lazy" decoding="async" width="640" height="427" src="https://fabricehuggler.com/wp-content/uploads/2023/02/calendrierphoto8.jpg" class="slider-1512 slide-1529" alt="" rel="" title="calendrierphoto8" srcset="https://fabricehuggler.com/wp-content/uploads/2023/02/calendrierphoto8.jpg 640w, https://fabricehuggler.com/wp-content/uploads/2023/02/calendrierphoto8-300x200.jpg 300w" sizes="auto, (max-width: 640px) 100vw, 640px" /></li>
                <li style="display: none; width: 100%;" class="slide-1530 ms-image"><img loading="lazy" decoding="async" width="640" height="427" src="https://fabricehuggler.com/wp-content/uploads/2023/02/calendrierphoto9.jpg" class="slider-1512 slide-1530" alt="" rel="" title="calendrierphoto9" srcset="https://fabricehuggler.com/wp-content/uploads/2023/02/calendrierphoto9.jpg 640w, https://fabricehuggler.com/wp-content/uploads/2023/02/calendrierphoto9-300x200.jpg 300w" sizes="auto, (max-width: 640px) 100vw, 640px" /></li>
            </ul>
        </div>
        
    </div>
</div></div>
</div>



<div class="wp-block-column is-layout-flow wp-block-column-is-layout-flow" style="border-style:none;border-width:0px;padding-top:0;padding-right:0;padding-bottom:0;padding-left:0;flex-basis:66%">
<p class="wp-block-paragraph" style="margin-top:0;margin-right:0;margin-bottom:0;margin-left:0;padding-top:0;padding-right:0;padding-bottom:0;padding-left:0;font-size:10px">Interprète</p>



<p class="wp-block-paragraph" style="margin-top:0;margin-right:0;margin-bottom:0;margin-left:0;padding-top:0;padding-right:0;padding-bottom:0;padding-left:0;font-size:15px">Didier Chiffelle</p>



<p class="wp-block-paragraph" style="margin-top:0;margin-right:0;margin-bottom:0;margin-left:0;padding-top:0;padding-right:0;padding-bottom:0;padding-left:0;font-size:10px">Mise en scène</p>



<p class="wp-block-paragraph" style="margin-top:0;margin-right:0;margin-bottom:0;margin-left:0;padding-top:0;padding-right:0;padding-bottom:0;padding-left:0;font-size:15px">Fabrice Huggler</p>



<p class="wp-block-paragraph" style="margin-top:0;margin-right:0;margin-bottom:0;margin-left:0;padding-top:0;padding-right:0;padding-bottom:0;padding-left:0;font-size:10px">Texte</p>



<p class="wp-block-paragraph" style="margin-top:0;margin-right:0;margin-bottom:0;margin-left:0;padding-top:0;padding-right:0;padding-bottom:0;padding-left:0;font-size:15px">Plonk et Replonk</p>



<p class="wp-block-paragraph" style="margin-top:0;margin-right:0;margin-bottom:0;margin-left:0;padding-top:0;padding-right:0;padding-bottom:0;padding-left:0;font-size:10px">Scénographie et idée originale</p>



<p class="wp-block-paragraph" style="margin-top:0;margin-right:0;margin-bottom:0;margin-left:0;padding-top:0;padding-right:0;padding-bottom:0;padding-left:0;font-size:15px">Sandra Müller</p>



<p class="wp-block-paragraph" style="margin-top:0;margin-right:0;margin-bottom:0;margin-left:0;padding-top:0;padding-right:0;padding-bottom:0;padding-left:0;font-size:10px">Représentations</p>



<p class="wp-block-paragraph" style="margin-top:0;margin-right:0;margin-bottom:0;margin-left:0;padding-top:0;padding-right:0;padding-bottom:0;padding-left:0;font-size:15px">1 au 24 décembre 2004<br>Parc Gallet, La Chaux-de-Fonds</p>
</div>
</div>



<div class="inherit-container-width wp-block-group is-layout-constrained wp-container-core-group-is-layout-a6f1d9a5 wp-block-group-is-layout-constrained" style="padding-top:0;padding-right:0;padding-bottom:0;padding-left:0"></div>



<div class="inherit-container-width wp-block-group has-small-font-size is-layout-constrained wp-container-core-group-is-layout-10556665 wp-block-group-is-layout-constrained" style="padding-top:0;padding-right:0;padding-bottom:0;padding-left:0"></div>

<p>Interprète Didier Chiffelle Mise en scène Fabrice Huggler Texte Plonk et Replonk Scénographie et idée originale Sandra Müller Représentations 1 au 24 décembre 2004Parc Gallet, La Chaux-de-Fonds</p>
