{"id":1553,"date":"2023-02-25T18:34:50","date_gmt":"2023-02-25T17:34:50","guid":{"rendered":"https:\/\/fabricehuggler.com\/?page_id=1553"},"modified":"2023-02-25T18:37:33","modified_gmt":"2023-02-25T17:37:33","slug":"lautoroute-de-la-parole-1-intentions","status":"publish","type":"page","link":"https:\/\/fabricehuggler.com\/?page_id=1553","title":{"rendered":"L&rsquo;autoroute de la parole 1 &#8211; Intentions"},"content":{"rendered":"\n<div class=\"inherit-container-width wp-block-group has-black-color has-white-background-color has-text-color has-background is-layout-constrained wp-container-core-group-is-layout-a52671cf wp-block-group-is-layout-constrained\" style=\"padding-top:0;padding-right:0;padding-bottom:0;padding-left:0\">\n<div class=\"inherit-container-width wp-block-group has-black-color has-white-background-color has-text-color has-background is-layout-constrained wp-container-core-group-is-layout-f98b228d wp-block-group-is-layout-constrained\" style=\"padding-top:var(--wp--preset--spacing--20);padding-right:var(--wp--preset--spacing--20);padding-bottom:var(--wp--preset--spacing--20);padding-left:var(--wp--preset--spacing--20)\">\n<div class=\"inherit-container-width wp-block-group is-layout-constrained wp-block-group-is-layout-constrained\">\n<div class=\"inherit-container-width wp-block-group is-layout-constrained wp-block-group-is-layout-constrained\">\n<p class=\"has-black-color has-white-background-color has-text-color has-background wp-block-paragraph\" style=\"margin-top:var(--wp--preset--spacing--60);margin-right:var(--wp--preset--spacing--60);margin-bottom:var(--wp--preset--spacing--60);margin-left:var(--wp--preset--spacing--60);padding-top:0;padding-right:0;padding-bottom:0;padding-left:0\"><strong>Je demande : Mais les grands corps des personnages de Racine, d\u00e9faillants de d\u00e9sir, est-ce que vous les avez vus s&rsquo;avancer vers vous? Il me dit non. Il me demande : Et vous? Les avez-vous vus? Je dis oui. Et o\u00f9? Je dis : Dans ma chambre la nuit, tout \u00e0 coup, au son fabuleux de la lecture, en cadence, ils sortent du noir et traversent le temps.<\/strong><\/p>\n<\/div>\n\n\n\n<p class=\"has-black-color has-white-background-color has-text-color has-background wp-block-paragraph\" style=\"margin-top:var(--wp--preset--spacing--60);margin-right:var(--wp--preset--spacing--60);margin-bottom:var(--wp--preset--spacing--60);margin-left:var(--wp--preset--spacing--60);padding-top:0;padding-right:0;padding-bottom:0;padding-left:0\">Avec ce spectacle-lecture, je me suis plong\u00e9 pour la deuxi\u00e8me fois dans l&rsquo;oeuvre de Marguerite Duras. Mais cette fois-ci, au lieu de partir d&rsquo;une oeuvre \u00e0 part enti\u00e8re, j&rsquo;ai construit ce spectacle sur un choix de courts textes, tir\u00e9s de trois ouvrages : \u00ab\u00a0Outside\u00a0\u00bb, \u00ab\u00a0La Vie Mat\u00e9rielle\u00a0\u00bb et \u00ab\u00a0Outside 2 ou le Monde ext\u00e9rieur\u00a0\u00bb. J&rsquo;ai cherch\u00e9 \u00e0 imaginer avec ces textes un parcours \u00e0 la fois coh\u00e9rent et diversifi\u00e9. On y d\u00e9couvre une \u00e9criture personnelle, qui n&rsquo;en laisse pas moins place aux pens\u00e9es multiples. Cette parole \u00e0 la fois individuelle et plurielle est un terrain propice \u00e0 une lecture-spectacle \u00e0 trois voix. <\/p>\n\n\n\n<p class=\"has-black-color has-white-background-color has-text-color has-background wp-block-paragraph\" style=\"margin-top:var(--wp--preset--spacing--60);margin-right:var(--wp--preset--spacing--60);margin-bottom:var(--wp--preset--spacing--60);margin-left:var(--wp--preset--spacing--60);padding-top:0;padding-right:0;padding-bottom:0;padding-left:0\">Les textes choisis traitent principalement des probl\u00e8mes li\u00e9s au langage, \u00e0 l&rsquo;\u00e9crit, \u00e0 la litt\u00e9rature, au th\u00e9\u00e2tre, \u00e0 la t\u00e9l\u00e9vision et aux in\u00e9galit\u00e9s sociales li\u00e9es \u00e0 ces moyens de communication. Ces textes, tous provoqu\u00e9s par le dehors, et pens\u00e9s pour le dehors, se pr\u00eatent particuli\u00e8rement \u00e0 \u00eatre dits. Avec ce projet, j&rsquo;ai eu confirmation que parfois la puissance des acteurs \u00e9clate lorsqu&rsquo;ils se placent au plus pr\u00e8s du livre, de son \u00e9criture, et, comme le dit Marguerite Duras, qu&rsquo;ils peuvent alors tenir le th\u00e9\u00e2tre tout entier sous leurs yeux, regarder la salle et en m\u00eame temps montrer ce qui se passe dans un th\u00e9\u00e2tre lorsqu&rsquo;on raconte l&rsquo;histoire&#8230;<\/p>\n<\/div>\n<\/div>\n<\/div>\n","protected":false},"excerpt":{"rendered":"<p>Je demande : Mais les grands corps des personnages de Racine, d\u00e9faillants de d\u00e9sir, est-ce que vous les avez vus s&rsquo;avancer vers vous? Il me dit non. Il me demande : Et vous? Les avez-vous vus? Je dis oui. Et o\u00f9? Je dis : Dans ma chambre la nuit, tout \u00e0 coup, au son fabuleux &hellip;<\/p>\n<p class=\"read-more\"> <a class=\"\" href=\"https:\/\/fabricehuggler.com\/?page_id=1553\"> <span class=\"screen-reader-text\">L&rsquo;autoroute de la parole 1 &#8211; Intentions<\/span> Lire la suite\u00a0\u00bb<\/a><\/p>\n","protected":false},"author":1,"featured_media":0,"parent":0,"menu_order":0,"comment_status":"closed","ping_status":"closed","template":"","meta":{"site-sidebar-layout":"default","site-content-layout":"default","ast-global-header-display":"","ast-main-header-display":"","ast-hfb-above-header-display":"","ast-hfb-below-header-display":"","ast-hfb-mobile-header-display":"","site-post-title":"","ast-breadcrumbs-content":"","ast-featured-img":"","footer-sml-layout":"","theme-transparent-header-meta":"","adv-header-id-meta":"","stick-header-meta":"","header-above-stick-meta":"","header-main-stick-meta":"","header-below-stick-meta":"","footnotes":""},"class_list":["post-1553","page","type-page","status-publish","hentry"],"_links":{"self":[{"href":"https:\/\/fabricehuggler.com\/index.php?rest_route=\/wp\/v2\/pages\/1553","targetHints":{"allow":["GET"]}}],"collection":[{"href":"https:\/\/fabricehuggler.com\/index.php?rest_route=\/wp\/v2\/pages"}],"about":[{"href":"https:\/\/fabricehuggler.com\/index.php?rest_route=\/wp\/v2\/types\/page"}],"author":[{"embeddable":true,"href":"https:\/\/fabricehuggler.com\/index.php?rest_route=\/wp\/v2\/users\/1"}],"replies":[{"embeddable":true,"href":"https:\/\/fabricehuggler.com\/index.php?rest_route=%2Fwp%2Fv2%2Fcomments&post=1553"}],"version-history":[{"count":3,"href":"https:\/\/fabricehuggler.com\/index.php?rest_route=\/wp\/v2\/pages\/1553\/revisions"}],"predecessor-version":[{"id":1558,"href":"https:\/\/fabricehuggler.com\/index.php?rest_route=\/wp\/v2\/pages\/1553\/revisions\/1558"}],"wp:attachment":[{"href":"https:\/\/fabricehuggler.com\/index.php?rest_route=%2Fwp%2Fv2%2Fmedia&parent=1553"}],"curies":[{"name":"wp","href":"https:\/\/api.w.org\/{rel}","templated":true}]}}

<div class="inherit-container-width wp-block-group has-black-color has-white-background-color has-text-color has-background is-layout-constrained wp-container-core-group-is-layout-a52671cf wp-block-group-is-layout-constrained" style="padding-top:0;padding-right:0;padding-bottom:0;padding-left:0">
<div class="inherit-container-width wp-block-group has-black-color has-white-background-color has-text-color has-background is-layout-constrained wp-container-core-group-is-layout-f98b228d wp-block-group-is-layout-constrained" style="padding-top:var(--wp--preset--spacing--20);padding-right:var(--wp--preset--spacing--20);padding-bottom:var(--wp--preset--spacing--20);padding-left:var(--wp--preset--spacing--20)">
<div class="inherit-container-width wp-block-group is-layout-constrained wp-block-group-is-layout-constrained">
<div class="inherit-container-width wp-block-group is-layout-constrained wp-block-group-is-layout-constrained">
<p class="has-black-color has-white-background-color has-text-color has-background wp-block-paragraph" style="margin-top:var(--wp--preset--spacing--60);margin-right:var(--wp--preset--spacing--60);margin-bottom:var(--wp--preset--spacing--60);margin-left:var(--wp--preset--spacing--60);padding-top:0;padding-right:0;padding-bottom:0;padding-left:0"><strong>Je demande : Mais les grands corps des personnages de Racine, défaillants de désir, est-ce que vous les avez vus s&rsquo;avancer vers vous? Il me dit non. Il me demande : Et vous? Les avez-vous vus? Je dis oui. Et où? Je dis : Dans ma chambre la nuit, tout à coup, au son fabuleux de la lecture, en cadence, ils sortent du noir et traversent le temps.</strong></p>
</div>



<p class="has-black-color has-white-background-color has-text-color has-background wp-block-paragraph" style="margin-top:var(--wp--preset--spacing--60);margin-right:var(--wp--preset--spacing--60);margin-bottom:var(--wp--preset--spacing--60);margin-left:var(--wp--preset--spacing--60);padding-top:0;padding-right:0;padding-bottom:0;padding-left:0">Avec ce spectacle-lecture, je me suis plongé pour la deuxième fois dans l&rsquo;oeuvre de Marguerite Duras. Mais cette fois-ci, au lieu de partir d&rsquo;une oeuvre à part entière, j&rsquo;ai construit ce spectacle sur un choix de courts textes, tirés de trois ouvrages : « Outside », « La Vie Matérielle » et « Outside 2 ou le Monde extérieur ». J&rsquo;ai cherché à imaginer avec ces textes un parcours à la fois cohérent et diversifié. On y découvre une écriture personnelle, qui n&rsquo;en laisse pas moins place aux pensées multiples. Cette parole à la fois individuelle et plurielle est un terrain propice à une lecture-spectacle à trois voix. </p>



<p class="has-black-color has-white-background-color has-text-color has-background wp-block-paragraph" style="margin-top:var(--wp--preset--spacing--60);margin-right:var(--wp--preset--spacing--60);margin-bottom:var(--wp--preset--spacing--60);margin-left:var(--wp--preset--spacing--60);padding-top:0;padding-right:0;padding-bottom:0;padding-left:0">Les textes choisis traitent principalement des problèmes liés au langage, à l&rsquo;écrit, à la littérature, au théâtre, à la télévision et aux inégalités sociales liées à ces moyens de communication. Ces textes, tous provoqués par le dehors, et pensés pour le dehors, se prêtent particulièrement à être dits. Avec ce projet, j&rsquo;ai eu confirmation que parfois la puissance des acteurs éclate lorsqu&rsquo;ils se placent au plus près du livre, de son écriture, et, comme le dit Marguerite Duras, qu&rsquo;ils peuvent alors tenir le théâtre tout entier sous leurs yeux, regarder la salle et en même temps montrer ce qui se passe dans un théâtre lorsqu&rsquo;on raconte l&rsquo;histoire&#8230;</p>
</div>
</div>
</div>

<p>Je demande : Mais les grands corps des personnages de Racine, défaillants de désir, est-ce que vous les avez vus s&rsquo;avancer vers vous? Il me dit non. Il me demande : Et vous? Les avez-vous vus? Je dis oui. Et où? Je dis : Dans ma chambre la nuit, tout à coup, au son fabuleux &hellip;</p>
<p class="read-more"> <a class="" href="https://fabricehuggler.com/?page_id=1553"> <span class="screen-reader-text">L&rsquo;autoroute de la parole 1 &#8211; Intentions</span> Lire la suite »</a></p>
