{"id":1603,"date":"2023-02-26T12:14:53","date_gmt":"2023-02-26T11:14:53","guid":{"rendered":"https:\/\/fabricehuggler.com\/?page_id=1603"},"modified":"2023-02-26T12:21:49","modified_gmt":"2023-02-26T11:21:49","slug":"autobiographies","status":"publish","type":"page","link":"https:\/\/fabricehuggler.com\/?page_id=1603","title":{"rendered":"Autobiographies"},"content":{"rendered":"\n<div class=\"wp-block-columns is-layout-flex wp-container-core-columns-is-layout-ce42b960 wp-block-columns-is-layout-flex\" style=\"padding-top:0;padding-right:0;padding-bottom:0;padding-left:0\">\n<div class=\"wp-block-column is-content-justification-left is-layout-constrained wp-container-core-column-is-layout-e68a9f1f wp-block-column-is-layout-constrained\" style=\"border-style:none;border-width:0px;padding-top:0;padding-right:0;padding-bottom:0;padding-left:0;flex-basis:100%\">\n<div class=\"alignnormal\"><div id=\"metaslider-id-1607\" style=\"max-width: 700px;\" class=\"ml-slider-3-28-3 metaslider metaslider-flex metaslider-1607 ml-slider ms-theme-jenga nav-hidden\">\n    <div id=\"metaslider_container_1607\">\n        <div id=\"metaslider_1607\">\n            <ul aria-live=\"polite\" class=\"slides\">\n                <li style=\"display: block; width: 100%;\" class=\"slide-1633 ms-image\"><img loading=\"lazy\" decoding=\"async\" width=\"640\" height=\"320\" src=\"https:\/\/fabricehuggler.com\/wp-content\/uploads\/2023\/02\/autobiophoto1-1.jpg\" class=\"slider-1607 slide-1633\" alt=\"\" rel=\"\" title=\"autobiophoto1\" srcset=\"https:\/\/fabricehuggler.com\/wp-content\/uploads\/2023\/02\/autobiophoto1-1.jpg 640w, https:\/\/fabricehuggler.com\/wp-content\/uploads\/2023\/02\/autobiophoto1-1-300x150.jpg 300w\" sizes=\"auto, (max-width: 640px) 100vw, 640px\" \/><\/li>\n                <li style=\"display: none; width: 100%;\" class=\"slide-1634 ms-image\"><img loading=\"lazy\" decoding=\"async\" width=\"640\" height=\"323\" src=\"https:\/\/fabricehuggler.com\/wp-content\/uploads\/2023\/02\/autobiophoto2-1.jpg\" class=\"slider-1607 slide-1634\" alt=\"\" rel=\"\" title=\"autobiophoto2\" srcset=\"https:\/\/fabricehuggler.com\/wp-content\/uploads\/2023\/02\/autobiophoto2-1.jpg 640w, https:\/\/fabricehuggler.com\/wp-content\/uploads\/2023\/02\/autobiophoto2-1-300x151.jpg 300w\" sizes=\"auto, (max-width: 640px) 100vw, 640px\" \/><\/li>\n                <li style=\"display: none; width: 100%;\" class=\"slide-1635 ms-image\"><img loading=\"lazy\" decoding=\"async\" width=\"640\" height=\"334\" src=\"https:\/\/fabricehuggler.com\/wp-content\/uploads\/2023\/02\/autobiophoto3-1.jpg\" class=\"slider-1607 slide-1635\" alt=\"\" rel=\"\" title=\"autobiophoto3\" srcset=\"https:\/\/fabricehuggler.com\/wp-content\/uploads\/2023\/02\/autobiophoto3-1.jpg 640w, https:\/\/fabricehuggler.com\/wp-content\/uploads\/2023\/02\/autobiophoto3-1-300x157.jpg 300w\" sizes=\"auto, (max-width: 640px) 100vw, 640px\" \/><\/li>\n            <\/ul>\n        <\/div>\n        \n    <\/div>\n<\/div><\/div>\n<\/div>\n\n\n\n<div class=\"wp-block-column is-layout-flow wp-block-column-is-layout-flow\" style=\"border-style:none;border-width:0px;padding-top:0;padding-right:0;padding-bottom:0;padding-left:0;flex-basis:66%\">\n<p class=\"wp-block-paragraph\" style=\"margin-top:0;margin-right:0;margin-bottom:0;margin-left:0;padding-top:0;padding-right:0;padding-bottom:0;padding-left:0;font-size:10px\">Interpr\u00e8te<\/p>\n\n\n\n<p class=\"wp-block-paragraph\" style=\"margin-top:0;margin-right:0;margin-bottom:0;margin-left:0;padding-top:0;padding-right:0;padding-bottom:0;padding-left:0;font-size:15px\">Philippe Vuilleumier<\/p>\n\n\n\n<p class=\"wp-block-paragraph\" style=\"margin-top:0;margin-right:0;margin-bottom:0;margin-left:0;padding-top:0;padding-right:0;padding-bottom:0;padding-left:0;font-size:10px\">Conception et mise en sc\u00e8ne<\/p>\n\n\n\n<p class=\"wp-block-paragraph\" style=\"margin-top:0;margin-right:0;margin-bottom:0;margin-left:0;padding-top:0;padding-right:0;padding-bottom:0;padding-left:0;font-size:15px\">Fabrice Huggler<\/p>\n\n\n\n<p class=\"wp-block-paragraph\" style=\"margin-top:0;margin-right:0;margin-bottom:0;margin-left:0;padding-top:0;padding-right:0;padding-bottom:0;padding-left:0;font-size:10px\">Textes<\/p>\n\n\n\n<p class=\"wp-block-paragraph\" style=\"margin-top:0;margin-right:0;margin-bottom:0;margin-left:0;padding-top:0;padding-right:0;padding-bottom:0;padding-left:0;font-size:15px\">Luc Ferrari<\/p>\n\n\n\n<p class=\"wp-block-paragraph\" style=\"margin-top:0;margin-right:0;margin-bottom:0;margin-left:0;padding-top:0;padding-right:0;padding-bottom:0;padding-left:0;font-size:10px\">Vid\u00e9o<\/p>\n\n\n\n<p class=\"wp-block-paragraph\" style=\"margin-top:0;margin-right:0;margin-bottom:0;margin-left:0;padding-top:0;padding-right:0;padding-bottom:0;padding-left:0;font-size:15px\">Cyril Macq<\/p>\n\n\n\n<p class=\"wp-block-paragraph\" style=\"margin-top:0;margin-right:0;margin-bottom:0;margin-left:0;padding-top:0;padding-right:0;padding-bottom:0;padding-left:0;font-size:10px\">Repr\u00e9sentations<\/p>\n\n\n\n<p class=\"wp-block-paragraph\" style=\"margin-top:0;margin-right:0;margin-bottom:0;margin-left:0;padding-top:0;padding-right:0;padding-bottom:0;padding-left:0;font-size:15px\">18 mai 2003<br>Centre d&rsquo;Art, Neuch\u00e2tel<\/p>\n\n\n\n<p class=\"wp-block-paragraph\" style=\"margin-top:0;margin-right:0;margin-bottom:0;margin-left:0;padding-top:0;padding-right:0;padding-bottom:0;padding-left:0;font-size:15px\">22 mai 2003<br>Th\u00e9\u00e2tre ABC, La Chaux-de-Fonds<\/p>\n<\/div>\n<\/div>\n\n\n\n<div class=\"inherit-container-width wp-block-group is-layout-constrained wp-container-core-group-is-layout-a6f1d9a5 wp-block-group-is-layout-constrained\" style=\"padding-top:0;padding-right:0;padding-bottom:0;padding-left:0\">\n<p class=\"has-text-align-right has-white-color has-black-background-color has-text-color has-background has-link-color has-small-font-size wp-elements-1 wp-block-paragraph\" style=\"margin-top:var(--wp--preset--spacing--60);margin-right:var(--wp--preset--spacing--60);margin-bottom:var(--wp--preset--spacing--60);margin-left:var(--wp--preset--spacing--60);padding-top:0;padding-right:0;padding-bottom:0;padding-left:0;font-style:normal;font-weight:100\"><a href=\"https:\/\/fabricehuggler.com\/?page_id=1618\">Cliquer ici pour lire la note d&rsquo;intentions<\/a><\/p>\n<\/div>\n\n\n\n<div class=\"inherit-container-width wp-block-group has-small-font-size is-layout-constrained wp-container-core-group-is-layout-10556665 wp-block-group-is-layout-constrained\" style=\"padding-top:0;padding-right:0;padding-bottom:0;padding-left:0\">\n<p class=\"has-text-align-right has-white-color has-black-background-color has-text-color has-background has-link-color has-small-font-size wp-elements-2 wp-block-paragraph\" style=\"margin-top:var(--wp--preset--spacing--60);margin-right:var(--wp--preset--spacing--60);margin-bottom:var(--wp--preset--spacing--60);margin-left:var(--wp--preset--spacing--60);padding-top:0;padding-right:0;padding-bottom:0;padding-left:0\"><a href=\"https:\/\/fabricehuggler.com\/?page_id=1621\">Cliquer ici pour lire des extraits de presse<\/a><\/p>\n<\/div>\n","protected":false},"excerpt":{"rendered":"<p>Interpr\u00e8te Philippe Vuilleumier Conception et mise en sc\u00e8ne Fabrice Huggler Textes Luc Ferrari Vid\u00e9o Cyril Macq Repr\u00e9sentations 18 mai 2003Centre d&rsquo;Art, Neuch\u00e2tel 22 mai 2003Th\u00e9\u00e2tre ABC, La Chaux-de-Fonds Cliquer ici pour lire la note d&rsquo;intentions Cliquer ici pour lire des extraits de presse<\/p>\n","protected":false},"author":1,"featured_media":0,"parent":0,"menu_order":0,"comment_status":"closed","ping_status":"closed","template":"","meta":{"site-sidebar-layout":"default","site-content-layout":"default","ast-global-header-display":"","ast-main-header-display":"","ast-hfb-above-header-display":"","ast-hfb-below-header-display":"","ast-hfb-mobile-header-display":"","site-post-title":"","ast-breadcrumbs-content":"","ast-featured-img":"","footer-sml-layout":"","theme-transparent-header-meta":"","adv-header-id-meta":"","stick-header-meta":"","header-above-stick-meta":"","header-main-stick-meta":"","header-below-stick-meta":"","footnotes":""},"class_list":["post-1603","page","type-page","status-publish","hentry"],"_links":{"self":[{"href":"https:\/\/fabricehuggler.com\/index.php?rest_route=\/wp\/v2\/pages\/1603","targetHints":{"allow":["GET"]}}],"collection":[{"href":"https:\/\/fabricehuggler.com\/index.php?rest_route=\/wp\/v2\/pages"}],"about":[{"href":"https:\/\/fabricehuggler.com\/index.php?rest_route=\/wp\/v2\/types\/page"}],"author":[{"embeddable":true,"href":"https:\/\/fabricehuggler.com\/index.php?rest_route=\/wp\/v2\/users\/1"}],"replies":[{"embeddable":true,"href":"https:\/\/fabricehuggler.com\/index.php?rest_route=%2Fwp%2Fv2%2Fcomments&post=1603"}],"version-history":[{"count":7,"href":"https:\/\/fabricehuggler.com\/index.php?rest_route=\/wp\/v2\/pages\/1603\/revisions"}],"predecessor-version":[{"id":1623,"href":"https:\/\/fabricehuggler.com\/index.php?rest_route=\/wp\/v2\/pages\/1603\/revisions\/1623"}],"wp:attachment":[{"href":"https:\/\/fabricehuggler.com\/index.php?rest_route=%2Fwp%2Fv2%2Fmedia&parent=1603"}],"curies":[{"name":"wp","href":"https:\/\/api.w.org\/{rel}","templated":true}]}}

<div class="wp-block-columns is-layout-flex wp-container-core-columns-is-layout-ce42b960 wp-block-columns-is-layout-flex" style="padding-top:0;padding-right:0;padding-bottom:0;padding-left:0">
<div class="wp-block-column is-content-justification-left is-layout-constrained wp-container-core-column-is-layout-e68a9f1f wp-block-column-is-layout-constrained" style="border-style:none;border-width:0px;padding-top:0;padding-right:0;padding-bottom:0;padding-left:0;flex-basis:100%">
<div class="alignnormal"><div id="metaslider-id-1607" style="max-width: 700px;" class="ml-slider-3-28-3 metaslider metaslider-flex metaslider-1607 ml-slider ms-theme-jenga nav-hidden">
    <div id="metaslider_container_1607">
        <div id="metaslider_1607">
            <ul aria-live="polite" class="slides">
                <li style="display: block; width: 100%;" class="slide-1633 ms-image"><img loading="lazy" decoding="async" width="640" height="320" src="https://fabricehuggler.com/wp-content/uploads/2023/02/autobiophoto1-1.jpg" class="slider-1607 slide-1633" alt="" rel="" title="autobiophoto1" srcset="https://fabricehuggler.com/wp-content/uploads/2023/02/autobiophoto1-1.jpg 640w, https://fabricehuggler.com/wp-content/uploads/2023/02/autobiophoto1-1-300x150.jpg 300w" sizes="auto, (max-width: 640px) 100vw, 640px" /></li>
                <li style="display: none; width: 100%;" class="slide-1634 ms-image"><img loading="lazy" decoding="async" width="640" height="323" src="https://fabricehuggler.com/wp-content/uploads/2023/02/autobiophoto2-1.jpg" class="slider-1607 slide-1634" alt="" rel="" title="autobiophoto2" srcset="https://fabricehuggler.com/wp-content/uploads/2023/02/autobiophoto2-1.jpg 640w, https://fabricehuggler.com/wp-content/uploads/2023/02/autobiophoto2-1-300x151.jpg 300w" sizes="auto, (max-width: 640px) 100vw, 640px" /></li>
                <li style="display: none; width: 100%;" class="slide-1635 ms-image"><img loading="lazy" decoding="async" width="640" height="334" src="https://fabricehuggler.com/wp-content/uploads/2023/02/autobiophoto3-1.jpg" class="slider-1607 slide-1635" alt="" rel="" title="autobiophoto3" srcset="https://fabricehuggler.com/wp-content/uploads/2023/02/autobiophoto3-1.jpg 640w, https://fabricehuggler.com/wp-content/uploads/2023/02/autobiophoto3-1-300x157.jpg 300w" sizes="auto, (max-width: 640px) 100vw, 640px" /></li>
            </ul>
        </div>
        
    </div>
</div></div>
</div>



<div class="wp-block-column is-layout-flow wp-block-column-is-layout-flow" style="border-style:none;border-width:0px;padding-top:0;padding-right:0;padding-bottom:0;padding-left:0;flex-basis:66%">
<p class="wp-block-paragraph" style="margin-top:0;margin-right:0;margin-bottom:0;margin-left:0;padding-top:0;padding-right:0;padding-bottom:0;padding-left:0;font-size:10px">Interprète</p>



<p class="wp-block-paragraph" style="margin-top:0;margin-right:0;margin-bottom:0;margin-left:0;padding-top:0;padding-right:0;padding-bottom:0;padding-left:0;font-size:15px">Philippe Vuilleumier</p>



<p class="wp-block-paragraph" style="margin-top:0;margin-right:0;margin-bottom:0;margin-left:0;padding-top:0;padding-right:0;padding-bottom:0;padding-left:0;font-size:10px">Conception et mise en scène</p>



<p class="wp-block-paragraph" style="margin-top:0;margin-right:0;margin-bottom:0;margin-left:0;padding-top:0;padding-right:0;padding-bottom:0;padding-left:0;font-size:15px">Fabrice Huggler</p>



<p class="wp-block-paragraph" style="margin-top:0;margin-right:0;margin-bottom:0;margin-left:0;padding-top:0;padding-right:0;padding-bottom:0;padding-left:0;font-size:10px">Textes</p>



<p class="wp-block-paragraph" style="margin-top:0;margin-right:0;margin-bottom:0;margin-left:0;padding-top:0;padding-right:0;padding-bottom:0;padding-left:0;font-size:15px">Luc Ferrari</p>



<p class="wp-block-paragraph" style="margin-top:0;margin-right:0;margin-bottom:0;margin-left:0;padding-top:0;padding-right:0;padding-bottom:0;padding-left:0;font-size:10px">Vidéo</p>



<p class="wp-block-paragraph" style="margin-top:0;margin-right:0;margin-bottom:0;margin-left:0;padding-top:0;padding-right:0;padding-bottom:0;padding-left:0;font-size:15px">Cyril Macq</p>



<p class="wp-block-paragraph" style="margin-top:0;margin-right:0;margin-bottom:0;margin-left:0;padding-top:0;padding-right:0;padding-bottom:0;padding-left:0;font-size:10px">Représentations</p>



<p class="wp-block-paragraph" style="margin-top:0;margin-right:0;margin-bottom:0;margin-left:0;padding-top:0;padding-right:0;padding-bottom:0;padding-left:0;font-size:15px">18 mai 2003<br>Centre d&rsquo;Art, Neuchâtel</p>



<p class="wp-block-paragraph" style="margin-top:0;margin-right:0;margin-bottom:0;margin-left:0;padding-top:0;padding-right:0;padding-bottom:0;padding-left:0;font-size:15px">22 mai 2003<br>Théâtre ABC, La Chaux-de-Fonds</p>
</div>
</div>



<div class="inherit-container-width wp-block-group is-layout-constrained wp-container-core-group-is-layout-a6f1d9a5 wp-block-group-is-layout-constrained" style="padding-top:0;padding-right:0;padding-bottom:0;padding-left:0">
<p class="has-text-align-right has-white-color has-black-background-color has-text-color has-background has-link-color has-small-font-size wp-elements-1 wp-block-paragraph" style="margin-top:var(--wp--preset--spacing--60);margin-right:var(--wp--preset--spacing--60);margin-bottom:var(--wp--preset--spacing--60);margin-left:var(--wp--preset--spacing--60);padding-top:0;padding-right:0;padding-bottom:0;padding-left:0;font-style:normal;font-weight:100"><a href="https://fabricehuggler.com/?page_id=1618">Cliquer ici pour lire la note d&rsquo;intentions</a></p>
</div>



<div class="inherit-container-width wp-block-group has-small-font-size is-layout-constrained wp-container-core-group-is-layout-10556665 wp-block-group-is-layout-constrained" style="padding-top:0;padding-right:0;padding-bottom:0;padding-left:0">
<p class="has-text-align-right has-white-color has-black-background-color has-text-color has-background has-link-color has-small-font-size wp-elements-2 wp-block-paragraph" style="margin-top:var(--wp--preset--spacing--60);margin-right:var(--wp--preset--spacing--60);margin-bottom:var(--wp--preset--spacing--60);margin-left:var(--wp--preset--spacing--60);padding-top:0;padding-right:0;padding-bottom:0;padding-left:0"><a href="https://fabricehuggler.com/?page_id=1621">Cliquer ici pour lire des extraits de presse</a></p>
</div>

<p>Interprète Philippe Vuilleumier Conception et mise en scène Fabrice Huggler Textes Luc Ferrari Vidéo Cyril Macq Représentations 18 mai 2003Centre d&rsquo;Art, Neuchâtel 22 mai 2003Théâtre ABC, La Chaux-de-Fonds Cliquer ici pour lire la note d&rsquo;intentions Cliquer ici pour lire des extraits de presse</p>
