{"id":1636,"date":"2023-02-26T12:32:37","date_gmt":"2023-02-26T11:32:37","guid":{"rendered":"https:\/\/fabricehuggler.com\/?page_id=1636"},"modified":"2023-02-26T12:51:19","modified_gmt":"2023-02-26T11:51:19","slug":"la-griffure","status":"publish","type":"page","link":"https:\/\/fabricehuggler.com\/?page_id=1636","title":{"rendered":"La griffure"},"content":{"rendered":"\n<div class=\"wp-block-columns is-layout-flex wp-container-core-columns-is-layout-ce42b960 wp-block-columns-is-layout-flex\" style=\"padding-top:0;padding-right:0;padding-bottom:0;padding-left:0\">\n<div class=\"wp-block-column is-content-justification-left is-layout-constrained wp-container-core-column-is-layout-e68a9f1f wp-block-column-is-layout-constrained\" style=\"border-style:none;border-width:0px;padding-top:0;padding-right:0;padding-bottom:0;padding-left:0;flex-basis:100%\">\n<div class=\"alignnormal\"><div id=\"metaslider-id-1647\" style=\"max-width: 700px;\" class=\"ml-slider-3-28-3 metaslider metaslider-flex metaslider-1647 ml-slider ms-theme-jenga nav-hidden\">\n    <div id=\"metaslider_container_1647\">\n        <div id=\"metaslider_1647\">\n            <ul aria-live=\"polite\" class=\"slides\">\n                <li style=\"display: block; width: 100%;\" class=\"slide-1652 ms-image\"><img loading=\"lazy\" decoding=\"async\" width=\"640\" height=\"427\" src=\"https:\/\/fabricehuggler.com\/wp-content\/uploads\/2023\/02\/griffurephoto1.jpg\" class=\"slider-1647 slide-1652\" alt=\"\" rel=\"\" title=\"griffurephoto1\" srcset=\"https:\/\/fabricehuggler.com\/wp-content\/uploads\/2023\/02\/griffurephoto1.jpg 640w, https:\/\/fabricehuggler.com\/wp-content\/uploads\/2023\/02\/griffurephoto1-300x200.jpg 300w\" sizes=\"auto, (max-width: 640px) 100vw, 640px\" \/><\/li>\n                <li style=\"display: none; width: 100%;\" class=\"slide-1653 ms-image\"><img loading=\"lazy\" decoding=\"async\" width=\"640\" height=\"427\" src=\"https:\/\/fabricehuggler.com\/wp-content\/uploads\/2023\/02\/griffurephoto2.jpg\" class=\"slider-1647 slide-1653\" alt=\"\" rel=\"\" title=\"griffurephoto2\" srcset=\"https:\/\/fabricehuggler.com\/wp-content\/uploads\/2023\/02\/griffurephoto2.jpg 640w, https:\/\/fabricehuggler.com\/wp-content\/uploads\/2023\/02\/griffurephoto2-300x200.jpg 300w\" sizes=\"auto, (max-width: 640px) 100vw, 640px\" \/><\/li>\n                <li style=\"display: none; width: 100%;\" class=\"slide-1654 ms-image\"><img loading=\"lazy\" decoding=\"async\" width=\"640\" height=\"427\" src=\"https:\/\/fabricehuggler.com\/wp-content\/uploads\/2023\/02\/griffurephoto3.jpg\" class=\"slider-1647 slide-1654\" alt=\"\" rel=\"\" title=\"griffurephoto3\" srcset=\"https:\/\/fabricehuggler.com\/wp-content\/uploads\/2023\/02\/griffurephoto3.jpg 640w, https:\/\/fabricehuggler.com\/wp-content\/uploads\/2023\/02\/griffurephoto3-300x200.jpg 300w\" sizes=\"auto, (max-width: 640px) 100vw, 640px\" \/><\/li>\n                <li style=\"display: none; width: 100%;\" class=\"slide-1655 ms-image\"><img loading=\"lazy\" decoding=\"async\" width=\"640\" height=\"427\" src=\"https:\/\/fabricehuggler.com\/wp-content\/uploads\/2023\/02\/griffurephoto4.jpg\" class=\"slider-1647 slide-1655\" alt=\"\" rel=\"\" title=\"griffurephoto4\" srcset=\"https:\/\/fabricehuggler.com\/wp-content\/uploads\/2023\/02\/griffurephoto4.jpg 640w, https:\/\/fabricehuggler.com\/wp-content\/uploads\/2023\/02\/griffurephoto4-300x200.jpg 300w\" sizes=\"auto, (max-width: 640px) 100vw, 640px\" \/><\/li>\n            <\/ul>\n        <\/div>\n        \n    <\/div>\n<\/div><\/div>\n<\/div>\n\n\n\n<div class=\"wp-block-column is-layout-flow wp-block-column-is-layout-flow\" style=\"border-style:none;border-width:0px;padding-top:0;padding-right:0;padding-bottom:0;padding-left:0;flex-basis:66%\">\n<p class=\"wp-block-paragraph\" style=\"margin-top:0;margin-right:0;margin-bottom:0;margin-left:0;padding-top:0;padding-right:0;padding-bottom:0;padding-left:0;font-size:10px\">Interpr\u00e8tes<\/p>\n\n\n\n<p class=\"wp-block-paragraph\" style=\"margin-top:0;margin-right:0;margin-bottom:0;margin-left:0;padding-top:0;padding-right:0;padding-bottom:0;padding-left:0;font-size:15px\">Christiane Margraitner, Isabelle Meyer<\/p>\n\n\n\n<p class=\"wp-block-paragraph\" style=\"margin-top:0;margin-right:0;margin-bottom:0;margin-left:0;padding-top:0;padding-right:0;padding-bottom:0;padding-left:0;font-size:10px\">Mise en sc\u00e8ne et sc\u00e9nographie<\/p>\n\n\n\n<p class=\"wp-block-paragraph\" style=\"margin-top:0;margin-right:0;margin-bottom:0;margin-left:0;padding-top:0;padding-right:0;padding-bottom:0;padding-left:0;font-size:15px\">Fabrice Huggler<\/p>\n\n\n\n<p class=\"wp-block-paragraph\" style=\"margin-top:0;margin-right:0;margin-bottom:0;margin-left:0;padding-top:0;padding-right:0;padding-bottom:0;padding-left:0;font-size:10px\">Texte<\/p>\n\n\n\n<p class=\"wp-block-paragraph\" style=\"margin-top:0;margin-right:0;margin-bottom:0;margin-left:0;padding-top:0;padding-right:0;padding-bottom:0;padding-left:0;font-size:15px\">Dominique Dardant<\/p>\n\n\n\n<p class=\"wp-block-paragraph\" style=\"margin-top:0;margin-right:0;margin-bottom:0;margin-left:0;padding-top:0;padding-right:0;padding-bottom:0;padding-left:0;font-size:10px\">Sc\u00e9nographie g\u00e9n\u00e9rale de l&rsquo;ensemble du projet<\/p>\n\n\n\n<p class=\"wp-block-paragraph\" style=\"margin-top:0;margin-right:0;margin-bottom:0;margin-left:0;padding-top:0;padding-right:0;padding-bottom:0;padding-left:0;font-size:15px\">Nicole Gr\u00e9dy<\/p>\n\n\n\n<p class=\"wp-block-paragraph\" style=\"margin-top:0;margin-right:0;margin-bottom:0;margin-left:0;padding-top:0;padding-right:0;padding-bottom:0;padding-left:0;font-size:10px\">Costumes<\/p>\n\n\n\n<p class=\"wp-block-paragraph\" style=\"margin-top:0;margin-right:0;margin-bottom:0;margin-left:0;padding-top:0;padding-right:0;padding-bottom:0;padding-left:0;font-size:15px\">Julie Boegli<\/p>\n\n\n\n<p class=\"wp-block-paragraph\" style=\"margin-top:0;margin-right:0;margin-bottom:0;margin-left:0;padding-top:0;padding-right:0;padding-bottom:0;padding-left:0;font-size:10px\">Lumi\u00e8re<\/p>\n\n\n\n<p class=\"wp-block-paragraph\" style=\"margin-top:0;margin-right:0;margin-bottom:0;margin-left:0;padding-top:0;padding-right:0;padding-bottom:0;padding-left:0;font-size:15px\">Dominique Dardant<\/p>\n\n\n\n<p class=\"wp-block-paragraph\" style=\"margin-top:0;margin-right:0;margin-bottom:0;margin-left:0;padding-top:0;padding-right:0;padding-bottom:0;padding-left:0;font-size:10px\">Repr\u00e9sentations<\/p>\n\n\n\n<p class=\"wp-block-paragraph\" style=\"margin-top:0;margin-right:0;margin-bottom:0;margin-left:0;padding-top:0;padding-right:0;padding-bottom:0;padding-left:0;font-size:15px\">16 au 26 janvier 2003<\/p>\n\n\n\n<p class=\"wp-block-paragraph\" style=\"margin-top:0;margin-right:0;margin-bottom:0;margin-left:0;padding-top:0;padding-right:0;padding-bottom:0;padding-left:0;font-size:15px\">Mus\u00e9e des Beaux-Arts, La Chaux-de-Fonds<\/p>\n\n\n\n<p class=\"wp-block-paragraph\" style=\"margin-top:0;margin-right:0;margin-bottom:0;margin-left:0;padding-top:0;padding-right:0;padding-bottom:0;padding-left:0\">12 septembre 2003<\/p>\n\n\n\n<p class=\"wp-block-paragraph\" style=\"margin-top:0;margin-right:0;margin-bottom:0;margin-left:0;padding-top:0;padding-right:0;padding-bottom:0;padding-left:0\">Centre Pasqu&rsquo;Art, Bienne<\/p>\n\n\n\n<p class=\"wp-block-paragraph\" style=\"margin-top:0;margin-right:0;margin-bottom:0;margin-left:0;padding-top:0;padding-right:0;padding-bottom:0;padding-left:0\">30 octobre au 1er novembre 2003<\/p>\n\n\n\n<p class=\"wp-block-paragraph\" style=\"margin-top:0;margin-right:0;margin-bottom:0;margin-left:0;padding-top:0;padding-right:0;padding-bottom:0;padding-left:0\">Mus\u00e9e des Beaux-Arts, La Chaux-de-Fonds<\/p>\n<\/div>\n<\/div>\n\n\n\n<div class=\"inherit-container-width wp-block-group is-layout-constrained wp-container-core-group-is-layout-a6f1d9a5 wp-block-group-is-layout-constrained\" style=\"padding-top:0;padding-right:0;padding-bottom:0;padding-left:0\">\n<p class=\"has-text-align-right has-white-color has-black-background-color has-text-color has-background has-link-color has-small-font-size wp-elements-1 wp-block-paragraph\" style=\"margin-top:var(--wp--preset--spacing--60);margin-right:var(--wp--preset--spacing--60);margin-bottom:var(--wp--preset--spacing--60);margin-left:var(--wp--preset--spacing--60);padding-top:0;padding-right:0;padding-bottom:0;padding-left:0;font-style:normal;font-weight:100\"><a href=\"https:\/\/fabricehuggler.com\/?page_id=1639\">Cliquer ici pour lire la note d&rsquo;intentions<\/a><\/p>\n<\/div>\n\n\n\n<div class=\"inherit-container-width wp-block-group has-small-font-size is-layout-constrained wp-container-core-group-is-layout-10556665 wp-block-group-is-layout-constrained\" style=\"padding-top:0;padding-right:0;padding-bottom:0;padding-left:0\">\n<p class=\"has-text-align-right has-white-color has-black-background-color has-text-color has-background has-link-color has-small-font-size wp-elements-2 wp-block-paragraph\" style=\"margin-top:var(--wp--preset--spacing--60);margin-right:var(--wp--preset--spacing--60);margin-bottom:var(--wp--preset--spacing--60);margin-left:var(--wp--preset--spacing--60);padding-top:0;padding-right:0;padding-bottom:0;padding-left:0\"><a href=\"https:\/\/fabricehuggler.com\/?page_id=1644\">Cliquer ici pour lire des extraits de presse<\/a><\/p>\n<\/div>\n","protected":false},"excerpt":{"rendered":"<p>Interpr\u00e8tes Christiane Margraitner, Isabelle Meyer Mise en sc\u00e8ne et sc\u00e9nographie Fabrice Huggler Texte Dominique Dardant Sc\u00e9nographie g\u00e9n\u00e9rale de l&rsquo;ensemble du projet Nicole Gr\u00e9dy Costumes Julie Boegli Lumi\u00e8re Dominique Dardant Repr\u00e9sentations 16 au 26 janvier 2003 Mus\u00e9e des Beaux-Arts, La Chaux-de-Fonds 12 septembre 2003 Centre Pasqu&rsquo;Art, Bienne 30 octobre au 1er novembre 2003 Mus\u00e9e des Beaux-Arts, &hellip;<\/p>\n<p class=\"read-more\"> <a class=\"\" href=\"https:\/\/fabricehuggler.com\/?page_id=1636\"> <span class=\"screen-reader-text\">La griffure<\/span> Lire la suite\u00a0\u00bb<\/a><\/p>\n","protected":false},"author":1,"featured_media":0,"parent":0,"menu_order":0,"comment_status":"closed","ping_status":"closed","template":"","meta":{"site-sidebar-layout":"default","site-content-layout":"default","ast-global-header-display":"","ast-main-header-display":"","ast-hfb-above-header-display":"","ast-hfb-below-header-display":"","ast-hfb-mobile-header-display":"","site-post-title":"","ast-breadcrumbs-content":"","ast-featured-img":"","footer-sml-layout":"","theme-transparent-header-meta":"","adv-header-id-meta":"","stick-header-meta":"","header-above-stick-meta":"","header-main-stick-meta":"","header-below-stick-meta":"","footnotes":""},"class_list":["post-1636","page","type-page","status-publish","hentry"],"_links":{"self":[{"href":"https:\/\/fabricehuggler.com\/index.php?rest_route=\/wp\/v2\/pages\/1636","targetHints":{"allow":["GET"]}}],"collection":[{"href":"https:\/\/fabricehuggler.com\/index.php?rest_route=\/wp\/v2\/pages"}],"about":[{"href":"https:\/\/fabricehuggler.com\/index.php?rest_route=\/wp\/v2\/types\/page"}],"author":[{"embeddable":true,"href":"https:\/\/fabricehuggler.com\/index.php?rest_route=\/wp\/v2\/users\/1"}],"replies":[{"embeddable":true,"href":"https:\/\/fabricehuggler.com\/index.php?rest_route=%2Fwp%2Fv2%2Fcomments&post=1636"}],"version-history":[{"count":7,"href":"https:\/\/fabricehuggler.com\/index.php?rest_route=\/wp\/v2\/pages\/1636\/revisions"}],"predecessor-version":[{"id":1665,"href":"https:\/\/fabricehuggler.com\/index.php?rest_route=\/wp\/v2\/pages\/1636\/revisions\/1665"}],"wp:attachment":[{"href":"https:\/\/fabricehuggler.com\/index.php?rest_route=%2Fwp%2Fv2%2Fmedia&parent=1636"}],"curies":[{"name":"wp","href":"https:\/\/api.w.org\/{rel}","templated":true}]}}

<div class="wp-block-columns is-layout-flex wp-container-core-columns-is-layout-ce42b960 wp-block-columns-is-layout-flex" style="padding-top:0;padding-right:0;padding-bottom:0;padding-left:0">
<div class="wp-block-column is-content-justification-left is-layout-constrained wp-container-core-column-is-layout-e68a9f1f wp-block-column-is-layout-constrained" style="border-style:none;border-width:0px;padding-top:0;padding-right:0;padding-bottom:0;padding-left:0;flex-basis:100%">
<div class="alignnormal"><div id="metaslider-id-1647" style="max-width: 700px;" class="ml-slider-3-28-3 metaslider metaslider-flex metaslider-1647 ml-slider ms-theme-jenga nav-hidden">
    <div id="metaslider_container_1647">
        <div id="metaslider_1647">
            <ul aria-live="polite" class="slides">
                <li style="display: block; width: 100%;" class="slide-1652 ms-image"><img loading="lazy" decoding="async" width="640" height="427" src="https://fabricehuggler.com/wp-content/uploads/2023/02/griffurephoto1.jpg" class="slider-1647 slide-1652" alt="" rel="" title="griffurephoto1" srcset="https://fabricehuggler.com/wp-content/uploads/2023/02/griffurephoto1.jpg 640w, https://fabricehuggler.com/wp-content/uploads/2023/02/griffurephoto1-300x200.jpg 300w" sizes="auto, (max-width: 640px) 100vw, 640px" /></li>
                <li style="display: none; width: 100%;" class="slide-1653 ms-image"><img loading="lazy" decoding="async" width="640" height="427" src="https://fabricehuggler.com/wp-content/uploads/2023/02/griffurephoto2.jpg" class="slider-1647 slide-1653" alt="" rel="" title="griffurephoto2" srcset="https://fabricehuggler.com/wp-content/uploads/2023/02/griffurephoto2.jpg 640w, https://fabricehuggler.com/wp-content/uploads/2023/02/griffurephoto2-300x200.jpg 300w" sizes="auto, (max-width: 640px) 100vw, 640px" /></li>
                <li style="display: none; width: 100%;" class="slide-1654 ms-image"><img loading="lazy" decoding="async" width="640" height="427" src="https://fabricehuggler.com/wp-content/uploads/2023/02/griffurephoto3.jpg" class="slider-1647 slide-1654" alt="" rel="" title="griffurephoto3" srcset="https://fabricehuggler.com/wp-content/uploads/2023/02/griffurephoto3.jpg 640w, https://fabricehuggler.com/wp-content/uploads/2023/02/griffurephoto3-300x200.jpg 300w" sizes="auto, (max-width: 640px) 100vw, 640px" /></li>
                <li style="display: none; width: 100%;" class="slide-1655 ms-image"><img loading="lazy" decoding="async" width="640" height="427" src="https://fabricehuggler.com/wp-content/uploads/2023/02/griffurephoto4.jpg" class="slider-1647 slide-1655" alt="" rel="" title="griffurephoto4" srcset="https://fabricehuggler.com/wp-content/uploads/2023/02/griffurephoto4.jpg 640w, https://fabricehuggler.com/wp-content/uploads/2023/02/griffurephoto4-300x200.jpg 300w" sizes="auto, (max-width: 640px) 100vw, 640px" /></li>
            </ul>
        </div>
        
    </div>
</div></div>
</div>



<div class="wp-block-column is-layout-flow wp-block-column-is-layout-flow" style="border-style:none;border-width:0px;padding-top:0;padding-right:0;padding-bottom:0;padding-left:0;flex-basis:66%">
<p class="wp-block-paragraph" style="margin-top:0;margin-right:0;margin-bottom:0;margin-left:0;padding-top:0;padding-right:0;padding-bottom:0;padding-left:0;font-size:10px">Interprètes</p>



<p class="wp-block-paragraph" style="margin-top:0;margin-right:0;margin-bottom:0;margin-left:0;padding-top:0;padding-right:0;padding-bottom:0;padding-left:0;font-size:15px">Christiane Margraitner, Isabelle Meyer</p>



<p class="wp-block-paragraph" style="margin-top:0;margin-right:0;margin-bottom:0;margin-left:0;padding-top:0;padding-right:0;padding-bottom:0;padding-left:0;font-size:10px">Mise en scène et scénographie</p>



<p class="wp-block-paragraph" style="margin-top:0;margin-right:0;margin-bottom:0;margin-left:0;padding-top:0;padding-right:0;padding-bottom:0;padding-left:0;font-size:15px">Fabrice Huggler</p>



<p class="wp-block-paragraph" style="margin-top:0;margin-right:0;margin-bottom:0;margin-left:0;padding-top:0;padding-right:0;padding-bottom:0;padding-left:0;font-size:10px">Texte</p>



<p class="wp-block-paragraph" style="margin-top:0;margin-right:0;margin-bottom:0;margin-left:0;padding-top:0;padding-right:0;padding-bottom:0;padding-left:0;font-size:15px">Dominique Dardant</p>



<p class="wp-block-paragraph" style="margin-top:0;margin-right:0;margin-bottom:0;margin-left:0;padding-top:0;padding-right:0;padding-bottom:0;padding-left:0;font-size:10px">Scénographie générale de l&rsquo;ensemble du projet</p>



<p class="wp-block-paragraph" style="margin-top:0;margin-right:0;margin-bottom:0;margin-left:0;padding-top:0;padding-right:0;padding-bottom:0;padding-left:0;font-size:15px">Nicole Grédy</p>



<p class="wp-block-paragraph" style="margin-top:0;margin-right:0;margin-bottom:0;margin-left:0;padding-top:0;padding-right:0;padding-bottom:0;padding-left:0;font-size:10px">Costumes</p>



<p class="wp-block-paragraph" style="margin-top:0;margin-right:0;margin-bottom:0;margin-left:0;padding-top:0;padding-right:0;padding-bottom:0;padding-left:0;font-size:15px">Julie Boegli</p>



<p class="wp-block-paragraph" style="margin-top:0;margin-right:0;margin-bottom:0;margin-left:0;padding-top:0;padding-right:0;padding-bottom:0;padding-left:0;font-size:10px">Lumière</p>



<p class="wp-block-paragraph" style="margin-top:0;margin-right:0;margin-bottom:0;margin-left:0;padding-top:0;padding-right:0;padding-bottom:0;padding-left:0;font-size:15px">Dominique Dardant</p>



<p class="wp-block-paragraph" style="margin-top:0;margin-right:0;margin-bottom:0;margin-left:0;padding-top:0;padding-right:0;padding-bottom:0;padding-left:0;font-size:10px">Représentations</p>



<p class="wp-block-paragraph" style="margin-top:0;margin-right:0;margin-bottom:0;margin-left:0;padding-top:0;padding-right:0;padding-bottom:0;padding-left:0;font-size:15px">16 au 26 janvier 2003</p>



<p class="wp-block-paragraph" style="margin-top:0;margin-right:0;margin-bottom:0;margin-left:0;padding-top:0;padding-right:0;padding-bottom:0;padding-left:0;font-size:15px">Musée des Beaux-Arts, La Chaux-de-Fonds</p>



<p class="wp-block-paragraph" style="margin-top:0;margin-right:0;margin-bottom:0;margin-left:0;padding-top:0;padding-right:0;padding-bottom:0;padding-left:0">12 septembre 2003</p>



<p class="wp-block-paragraph" style="margin-top:0;margin-right:0;margin-bottom:0;margin-left:0;padding-top:0;padding-right:0;padding-bottom:0;padding-left:0">Centre Pasqu&rsquo;Art, Bienne</p>



<p class="wp-block-paragraph" style="margin-top:0;margin-right:0;margin-bottom:0;margin-left:0;padding-top:0;padding-right:0;padding-bottom:0;padding-left:0">30 octobre au 1er novembre 2003</p>



<p class="wp-block-paragraph" style="margin-top:0;margin-right:0;margin-bottom:0;margin-left:0;padding-top:0;padding-right:0;padding-bottom:0;padding-left:0">Musée des Beaux-Arts, La Chaux-de-Fonds</p>
</div>
</div>



<div class="inherit-container-width wp-block-group is-layout-constrained wp-container-core-group-is-layout-a6f1d9a5 wp-block-group-is-layout-constrained" style="padding-top:0;padding-right:0;padding-bottom:0;padding-left:0">
<p class="has-text-align-right has-white-color has-black-background-color has-text-color has-background has-link-color has-small-font-size wp-elements-1 wp-block-paragraph" style="margin-top:var(--wp--preset--spacing--60);margin-right:var(--wp--preset--spacing--60);margin-bottom:var(--wp--preset--spacing--60);margin-left:var(--wp--preset--spacing--60);padding-top:0;padding-right:0;padding-bottom:0;padding-left:0;font-style:normal;font-weight:100"><a href="https://fabricehuggler.com/?page_id=1639">Cliquer ici pour lire la note d&rsquo;intentions</a></p>
</div>



<div class="inherit-container-width wp-block-group has-small-font-size is-layout-constrained wp-container-core-group-is-layout-10556665 wp-block-group-is-layout-constrained" style="padding-top:0;padding-right:0;padding-bottom:0;padding-left:0">
<p class="has-text-align-right has-white-color has-black-background-color has-text-color has-background has-link-color has-small-font-size wp-elements-2 wp-block-paragraph" style="margin-top:var(--wp--preset--spacing--60);margin-right:var(--wp--preset--spacing--60);margin-bottom:var(--wp--preset--spacing--60);margin-left:var(--wp--preset--spacing--60);padding-top:0;padding-right:0;padding-bottom:0;padding-left:0"><a href="https://fabricehuggler.com/?page_id=1644">Cliquer ici pour lire des extraits de presse</a></p>
</div>

<p>Interprètes Christiane Margraitner, Isabelle Meyer Mise en scène et scénographie Fabrice Huggler Texte Dominique Dardant Scénographie générale de l&rsquo;ensemble du projet Nicole Grédy Costumes Julie Boegli Lumière Dominique Dardant Représentations 16 au 26 janvier 2003 Musée des Beaux-Arts, La Chaux-de-Fonds 12 septembre 2003 Centre Pasqu&rsquo;Art, Bienne 30 octobre au 1er novembre 2003 Musée des Beaux-Arts, &hellip;</p>
<p class="read-more"> <a class="" href="https://fabricehuggler.com/?page_id=1636"> <span class="screen-reader-text">La griffure</span> Lire la suite »</a></p>
