{"id":1718,"date":"2023-02-26T14:27:30","date_gmt":"2023-02-26T13:27:30","guid":{"rendered":"https:\/\/fabricehuggler.com\/?page_id=1718"},"modified":"2023-02-26T14:31:00","modified_gmt":"2023-02-26T13:31:00","slug":"la-chevre-de-monsieur-seguin-intentions","status":"publish","type":"page","link":"https:\/\/fabricehuggler.com\/?page_id=1718","title":{"rendered":"La ch\u00e8vre de Monsieur Seguin &#8211; Intentions"},"content":{"rendered":"\n<div class=\"inherit-container-width wp-block-group has-black-color has-white-background-color has-text-color has-background is-layout-constrained wp-container-core-group-is-layout-a52671cf wp-block-group-is-layout-constrained\" style=\"padding-top:0;padding-right:0;padding-bottom:0;padding-left:0\">\n<div class=\"inherit-container-width wp-block-group has-black-color has-white-background-color has-text-color has-background is-layout-constrained wp-container-core-group-is-layout-f98b228d wp-block-group-is-layout-constrained\" style=\"padding-top:var(--wp--preset--spacing--20);padding-right:var(--wp--preset--spacing--20);padding-bottom:var(--wp--preset--spacing--20);padding-left:var(--wp--preset--spacing--20)\">\n<div class=\"inherit-container-width wp-block-group is-layout-constrained wp-block-group-is-layout-constrained\">\n<div class=\"inherit-container-width wp-block-group is-layout-constrained wp-block-group-is-layout-constrained\">\n<p class=\"has-black-color has-white-background-color has-text-color has-background wp-block-paragraph\" style=\"margin-top:var(--wp--preset--spacing--60);margin-right:var(--wp--preset--spacing--60);margin-bottom:var(--wp--preset--spacing--60);margin-left:var(--wp--preset--spacing--60);padding-top:0;padding-right:0;padding-bottom:0;padding-left:0\"><strong>Tout \u00e0 coup le vent fra\u00eechit. La montagne devint violette; c&rsquo;\u00e9tait le soir&#8230; \u00ab\u00a0D\u00e9j\u00e0!\u00a0\u00bb dit la petite ch\u00e8vre, et elle s&rsquo;arr\u00eata fort \u00e9tonn\u00e9e. En bas, les champs \u00e9taient noy\u00e9s de brume. Le clos de M. Seguin disparaissait dans le brouillard, et de la maisonnette on ne voyait plus que le toit avec un peu de fum\u00e9e. Elle \u00e9couta les clochettes d&rsquo;un troupeau qu&rsquo;on ramenait, et se sentit l&rsquo;\u00e2me toute triste&#8230; Un gerfaut, qui rentrait, la fr\u00f4la de ses ailes en passant. Elle tressaillit&#8230; Puis ce fut un hurlement dans la montagne.<\/strong><\/p>\n<\/div>\n\n\n\n<p class=\"has-black-color has-white-background-color has-text-color has-background wp-block-paragraph\" style=\"margin-top:var(--wp--preset--spacing--60);margin-right:var(--wp--preset--spacing--60);margin-bottom:var(--wp--preset--spacing--60);margin-left:var(--wp--preset--spacing--60);padding-top:0;padding-right:0;padding-bottom:0;padding-left:0\">Pour cette seconde collaboration avec La Fanfare du Loup, il s&rsquo;agissait de cr\u00e9er un spectacle tout public d&rsquo;apr\u00e8s le conte d&rsquo;Alphonse Daudet. J&rsquo;ai tout d&rsquo;abord imagin\u00e9, en collaboration avec un des musiciens du groupe, la fa\u00e7on dont la musique pouvait entrer en r\u00e9sonance avec le texte. Chaque intervention musicale devait avoir ses motivations et caract\u00e9ristiques propres: annoncer, soutenir ou clore l&rsquo;atmosph\u00e8re d&rsquo;un passage, renforcer une tension dramaturgique (telle la dualit\u00e9 qui tiraille la ch\u00e8vre \u00e0 la nuit tombante), cr\u00e9er une polyphonie entre texte et musique. Le texte lui-m\u00eame devait devenir musical, par l&rsquo;utilisation de certains mots comme mati\u00e8re sonore et rythmique, ou encore par la mise en chanson d&rsquo;un fragment du texte. Partant de ces indications, les compositeurs se sont mis au travail. Ensuite, l&rsquo;enjeu principal sur le plateau a consist\u00e9 \u00e0 int\u00e9grer les musiciens aux divers rebondissements du conte. Tout d&rsquo;abord simples spectateurs, assis sur une estrade, en miroir des \u00ab\u00a0r\u00e9els\u00a0\u00bb spectateurs, ils s&rsquo;insinuent peu \u00e0 peu au conte, du saxo \u00e0 la batterie sur roulettes, en passant par la contrebasse-grimpeuse, ils deviennent tour \u00e0 tour ch\u00e8vre, loup, Seguin mais aussi montagne, arbres, chamois, torrents, \u00e9toiles&#8230; <\/p>\n<\/div>\n<\/div>\n<\/div>\n","protected":false},"excerpt":{"rendered":"<p>Tout \u00e0 coup le vent fra\u00eechit. La montagne devint violette; c&rsquo;\u00e9tait le soir&#8230; \u00ab\u00a0D\u00e9j\u00e0!\u00a0\u00bb dit la petite ch\u00e8vre, et elle s&rsquo;arr\u00eata fort \u00e9tonn\u00e9e. En bas, les champs \u00e9taient noy\u00e9s de brume. Le clos de M. Seguin disparaissait dans le brouillard, et de la maisonnette on ne voyait plus que le toit avec un peu de &hellip;<\/p>\n<p class=\"read-more\"> <a class=\"\" href=\"https:\/\/fabricehuggler.com\/?page_id=1718\"> <span class=\"screen-reader-text\">La ch\u00e8vre de Monsieur Seguin &#8211; Intentions<\/span> Lire la suite\u00a0\u00bb<\/a><\/p>\n","protected":false},"author":1,"featured_media":0,"parent":0,"menu_order":0,"comment_status":"closed","ping_status":"closed","template":"","meta":{"site-sidebar-layout":"default","site-content-layout":"default","ast-global-header-display":"","ast-main-header-display":"","ast-hfb-above-header-display":"","ast-hfb-below-header-display":"","ast-hfb-mobile-header-display":"","site-post-title":"","ast-breadcrumbs-content":"","ast-featured-img":"","footer-sml-layout":"","theme-transparent-header-meta":"","adv-header-id-meta":"","stick-header-meta":"","header-above-stick-meta":"","header-main-stick-meta":"","header-below-stick-meta":"","footnotes":""},"class_list":["post-1718","page","type-page","status-publish","hentry"],"_links":{"self":[{"href":"https:\/\/fabricehuggler.com\/index.php?rest_route=\/wp\/v2\/pages\/1718","targetHints":{"allow":["GET"]}}],"collection":[{"href":"https:\/\/fabricehuggler.com\/index.php?rest_route=\/wp\/v2\/pages"}],"about":[{"href":"https:\/\/fabricehuggler.com\/index.php?rest_route=\/wp\/v2\/types\/page"}],"author":[{"embeddable":true,"href":"https:\/\/fabricehuggler.com\/index.php?rest_route=\/wp\/v2\/users\/1"}],"replies":[{"embeddable":true,"href":"https:\/\/fabricehuggler.com\/index.php?rest_route=%2Fwp%2Fv2%2Fcomments&post=1718"}],"version-history":[{"count":2,"href":"https:\/\/fabricehuggler.com\/index.php?rest_route=\/wp\/v2\/pages\/1718\/revisions"}],"predecessor-version":[{"id":1726,"href":"https:\/\/fabricehuggler.com\/index.php?rest_route=\/wp\/v2\/pages\/1718\/revisions\/1726"}],"wp:attachment":[{"href":"https:\/\/fabricehuggler.com\/index.php?rest_route=%2Fwp%2Fv2%2Fmedia&parent=1718"}],"curies":[{"name":"wp","href":"https:\/\/api.w.org\/{rel}","templated":true}]}}

La chèvre de Monsieur Seguin &#8211; Intentions

<div class="inherit-container-width wp-block-group has-black-color has-white-background-color has-text-color has-background is-layout-constrained wp-container-core-group-is-layout-a52671cf wp-block-group-is-layout-constrained" style="padding-top:0;padding-right:0;padding-bottom:0;padding-left:0">
<div class="inherit-container-width wp-block-group has-black-color has-white-background-color has-text-color has-background is-layout-constrained wp-container-core-group-is-layout-f98b228d wp-block-group-is-layout-constrained" style="padding-top:var(--wp--preset--spacing--20);padding-right:var(--wp--preset--spacing--20);padding-bottom:var(--wp--preset--spacing--20);padding-left:var(--wp--preset--spacing--20)">
<div class="inherit-container-width wp-block-group is-layout-constrained wp-block-group-is-layout-constrained">
<div class="inherit-container-width wp-block-group is-layout-constrained wp-block-group-is-layout-constrained">
<p class="has-black-color has-white-background-color has-text-color has-background wp-block-paragraph" style="margin-top:var(--wp--preset--spacing--60);margin-right:var(--wp--preset--spacing--60);margin-bottom:var(--wp--preset--spacing--60);margin-left:var(--wp--preset--spacing--60);padding-top:0;padding-right:0;padding-bottom:0;padding-left:0"><strong>Tout à coup le vent fraîchit. La montagne devint violette; c&rsquo;était le soir&#8230; « Déjà! » dit la petite chèvre, et elle s&rsquo;arrêta fort étonnée. En bas, les champs étaient noyés de brume. Le clos de M. Seguin disparaissait dans le brouillard, et de la maisonnette on ne voyait plus que le toit avec un peu de fumée. Elle écouta les clochettes d&rsquo;un troupeau qu&rsquo;on ramenait, et se sentit l&rsquo;âme toute triste&#8230; Un gerfaut, qui rentrait, la frôla de ses ailes en passant. Elle tressaillit&#8230; Puis ce fut un hurlement dans la montagne.</strong></p>
</div>



<p class="has-black-color has-white-background-color has-text-color has-background wp-block-paragraph" style="margin-top:var(--wp--preset--spacing--60);margin-right:var(--wp--preset--spacing--60);margin-bottom:var(--wp--preset--spacing--60);margin-left:var(--wp--preset--spacing--60);padding-top:0;padding-right:0;padding-bottom:0;padding-left:0">Pour cette seconde collaboration avec La Fanfare du Loup, il s&rsquo;agissait de créer un spectacle tout public d&rsquo;après le conte d&rsquo;Alphonse Daudet. J&rsquo;ai tout d&rsquo;abord imaginé, en collaboration avec un des musiciens du groupe, la façon dont la musique pouvait entrer en résonance avec le texte. Chaque intervention musicale devait avoir ses motivations et caractéristiques propres: annoncer, soutenir ou clore l&rsquo;atmosphère d&rsquo;un passage, renforcer une tension dramaturgique (telle la dualité qui tiraille la chèvre à la nuit tombante), créer une polyphonie entre texte et musique. Le texte lui-même devait devenir musical, par l&rsquo;utilisation de certains mots comme matière sonore et rythmique, ou encore par la mise en chanson d&rsquo;un fragment du texte. Partant de ces indications, les compositeurs se sont mis au travail. Ensuite, l&rsquo;enjeu principal sur le plateau a consisté à intégrer les musiciens aux divers rebondissements du conte. Tout d&rsquo;abord simples spectateurs, assis sur une estrade, en miroir des « réels » spectateurs, ils s&rsquo;insinuent peu à peu au conte, du saxo à la batterie sur roulettes, en passant par la contrebasse-grimpeuse, ils deviennent tour à tour chèvre, loup, Seguin mais aussi montagne, arbres, chamois, torrents, étoiles&#8230; </p>
</div>
</div>
</div>

<p>Tout à coup le vent fraîchit. La montagne devint violette; c&rsquo;était le soir&#8230; « Déjà! » dit la petite chèvre, et elle s&rsquo;arrêta fort étonnée. En bas, les champs étaient noyés de brume. Le clos de M. Seguin disparaissait dans le brouillard, et de la maisonnette on ne voyait plus que le toit avec un peu de &hellip;</p>
<p class="read-more"> <a class="" href="https://fabricehuggler.com/?page_id=1718"> <span class="screen-reader-text">La chèvre de Monsieur Seguin &#8211; Intentions</span> Lire la suite »</a></p>
