{"id":1721,"date":"2023-02-26T14:28:14","date_gmt":"2023-02-26T13:28:14","guid":{"rendered":"https:\/\/fabricehuggler.com\/?page_id=1721"},"modified":"2023-02-26T14:33:11","modified_gmt":"2023-02-26T13:33:11","slug":"la-chevre-de-monsieur-seguin-presse","status":"publish","type":"page","link":"https:\/\/fabricehuggler.com\/?page_id=1721","title":{"rendered":"La ch\u00e8vre de Monsieur Seguin &#8211; Presse"},"content":{"rendered":"\n<div class=\"inherit-container-width wp-block-group has-black-color has-white-background-color has-text-color has-background is-layout-constrained wp-container-core-group-is-layout-a52671cf wp-block-group-is-layout-constrained\" style=\"padding-top:0;padding-right:0;padding-bottom:0;padding-left:0\">\n<div class=\"inherit-container-width wp-block-group has-black-color has-white-background-color has-text-color has-background is-layout-constrained wp-container-core-group-is-layout-f98b228d wp-block-group-is-layout-constrained\" style=\"padding-top:var(--wp--preset--spacing--20);padding-right:var(--wp--preset--spacing--20);padding-bottom:var(--wp--preset--spacing--20);padding-left:var(--wp--preset--spacing--20)\">\n<p class=\"has-black-color has-white-background-color has-text-color has-background has-link-color wp-elements-1 wp-block-paragraph\" style=\"margin-top:var(--wp--preset--spacing--40);margin-right:var(--wp--preset--spacing--40);margin-bottom:var(--wp--preset--spacing--40);margin-left:var(--wp--preset--spacing--40);padding-top:0;padding-right:0;padding-bottom:0;padding-left:0\">La libert\u00e9 est bien l\u00e0. Elle est la musique \u00e0 proprement parler, chaque musicien partageant un petit bout de l&rsquo;\u00e2me affranchie de la chevrette&#8230;. Et pour donner corps \u00e0 cette libert\u00e9, pour figurer les aventures de l&rsquo;animal courageux, le metteur en sc\u00e8ne, Fabrice Huggler, les fait sans cesse \u00e9voluer dans l&rsquo;espace sc\u00e9nique. Ils sont la montagne, ils sont les chamois galants qu&rsquo;elle rencontre dans la lambrusque. (Le Temps, 17 d\u00e9cembre 2002, Elisabeth Chardon)<\/p>\n<\/div>\n<\/div>\n","protected":false},"excerpt":{"rendered":"<p>La libert\u00e9 est bien l\u00e0. Elle est la musique \u00e0 proprement parler, chaque musicien partageant un petit bout de l&rsquo;\u00e2me affranchie de la chevrette&#8230;. Et pour donner corps \u00e0 cette libert\u00e9, pour figurer les aventures de l&rsquo;animal courageux, le metteur en sc\u00e8ne, Fabrice Huggler, les fait sans cesse \u00e9voluer dans l&rsquo;espace sc\u00e9nique. Ils sont la &hellip;<\/p>\n<p class=\"read-more\"> <a class=\"\" href=\"https:\/\/fabricehuggler.com\/?page_id=1721\"> <span class=\"screen-reader-text\">La ch\u00e8vre de Monsieur Seguin &#8211; Presse<\/span> Lire la suite\u00a0\u00bb<\/a><\/p>\n","protected":false},"author":1,"featured_media":0,"parent":0,"menu_order":0,"comment_status":"closed","ping_status":"closed","template":"","meta":{"site-sidebar-layout":"default","site-content-layout":"default","ast-global-header-display":"","ast-main-header-display":"","ast-hfb-above-header-display":"","ast-hfb-below-header-display":"","ast-hfb-mobile-header-display":"","site-post-title":"","ast-breadcrumbs-content":"","ast-featured-img":"","footer-sml-layout":"","theme-transparent-header-meta":"","adv-header-id-meta":"","stick-header-meta":"","header-above-stick-meta":"","header-main-stick-meta":"","header-below-stick-meta":"","footnotes":""},"class_list":["post-1721","page","type-page","status-publish","hentry"],"_links":{"self":[{"href":"https:\/\/fabricehuggler.com\/index.php?rest_route=\/wp\/v2\/pages\/1721","targetHints":{"allow":["GET"]}}],"collection":[{"href":"https:\/\/fabricehuggler.com\/index.php?rest_route=\/wp\/v2\/pages"}],"about":[{"href":"https:\/\/fabricehuggler.com\/index.php?rest_route=\/wp\/v2\/types\/page"}],"author":[{"embeddable":true,"href":"https:\/\/fabricehuggler.com\/index.php?rest_route=\/wp\/v2\/users\/1"}],"replies":[{"embeddable":true,"href":"https:\/\/fabricehuggler.com\/index.php?rest_route=%2Fwp%2Fv2%2Fcomments&post=1721"}],"version-history":[{"count":2,"href":"https:\/\/fabricehuggler.com\/index.php?rest_route=\/wp\/v2\/pages\/1721\/revisions"}],"predecessor-version":[{"id":1728,"href":"https:\/\/fabricehuggler.com\/index.php?rest_route=\/wp\/v2\/pages\/1721\/revisions\/1728"}],"wp:attachment":[{"href":"https:\/\/fabricehuggler.com\/index.php?rest_route=%2Fwp%2Fv2%2Fmedia&parent=1721"}],"curies":[{"name":"wp","href":"https:\/\/api.w.org\/{rel}","templated":true}]}}

La chèvre de Monsieur Seguin &#8211; Presse

<div class="inherit-container-width wp-block-group has-black-color has-white-background-color has-text-color has-background is-layout-constrained wp-container-core-group-is-layout-a52671cf wp-block-group-is-layout-constrained" style="padding-top:0;padding-right:0;padding-bottom:0;padding-left:0">
<div class="inherit-container-width wp-block-group has-black-color has-white-background-color has-text-color has-background is-layout-constrained wp-container-core-group-is-layout-f98b228d wp-block-group-is-layout-constrained" style="padding-top:var(--wp--preset--spacing--20);padding-right:var(--wp--preset--spacing--20);padding-bottom:var(--wp--preset--spacing--20);padding-left:var(--wp--preset--spacing--20)">
<p class="has-black-color has-white-background-color has-text-color has-background has-link-color wp-elements-1 wp-block-paragraph" style="margin-top:var(--wp--preset--spacing--40);margin-right:var(--wp--preset--spacing--40);margin-bottom:var(--wp--preset--spacing--40);margin-left:var(--wp--preset--spacing--40);padding-top:0;padding-right:0;padding-bottom:0;padding-left:0">La liberté est bien là. Elle est la musique à proprement parler, chaque musicien partageant un petit bout de l&rsquo;âme affranchie de la chevrette&#8230;. Et pour donner corps à cette liberté, pour figurer les aventures de l&rsquo;animal courageux, le metteur en scène, Fabrice Huggler, les fait sans cesse évoluer dans l&rsquo;espace scénique. Ils sont la montagne, ils sont les chamois galants qu&rsquo;elle rencontre dans la lambrusque. (Le Temps, 17 décembre 2002, Elisabeth Chardon)</p>
</div>
</div>

<p>La liberté est bien là. Elle est la musique à proprement parler, chaque musicien partageant un petit bout de l&rsquo;âme affranchie de la chevrette&#8230;. Et pour donner corps à cette liberté, pour figurer les aventures de l&rsquo;animal courageux, le metteur en scène, Fabrice Huggler, les fait sans cesse évoluer dans l&rsquo;espace scénique. Ils sont la &hellip;</p>
<p class="read-more"> <a class="" href="https://fabricehuggler.com/?page_id=1721"> <span class="screen-reader-text">La chèvre de Monsieur Seguin &#8211; Presse</span> Lire la suite »</a></p>
