{"id":1735,"date":"2023-02-26T14:35:57","date_gmt":"2023-02-26T13:35:57","guid":{"rendered":"https:\/\/fabricehuggler.com\/?page_id=1735"},"modified":"2023-02-26T14:49:34","modified_gmt":"2023-02-26T13:49:34","slug":"hors-de-portee-presse","status":"publish","type":"page","link":"https:\/\/fabricehuggler.com\/?page_id=1735","title":{"rendered":"Hors de port\u00e9e &#8211; Presse"},"content":{"rendered":"\n<div class=\"inherit-container-width wp-block-group has-black-color has-white-background-color has-text-color has-background is-layout-constrained wp-container-core-group-is-layout-a52671cf wp-block-group-is-layout-constrained\" style=\"padding-top:0;padding-right:0;padding-bottom:0;padding-left:0\">\n<div class=\"inherit-container-width wp-block-group has-black-color has-white-background-color has-text-color has-background is-layout-constrained wp-container-core-group-is-layout-f98b228d wp-block-group-is-layout-constrained\" style=\"padding-top:var(--wp--preset--spacing--20);padding-right:var(--wp--preset--spacing--20);padding-bottom:var(--wp--preset--spacing--20);padding-left:var(--wp--preset--spacing--20)\">\n<p class=\"has-black-color has-white-background-color has-text-color has-background has-link-color wp-elements-1 wp-block-paragraph\" style=\"margin-top:var(--wp--preset--spacing--60);margin-right:var(--wp--preset--spacing--60);margin-bottom:var(--wp--preset--spacing--60);margin-left:var(--wp--preset--spacing--60);padding-top:0;padding-right:0;padding-bottom:0;padding-left:0\">La Tribune de Gen\u00e8ve &#8211; 30 juin, 1er juillet 2001 <strong>\u00abUn des plus beaux spectacles de l&rsquo;ann\u00e9e&#8230; Si la qualit\u00e9 d&rsquo;une mise en sc\u00e8ne se mesure parfois \u00e0 sa fa\u00e7on de r\u00e9gler les entr\u00e9es et les sorties, alors il faut commencer par dire que cette fa\u00e7on est ici \u00e9blouissante. Et que les cinq premi\u00e8res minutes vengent \u00e0 elles seules le laminage saisonnier de huit ou dix tristesses successives&#8230; On admire cette cr\u00e9ation musicale qui, au fil des morceaux, constitue comme sa propre m\u00e9moire: une \u00e9paisseur romanesque. Mieux: un po\u00e8me en prose. J&rsquo;irai le r\u00e9\u00e9couter chaque soir, moi ou un autre, en r\u00eavant d\u00e9j\u00e0 \u00e0 sa reprise en salle la saison prochaine.\u00bb <\/strong>Thierry Mertenat<\/p>\n\n\n\n<p class=\"has-black-color has-white-background-color has-text-color has-background has-link-color wp-elements-2 wp-block-paragraph\" style=\"margin-top:var(--wp--preset--spacing--60);margin-right:var(--wp--preset--spacing--60);margin-bottom:var(--wp--preset--spacing--60);margin-left:var(--wp--preset--spacing--60);padding-top:0;padding-right:0;padding-bottom:0;padding-left:0\">L&rsquo;Echo de Limoges &#8211; 2 octobre 2002 <strong>\u00abC&rsquo;est \u00e0 un spectacle original, insolite, suggestif et attrayant que la Fanfare du Loup nous convie au travers de Hors de port\u00e9e mis en sc\u00e8ne adroitement et subtilement par Fabrice Huggler. \u00bb <\/strong>Jacques Morlaud<\/p>\n<\/div>\n<\/div>\n","protected":false},"excerpt":{"rendered":"<p>La Tribune de Gen\u00e8ve &#8211; 30 juin, 1er juillet 2001 \u00abUn des plus beaux spectacles de l&rsquo;ann\u00e9e&#8230; Si la qualit\u00e9 d&rsquo;une mise en sc\u00e8ne se mesure parfois \u00e0 sa fa\u00e7on de r\u00e9gler les entr\u00e9es et les sorties, alors il faut commencer par dire que cette fa\u00e7on est ici \u00e9blouissante. Et que les cinq premi\u00e8res minutes &hellip;<\/p>\n<p class=\"read-more\"> <a class=\"\" href=\"https:\/\/fabricehuggler.com\/?page_id=1735\"> <span class=\"screen-reader-text\">Hors de port\u00e9e &#8211; Presse<\/span> Lire la suite\u00a0\u00bb<\/a><\/p>\n","protected":false},"author":1,"featured_media":0,"parent":0,"menu_order":0,"comment_status":"closed","ping_status":"closed","template":"","meta":{"site-sidebar-layout":"default","site-content-layout":"default","ast-global-header-display":"","ast-main-header-display":"","ast-hfb-above-header-display":"","ast-hfb-below-header-display":"","ast-hfb-mobile-header-display":"","site-post-title":"","ast-breadcrumbs-content":"","ast-featured-img":"","footer-sml-layout":"","theme-transparent-header-meta":"","adv-header-id-meta":"","stick-header-meta":"","header-above-stick-meta":"","header-main-stick-meta":"","header-below-stick-meta":"","footnotes":""},"class_list":["post-1735","page","type-page","status-publish","hentry"],"_links":{"self":[{"href":"https:\/\/fabricehuggler.com\/index.php?rest_route=\/wp\/v2\/pages\/1735","targetHints":{"allow":["GET"]}}],"collection":[{"href":"https:\/\/fabricehuggler.com\/index.php?rest_route=\/wp\/v2\/pages"}],"about":[{"href":"https:\/\/fabricehuggler.com\/index.php?rest_route=\/wp\/v2\/types\/page"}],"author":[{"embeddable":true,"href":"https:\/\/fabricehuggler.com\/index.php?rest_route=\/wp\/v2\/users\/1"}],"replies":[{"embeddable":true,"href":"https:\/\/fabricehuggler.com\/index.php?rest_route=%2Fwp%2Fv2%2Fcomments&post=1735"}],"version-history":[{"count":2,"href":"https:\/\/fabricehuggler.com\/index.php?rest_route=\/wp\/v2\/pages\/1735\/revisions"}],"predecessor-version":[{"id":1770,"href":"https:\/\/fabricehuggler.com\/index.php?rest_route=\/wp\/v2\/pages\/1735\/revisions\/1770"}],"wp:attachment":[{"href":"https:\/\/fabricehuggler.com\/index.php?rest_route=%2Fwp%2Fv2%2Fmedia&parent=1735"}],"curies":[{"name":"wp","href":"https:\/\/api.w.org\/{rel}","templated":true}]}}

Hors de portée &#8211; Presse

<div class="inherit-container-width wp-block-group has-black-color has-white-background-color has-text-color has-background is-layout-constrained wp-container-core-group-is-layout-a52671cf wp-block-group-is-layout-constrained" style="padding-top:0;padding-right:0;padding-bottom:0;padding-left:0">
<div class="inherit-container-width wp-block-group has-black-color has-white-background-color has-text-color has-background is-layout-constrained wp-container-core-group-is-layout-f98b228d wp-block-group-is-layout-constrained" style="padding-top:var(--wp--preset--spacing--20);padding-right:var(--wp--preset--spacing--20);padding-bottom:var(--wp--preset--spacing--20);padding-left:var(--wp--preset--spacing--20)">
<p class="has-black-color has-white-background-color has-text-color has-background has-link-color wp-elements-1 wp-block-paragraph" style="margin-top:var(--wp--preset--spacing--60);margin-right:var(--wp--preset--spacing--60);margin-bottom:var(--wp--preset--spacing--60);margin-left:var(--wp--preset--spacing--60);padding-top:0;padding-right:0;padding-bottom:0;padding-left:0">La Tribune de Genève &#8211; 30 juin, 1er juillet 2001 <strong>«Un des plus beaux spectacles de l&rsquo;année&#8230; Si la qualité d&rsquo;une mise en scène se mesure parfois à sa façon de régler les entrées et les sorties, alors il faut commencer par dire que cette façon est ici éblouissante. Et que les cinq premières minutes vengent à elles seules le laminage saisonnier de huit ou dix tristesses successives&#8230; On admire cette création musicale qui, au fil des morceaux, constitue comme sa propre mémoire: une épaisseur romanesque. Mieux: un poème en prose. J&rsquo;irai le réécouter chaque soir, moi ou un autre, en rêvant déjà à sa reprise en salle la saison prochaine.» </strong>Thierry Mertenat</p>



<p class="has-black-color has-white-background-color has-text-color has-background has-link-color wp-elements-2 wp-block-paragraph" style="margin-top:var(--wp--preset--spacing--60);margin-right:var(--wp--preset--spacing--60);margin-bottom:var(--wp--preset--spacing--60);margin-left:var(--wp--preset--spacing--60);padding-top:0;padding-right:0;padding-bottom:0;padding-left:0">L&rsquo;Echo de Limoges &#8211; 2 octobre 2002 <strong>«C&rsquo;est à un spectacle original, insolite, suggestif et attrayant que la Fanfare du Loup nous convie au travers de Hors de portée mis en scène adroitement et subtilement par Fabrice Huggler. » </strong>Jacques Morlaud</p>
</div>
</div>

<p>La Tribune de Genève &#8211; 30 juin, 1er juillet 2001 «Un des plus beaux spectacles de l&rsquo;année&#8230; Si la qualité d&rsquo;une mise en scène se mesure parfois à sa façon de régler les entrées et les sorties, alors il faut commencer par dire que cette façon est ici éblouissante. Et que les cinq premières minutes &hellip;</p>
<p class="read-more"> <a class="" href="https://fabricehuggler.com/?page_id=1735"> <span class="screen-reader-text">Hors de portée &#8211; Presse</span> Lire la suite »</a></p>
