{"id":1846,"date":"2023-02-26T16:57:28","date_gmt":"2023-02-26T15:57:28","guid":{"rendered":"https:\/\/fabricehuggler.com\/?page_id=1846"},"modified":"2023-02-26T17:07:26","modified_gmt":"2023-02-26T16:07:26","slug":"chacun-sa-verite-intentions","status":"publish","type":"page","link":"https:\/\/fabricehuggler.com\/?page_id=1846","title":{"rendered":"Chacun sa v\u00e9rit\u00e9 &#8211; Intentions"},"content":{"rendered":"\n<div class=\"inherit-container-width wp-block-group has-black-color has-white-background-color has-text-color has-background is-layout-constrained wp-container-core-group-is-layout-a52671cf wp-block-group-is-layout-constrained\" style=\"padding-top:0;padding-right:0;padding-bottom:0;padding-left:0\">\n<div class=\"inherit-container-width wp-block-group has-black-color has-white-background-color has-text-color has-background is-layout-constrained wp-container-core-group-is-layout-f98b228d wp-block-group-is-layout-constrained\" style=\"padding-top:var(--wp--preset--spacing--20);padding-right:var(--wp--preset--spacing--20);padding-bottom:var(--wp--preset--spacing--20);padding-left:var(--wp--preset--spacing--20)\">\n<div class=\"inherit-container-width wp-block-group is-layout-constrained wp-block-group-is-layout-constrained\">\n<div class=\"inherit-container-width wp-block-group is-layout-constrained wp-block-group-is-layout-constrained\">\n<p class=\"has-black-color has-white-background-color has-text-color has-background wp-block-paragraph\" style=\"margin-top:var(--wp--preset--spacing--60);margin-right:var(--wp--preset--spacing--60);margin-bottom:var(--wp--preset--spacing--60);margin-left:var(--wp--preset--spacing--60);padding-top:0;padding-right:0;padding-bottom:0;padding-left:0\"><strong>Laudisi. &#8211; &#8230; Ils ont cr\u00e9\u00e9, elle pour lui, lui pour elle, une illusion qui a la consistance m\u00eame de la r\u00e9alit\u00e9, o\u00f9 ils souhaitent vivre d\u00e9sormais en parfaite harmonie, r\u00e9concili\u00e9s. Et rien, aucun document, ne pourra d\u00e9truire leur propre r\u00e9alit\u00e9 parce que c&rsquo;est \u00e0 l&rsquo;int\u00e9rieur de celle-ci qu&rsquo;ils respirent; ils la voient, ils la sentent, ils la touchent! Tout au plus, c&rsquo;est \u00e0 vous que pourraient servir ces documents, pour assouvir votre stupide curiosit\u00e9. Vous ne les avez pas, et vous voil\u00e0 condamn\u00e9s au merveilleux supplice d&rsquo;avoir devant vous, c\u00f4te \u00e0 c\u00f4te, l\u00e0 l&rsquo;illusion et l\u00e0 la r\u00e9alit\u00e9, et de ne pas pouvoir les distinguer l&rsquo;une de l&rsquo;autre!<\/strong><\/p>\n<\/div>\n\n\n\n<p class=\"has-black-color has-white-background-color has-text-color has-background wp-block-paragraph\" style=\"margin-top:var(--wp--preset--spacing--60);margin-right:var(--wp--preset--spacing--60);margin-bottom:var(--wp--preset--spacing--60);margin-left:var(--wp--preset--spacing--60);padding-top:0;padding-right:0;padding-bottom:0;padding-left:0\">Bien que les traductions d\u00e9j\u00e0 \u00e9dit\u00e9es me donnaient enti\u00e8re satisfaction, j&rsquo;ai voulu, comme premi\u00e8re \u00e9tape de travail, traduire moi- m\u00eame ce texte et m&rsquo;approcher ainsi au plus pr\u00e8s de l&rsquo;\u00e9criture et de la pens\u00e9e de Pirandello. C&rsquo;\u00e9tait une fa\u00e7on d&rsquo;exp\u00e9rimenter les enjeux de la traduction et de me confronter aux dilemmes qu&rsquo;on rencontre parfois au cours d&rsquo;une telle d\u00e9marche. Ces dilemmes, tr\u00e8s justement formul\u00e9s dans l&rsquo;expression italienne \u00ab\u00a0traduttore, traditore\u00a0\u00bb (traducteur, tra\u00eetre), m&rsquo;ont parfois mis dans la m\u00eame situation que les personnages de la pi\u00e8ce, c&rsquo;est-\u00e0-dire face au merveilleux supplice de ne pouvoir choisir entre un mot et un autre. Ce supplice a par exemple atteint son comble avec le mot, particuli\u00e8rement pirandellien, \u00ab\u00a0fantasma\u00a0\u00bb, qui peut se traduire en fran\u00e7ais par \u00ab\u00a0fant\u00f4me\u00a0\u00bb ou \u00ab\u00a0fantasme\u00a0\u00bb. <\/p>\n\n\n\n<p class=\"has-black-color has-white-background-color has-text-color has-background wp-block-paragraph\" style=\"margin-top:var(--wp--preset--spacing--60);margin-right:var(--wp--preset--spacing--60);margin-bottom:var(--wp--preset--spacing--60);margin-left:var(--wp--preset--spacing--60);padding-top:0;padding-right:0;padding-bottom:0;padding-left:0\">Dans mon travail de mise en sc\u00e8ne, j&rsquo;ai ensuite voulu poursuivre une recherche interdisciplinaire. Th\u00e9\u00e2tre et vid\u00e9o se sont c\u00f4toy\u00e9s pour servir une des id\u00e9es ma\u00eetresses de Pirandello, celle du \u00ab\u00a0soi en miroir\u00a0\u00bb. L&rsquo;introduction d&rsquo;un espace parall\u00e8le (une grande image vid\u00e9o compos\u00e9e par 9 t\u00e9l\u00e9viseurs) dans l&rsquo;espace sc\u00e9nique habituel a mis l&rsquo;accent sur l&rsquo;apparence illusoire des lieux et des individus, une forme de \u00ab\u00a0th\u00e9\u00e2tre-virtuel\u00a0\u00bb dans le th\u00e9\u00e2tre. L&rsquo;espace vid\u00e9o, tout d&rsquo;abord lieu d&rsquo;apparition des \u00e9trangers, et l&rsquo;espace sc\u00e9nique, d\u00e9volu aux notables, se transformaient progressivement en vases communicants pour r\u00e9v\u00e9ler la vacuit\u00e9 de l&rsquo;\u00eatre qui n&rsquo;est jamais un moi entier, d\u00e9fini et statique.<\/p>\n<\/div>\n<\/div>\n<\/div>\n","protected":false},"excerpt":{"rendered":"<p>Laudisi. &#8211; &#8230; Ils ont cr\u00e9\u00e9, elle pour lui, lui pour elle, une illusion qui a la consistance m\u00eame de la r\u00e9alit\u00e9, o\u00f9 ils souhaitent vivre d\u00e9sormais en parfaite harmonie, r\u00e9concili\u00e9s. Et rien, aucun document, ne pourra d\u00e9truire leur propre r\u00e9alit\u00e9 parce que c&rsquo;est \u00e0 l&rsquo;int\u00e9rieur de celle-ci qu&rsquo;ils respirent; ils la voient, ils la &hellip;<\/p>\n<p class=\"read-more\"> <a class=\"\" href=\"https:\/\/fabricehuggler.com\/?page_id=1846\"> <span class=\"screen-reader-text\">Chacun sa v\u00e9rit\u00e9 &#8211; Intentions<\/span> Lire la suite\u00a0\u00bb<\/a><\/p>\n","protected":false},"author":1,"featured_media":0,"parent":0,"menu_order":0,"comment_status":"closed","ping_status":"closed","template":"","meta":{"site-sidebar-layout":"default","site-content-layout":"default","ast-global-header-display":"","ast-main-header-display":"","ast-hfb-above-header-display":"","ast-hfb-below-header-display":"","ast-hfb-mobile-header-display":"","site-post-title":"","ast-breadcrumbs-content":"","ast-featured-img":"","footer-sml-layout":"","theme-transparent-header-meta":"","adv-header-id-meta":"","stick-header-meta":"","header-above-stick-meta":"","header-main-stick-meta":"","header-below-stick-meta":"","footnotes":""},"class_list":["post-1846","page","type-page","status-publish","hentry"],"_links":{"self":[{"href":"https:\/\/fabricehuggler.com\/index.php?rest_route=\/wp\/v2\/pages\/1846","targetHints":{"allow":["GET"]}}],"collection":[{"href":"https:\/\/fabricehuggler.com\/index.php?rest_route=\/wp\/v2\/pages"}],"about":[{"href":"https:\/\/fabricehuggler.com\/index.php?rest_route=\/wp\/v2\/types\/page"}],"author":[{"embeddable":true,"href":"https:\/\/fabricehuggler.com\/index.php?rest_route=\/wp\/v2\/users\/1"}],"replies":[{"embeddable":true,"href":"https:\/\/fabricehuggler.com\/index.php?rest_route=%2Fwp%2Fv2%2Fcomments&post=1846"}],"version-history":[{"count":3,"href":"https:\/\/fabricehuggler.com\/index.php?rest_route=\/wp\/v2\/pages\/1846\/revisions"}],"predecessor-version":[{"id":1858,"href":"https:\/\/fabricehuggler.com\/index.php?rest_route=\/wp\/v2\/pages\/1846\/revisions\/1858"}],"wp:attachment":[{"href":"https:\/\/fabricehuggler.com\/index.php?rest_route=%2Fwp%2Fv2%2Fmedia&parent=1846"}],"curies":[{"name":"wp","href":"https:\/\/api.w.org\/{rel}","templated":true}]}}

Chacun sa vérité &#8211; Intentions

<div class="inherit-container-width wp-block-group has-black-color has-white-background-color has-text-color has-background is-layout-constrained wp-container-core-group-is-layout-a52671cf wp-block-group-is-layout-constrained" style="padding-top:0;padding-right:0;padding-bottom:0;padding-left:0">
<div class="inherit-container-width wp-block-group has-black-color has-white-background-color has-text-color has-background is-layout-constrained wp-container-core-group-is-layout-f98b228d wp-block-group-is-layout-constrained" style="padding-top:var(--wp--preset--spacing--20);padding-right:var(--wp--preset--spacing--20);padding-bottom:var(--wp--preset--spacing--20);padding-left:var(--wp--preset--spacing--20)">
<div class="inherit-container-width wp-block-group is-layout-constrained wp-block-group-is-layout-constrained">
<div class="inherit-container-width wp-block-group is-layout-constrained wp-block-group-is-layout-constrained">
<p class="has-black-color has-white-background-color has-text-color has-background wp-block-paragraph" style="margin-top:var(--wp--preset--spacing--60);margin-right:var(--wp--preset--spacing--60);margin-bottom:var(--wp--preset--spacing--60);margin-left:var(--wp--preset--spacing--60);padding-top:0;padding-right:0;padding-bottom:0;padding-left:0"><strong>Laudisi. &#8211; &#8230; Ils ont créé, elle pour lui, lui pour elle, une illusion qui a la consistance même de la réalité, où ils souhaitent vivre désormais en parfaite harmonie, réconciliés. Et rien, aucun document, ne pourra détruire leur propre réalité parce que c&rsquo;est à l&rsquo;intérieur de celle-ci qu&rsquo;ils respirent; ils la voient, ils la sentent, ils la touchent! Tout au plus, c&rsquo;est à vous que pourraient servir ces documents, pour assouvir votre stupide curiosité. Vous ne les avez pas, et vous voilà condamnés au merveilleux supplice d&rsquo;avoir devant vous, côte à côte, là l&rsquo;illusion et là la réalité, et de ne pas pouvoir les distinguer l&rsquo;une de l&rsquo;autre!</strong></p>
</div>



<p class="has-black-color has-white-background-color has-text-color has-background wp-block-paragraph" style="margin-top:var(--wp--preset--spacing--60);margin-right:var(--wp--preset--spacing--60);margin-bottom:var(--wp--preset--spacing--60);margin-left:var(--wp--preset--spacing--60);padding-top:0;padding-right:0;padding-bottom:0;padding-left:0">Bien que les traductions déjà éditées me donnaient entière satisfaction, j&rsquo;ai voulu, comme première étape de travail, traduire moi- même ce texte et m&rsquo;approcher ainsi au plus près de l&rsquo;écriture et de la pensée de Pirandello. C&rsquo;était une façon d&rsquo;expérimenter les enjeux de la traduction et de me confronter aux dilemmes qu&rsquo;on rencontre parfois au cours d&rsquo;une telle démarche. Ces dilemmes, très justement formulés dans l&rsquo;expression italienne « traduttore, traditore » (traducteur, traître), m&rsquo;ont parfois mis dans la même situation que les personnages de la pièce, c&rsquo;est-à-dire face au merveilleux supplice de ne pouvoir choisir entre un mot et un autre. Ce supplice a par exemple atteint son comble avec le mot, particulièrement pirandellien, « fantasma », qui peut se traduire en français par « fantôme » ou « fantasme ». </p>



<p class="has-black-color has-white-background-color has-text-color has-background wp-block-paragraph" style="margin-top:var(--wp--preset--spacing--60);margin-right:var(--wp--preset--spacing--60);margin-bottom:var(--wp--preset--spacing--60);margin-left:var(--wp--preset--spacing--60);padding-top:0;padding-right:0;padding-bottom:0;padding-left:0">Dans mon travail de mise en scène, j&rsquo;ai ensuite voulu poursuivre une recherche interdisciplinaire. Théâtre et vidéo se sont côtoyés pour servir une des idées maîtresses de Pirandello, celle du « soi en miroir ». L&rsquo;introduction d&rsquo;un espace parallèle (une grande image vidéo composée par 9 téléviseurs) dans l&rsquo;espace scénique habituel a mis l&rsquo;accent sur l&rsquo;apparence illusoire des lieux et des individus, une forme de « théâtre-virtuel » dans le théâtre. L&rsquo;espace vidéo, tout d&rsquo;abord lieu d&rsquo;apparition des étrangers, et l&rsquo;espace scénique, dévolu aux notables, se transformaient progressivement en vases communicants pour révéler la vacuité de l&rsquo;être qui n&rsquo;est jamais un moi entier, défini et statique.</p>
</div>
</div>
</div>

<p>Laudisi. &#8211; &#8230; Ils ont créé, elle pour lui, lui pour elle, une illusion qui a la consistance même de la réalité, où ils souhaitent vivre désormais en parfaite harmonie, réconciliés. Et rien, aucun document, ne pourra détruire leur propre réalité parce que c&rsquo;est à l&rsquo;intérieur de celle-ci qu&rsquo;ils respirent; ils la voient, ils la &hellip;</p>
<p class="read-more"> <a class="" href="https://fabricehuggler.com/?page_id=1846"> <span class="screen-reader-text">Chacun sa vérité &#8211; Intentions</span> Lire la suite »</a></p>
