{"id":554,"date":"2023-02-10T13:33:31","date_gmt":"2023-02-10T12:33:31","guid":{"rendered":"https:\/\/fabricehuggler.com\/?page_id=554"},"modified":"2023-02-10T14:03:12","modified_gmt":"2023-02-10T13:03:12","slug":"de-corpore-presse","status":"publish","type":"page","link":"https:\/\/fabricehuggler.com\/?page_id=554","title":{"rendered":"De Corpore &#8211; Presse"},"content":{"rendered":"\n<div class=\"inherit-container-width wp-block-group has-black-color has-white-background-color has-text-color has-background is-layout-constrained wp-container-core-group-is-layout-a52671cf wp-block-group-is-layout-constrained\" style=\"padding-top:0;padding-right:0;padding-bottom:0;padding-left:0\">\n<div class=\"inherit-container-width wp-block-group has-black-color has-white-background-color has-text-color has-background is-layout-constrained wp-container-core-group-is-layout-f98b228d wp-block-group-is-layout-constrained\" style=\"padding-top:var(--wp--preset--spacing--20);padding-right:var(--wp--preset--spacing--20);padding-bottom:var(--wp--preset--spacing--20);padding-left:var(--wp--preset--spacing--20)\">\n<p class=\"has-black-color has-white-background-color has-text-color has-background wp-block-paragraph\" style=\"margin-top:var(--wp--preset--spacing--40);margin-right:var(--wp--preset--spacing--40);margin-bottom:var(--wp--preset--spacing--40);margin-left:var(--wp--preset--spacing--40);padding-top:0;padding-right:0;padding-bottom:0;padding-left:0;font-style:normal;font-weight:700\">Au Galpon, \u00e0 Gen\u00e8ve, \u00ab\u00a0De Corpore\u00a0\u00bb d\u00e9joue les vides et les pleins. Une qu\u00eate profonde de Fabrice Huggler, combl\u00e9e par le corps. <\/p>\n\n\n\n<p class=\"has-black-color has-white-background-color has-text-color has-background has-link-color wp-elements-1 wp-block-paragraph\" style=\"margin-top:var(--wp--preset--spacing--40);margin-right:var(--wp--preset--spacing--40);margin-bottom:var(--wp--preset--spacing--40);margin-left:var(--wp--preset--spacing--40);padding-top:0;padding-right:0;padding-bottom:0;padding-left:0\">L&rsquo;aube du monde ou bien la fin? D&#8217;embl\u00e9e, la musique gronde et l&rsquo;on ne sait plus tr\u00e8s bien. Ce dont on est s\u00fbr, c&rsquo;est qu&rsquo;on croirait entendre d\u00e9coller un 747 faisant fr\u00e9mir le corps dans un transport cataclysmique. Le rendez-vous est th\u00e9\u00e2tral&#8230; Chez le metteur en sc\u00e8ne Fabrice Huggler, il y a cette fa\u00e7on troublante de questionner le perceptible, de blackbouler nos certitudes, en prenant le contre-pied permanent du visible et de l&rsquo;invisible. De l&rsquo;apparition et de la disparition. De la vie qui anime le corps aujourd&rsquo;hui, de la poussi\u00e8re de cendres blanches qu&rsquo;il deviendra demain. De l&rsquo;humain et du divin. La derni\u00e8re cr\u00e9ation du Neuch\u00e2telois est un territoire de contrastes&#8230; (Le Courrier, 29 f\u00e9vrier 2012, C\u00e9cile Dalla Torre)<\/p>\n<\/div>\n\n\n\n<p class=\"has-black-color has-white-background-color has-text-color has-background wp-block-paragraph\" style=\"margin-top:var(--wp--preset--spacing--40);margin-right:var(--wp--preset--spacing--40);margin-bottom:var(--wp--preset--spacing--40);margin-left:var(--wp--preset--spacing--40);padding-top:0;padding-right:0;padding-bottom:0;padding-left:0\">L&rsquo;article complet se trouve dans le menu \u00ab\u00a0Presse\u00a0\u00bb<\/p>\n<\/div>\n","protected":false},"excerpt":{"rendered":"<p>Au Galpon, \u00e0 Gen\u00e8ve, \u00ab\u00a0De Corpore\u00a0\u00bb d\u00e9joue les vides et les pleins. Une qu\u00eate profonde de Fabrice Huggler, combl\u00e9e par le corps. L&rsquo;aube du monde ou bien la fin? D&#8217;embl\u00e9e, la musique gronde et l&rsquo;on ne sait plus tr\u00e8s bien. Ce dont on est s\u00fbr, c&rsquo;est qu&rsquo;on croirait entendre d\u00e9coller un 747 faisant fr\u00e9mir le &hellip;<\/p>\n<p class=\"read-more\"> <a class=\"\" href=\"https:\/\/fabricehuggler.com\/?page_id=554\"> <span class=\"screen-reader-text\">De Corpore &#8211; Presse<\/span> Lire la suite\u00a0\u00bb<\/a><\/p>\n","protected":false},"author":1,"featured_media":0,"parent":0,"menu_order":0,"comment_status":"closed","ping_status":"closed","template":"","meta":{"site-sidebar-layout":"default","site-content-layout":"default","ast-global-header-display":"","ast-main-header-display":"","ast-hfb-above-header-display":"","ast-hfb-below-header-display":"","ast-hfb-mobile-header-display":"","site-post-title":"","ast-breadcrumbs-content":"","ast-featured-img":"","footer-sml-layout":"","theme-transparent-header-meta":"","adv-header-id-meta":"","stick-header-meta":"","header-above-stick-meta":"","header-main-stick-meta":"","header-below-stick-meta":"","footnotes":""},"class_list":["post-554","page","type-page","status-publish","hentry"],"_links":{"self":[{"href":"https:\/\/fabricehuggler.com\/index.php?rest_route=\/wp\/v2\/pages\/554","targetHints":{"allow":["GET"]}}],"collection":[{"href":"https:\/\/fabricehuggler.com\/index.php?rest_route=\/wp\/v2\/pages"}],"about":[{"href":"https:\/\/fabricehuggler.com\/index.php?rest_route=\/wp\/v2\/types\/page"}],"author":[{"embeddable":true,"href":"https:\/\/fabricehuggler.com\/index.php?rest_route=\/wp\/v2\/users\/1"}],"replies":[{"embeddable":true,"href":"https:\/\/fabricehuggler.com\/index.php?rest_route=%2Fwp%2Fv2%2Fcomments&post=554"}],"version-history":[{"count":8,"href":"https:\/\/fabricehuggler.com\/index.php?rest_route=\/wp\/v2\/pages\/554\/revisions"}],"predecessor-version":[{"id":581,"href":"https:\/\/fabricehuggler.com\/index.php?rest_route=\/wp\/v2\/pages\/554\/revisions\/581"}],"wp:attachment":[{"href":"https:\/\/fabricehuggler.com\/index.php?rest_route=%2Fwp%2Fv2%2Fmedia&parent=554"}],"curies":[{"name":"wp","href":"https:\/\/api.w.org\/{rel}","templated":true}]}}

<div class="inherit-container-width wp-block-group has-black-color has-white-background-color has-text-color has-background is-layout-constrained wp-container-core-group-is-layout-a52671cf wp-block-group-is-layout-constrained" style="padding-top:0;padding-right:0;padding-bottom:0;padding-left:0">
<div class="inherit-container-width wp-block-group has-black-color has-white-background-color has-text-color has-background is-layout-constrained wp-container-core-group-is-layout-f98b228d wp-block-group-is-layout-constrained" style="padding-top:var(--wp--preset--spacing--20);padding-right:var(--wp--preset--spacing--20);padding-bottom:var(--wp--preset--spacing--20);padding-left:var(--wp--preset--spacing--20)">
<p class="has-black-color has-white-background-color has-text-color has-background wp-block-paragraph" style="margin-top:var(--wp--preset--spacing--40);margin-right:var(--wp--preset--spacing--40);margin-bottom:var(--wp--preset--spacing--40);margin-left:var(--wp--preset--spacing--40);padding-top:0;padding-right:0;padding-bottom:0;padding-left:0;font-style:normal;font-weight:700">Au Galpon, à Genève, « De Corpore » déjoue les vides et les pleins. Une quête profonde de Fabrice Huggler, comblée par le corps. </p>



<p class="has-black-color has-white-background-color has-text-color has-background has-link-color wp-elements-1 wp-block-paragraph" style="margin-top:var(--wp--preset--spacing--40);margin-right:var(--wp--preset--spacing--40);margin-bottom:var(--wp--preset--spacing--40);margin-left:var(--wp--preset--spacing--40);padding-top:0;padding-right:0;padding-bottom:0;padding-left:0">L&rsquo;aube du monde ou bien la fin? D&#8217;emblée, la musique gronde et l&rsquo;on ne sait plus très bien. Ce dont on est sûr, c&rsquo;est qu&rsquo;on croirait entendre décoller un 747 faisant frémir le corps dans un transport cataclysmique. Le rendez-vous est théâtral&#8230; Chez le metteur en scène Fabrice Huggler, il y a cette façon troublante de questionner le perceptible, de blackbouler nos certitudes, en prenant le contre-pied permanent du visible et de l&rsquo;invisible. De l&rsquo;apparition et de la disparition. De la vie qui anime le corps aujourd&rsquo;hui, de la poussière de cendres blanches qu&rsquo;il deviendra demain. De l&rsquo;humain et du divin. La dernière création du Neuchâtelois est un territoire de contrastes&#8230; (Le Courrier, 29 février 2012, Cécile Dalla Torre)</p>
</div>



<p class="has-black-color has-white-background-color has-text-color has-background wp-block-paragraph" style="margin-top:var(--wp--preset--spacing--40);margin-right:var(--wp--preset--spacing--40);margin-bottom:var(--wp--preset--spacing--40);margin-left:var(--wp--preset--spacing--40);padding-top:0;padding-right:0;padding-bottom:0;padding-left:0">L&rsquo;article complet se trouve dans le menu « Presse »</p>
</div>

<p>Au Galpon, à Genève, « De Corpore » déjoue les vides et les pleins. Une quête profonde de Fabrice Huggler, comblée par le corps. L&rsquo;aube du monde ou bien la fin? D&#8217;emblée, la musique gronde et l&rsquo;on ne sait plus très bien. Ce dont on est sûr, c&rsquo;est qu&rsquo;on croirait entendre décoller un 747 faisant frémir le &hellip;</p>
<p class="read-more"> <a class="" href="https://fabricehuggler.com/?page_id=554"> <span class="screen-reader-text">De Corpore &#8211; Presse</span> Lire la suite »</a></p>
