{"id":596,"date":"2023-02-10T14:22:15","date_gmt":"2023-02-10T13:22:15","guid":{"rendered":"https:\/\/fabricehuggler.com\/?page_id=596"},"modified":"2023-02-10T14:25:17","modified_gmt":"2023-02-10T13:25:17","slug":"la-lumiere-antigone-presse","status":"publish","type":"page","link":"https:\/\/fabricehuggler.com\/?page_id=596","title":{"rendered":"La lumi\u00e8re Antigone &#8211; Presse"},"content":{"rendered":"\n<div class=\"inherit-container-width wp-block-group has-black-color has-white-background-color has-text-color has-background is-layout-constrained wp-container-core-group-is-layout-a52671cf wp-block-group-is-layout-constrained\" style=\"padding-top:0;padding-right:0;padding-bottom:0;padding-left:0\">\n<div class=\"inherit-container-width wp-block-group has-black-color has-white-background-color has-text-color has-background is-layout-constrained wp-container-core-group-is-layout-f98b228d wp-block-group-is-layout-constrained\" style=\"padding-top:var(--wp--preset--spacing--20);padding-right:var(--wp--preset--spacing--20);padding-bottom:var(--wp--preset--spacing--20);padding-left:var(--wp--preset--spacing--20)\">\n<p class=\"has-black-color has-white-background-color has-text-color has-background has-link-color wp-elements-1 wp-block-paragraph\" style=\"margin-top:var(--wp--preset--spacing--60);margin-right:var(--wp--preset--spacing--60);margin-bottom:var(--wp--preset--spacing--60);margin-left:var(--wp--preset--spacing--60);padding-top:0;padding-right:0;padding-bottom:0;padding-left:0\">L&rsquo;Express, L&rsquo;Impartial &#8211; 21 septembre 2012 <strong>\u00abPour relever le d\u00e9fi, son choix s&rsquo;est port\u00e9 sur deux interpr\u00e8tes de toute grande qualit\u00e9, Tomoko Taguchi et Jo\u00eblle Charlier, l&rsquo;une japonaise l&rsquo;autre belge&#8230; Des images projet\u00e9es accompagneront elles aussi les deux femmes; des images d&rsquo;une grande sobri\u00e9t\u00e9, qui font \u00e9cho \u00e0 la langue \u00ab\u00a0tr\u00e8s \u00e9pur\u00e9e\u00a0\u00bb de Bauchau, appr\u00e9cie le compositeur, sid\u00e9r\u00e9 par le travail de Fabrice Huggler, directeur sc\u00e8nique, et de Fr\u00e9d\u00e9ric Choffat, cin\u00e9aste&#8230; En Pierre-Alain Monot, chef du NEC, le Belge a trouv\u00e9 un lecteur \u00e9m\u00e9rite de sa partition. L&rsquo;un de ceux capable de lui faire d\u00e9couvrir des choses dans sa propre musique&#8230;\u00bb <\/strong>Dominique Bosshard<\/p>\n\n\n\n<p class=\"has-black-color has-white-background-color has-text-color has-background has-link-color wp-elements-2 wp-block-paragraph\" style=\"margin-top:var(--wp--preset--spacing--60);margin-right:var(--wp--preset--spacing--60);margin-bottom:var(--wp--preset--spacing--60);margin-left:var(--wp--preset--spacing--60);padding-top:0;padding-right:0;padding-bottom:0;padding-left:0\">Le Courrier &#8211; 26 septembre 2012 <strong>\u00abLe Temple allemand de La Chaux-de-Fonds recevait ce week-end le Nouvel Ensemble Contemporain dirig\u00e9 par Pierre-Alain Monot pour la premi\u00e8re repr\u00e9sentation de La Lumi\u00e8re Antigone. L\u2019op\u00e9ra, jou\u00e9 quelques heures apr\u00e8s la disparition de l\u2019\u00e9crivain Henry Bauchau (99 ans), confronte le personnage de son roman \u00e0 sa post\u00e9rit\u00e9 artistique \u00e0 travers les conflits de l\u2019Histoire. A l\u2019image du r\u00e9cit d\u2019Hannah, la mise en sc\u00e8ne de Fabrice Huggler, sombre et transparente, concr\u00e9tise la modernit\u00e9 atemporelle du mythe. Chaque mot est surpris dans sa musicalit\u00e9. \u00abLes sons que j\u2019entends encore sont trop purs, trop limpides, bien trop immenses pour que je puisse leur survivre\u00bb, soufflait l\u2019Antigone de Bauchau au fond de son tombeau. Dans les tripes des deux interpr\u00e8tes (Tomoko Taguchi et Jo\u00eblle Charlier), la m\u00eame tension. Presque asphyxiante.\u00bb <\/strong>Marie Beer<\/p>\n\n\n\n<p class=\"has-black-color has-white-background-color has-text-color has-background has-link-color wp-elements-3 wp-block-paragraph\" style=\"margin-top:var(--wp--preset--spacing--60);margin-right:var(--wp--preset--spacing--60);margin-bottom:var(--wp--preset--spacing--60);margin-left:var(--wp--preset--spacing--60);padding-top:0;padding-right:0;padding-bottom:0;padding-left:0\">L&rsquo;Express, L&rsquo;Impartial &#8211; 25 septembre 2012 <strong>\u00abPour assister \u00e0 un myst\u00e8re tel que \u00ab\u00a0La Lumi\u00e8re Antigone\u00a0\u00bb, le coeur du Temple allemand constitue un lieu propice. Au fond d&rsquo;une caverne se trouve emmur\u00e9e la princesse Antigone r\u00e9volt\u00e9e par son sort. Son lamento de proscrite (modul\u00e9 par la hi\u00e9ratique soprano Tomoko Taguchi) se teinte tant\u00f4t de m\u00e9lancolie tant\u00f4t de col\u00e8re&#8230; Le Nouvel Ensemble Contemporain (NEC) a traduit avec pr\u00e9cision l&rsquo;alternance du spirituel et du charnel qui travers la musique de Pierre Bartholom\u00e9e&#8230; Au seuil de la mort, la fille d&rsquo;Oedipe et de Jocaste se d\u00e9couvre une lointaine h\u00e9riti\u00e8re, Hannah (interpr\u00e9t\u00e9e par la messo Jo\u00eblle Charlier, lumineuse), qui perp\u00e9tue au th\u00e9\u00e2tre le geste de son anc\u00eatre. Leur dialogue \u00e0 travers les \u00e2ges est soutenu par la structure sc\u00e9nique en miroir (\u00e0 gauche du public, cordes et vents, marimba; \u00e0 droite piano, percussions) et magnifi\u00e9 par une vid\u00e9o (de Fr\u00e9d\u00e9ric Choffat) sur grand \u00e9cran au milieu de la sc\u00e8ne, o\u00f9 le visage et les bustes des protagonistes s&rsquo;affichent, s&rsquo;effacent, se confondent. La toile immacul\u00e9e se couvre d&rsquo;une mosa\u00efque d&rsquo;images guerri\u00e8res lorsque Hannah, notre soeur, chante \u00e0 son tour la fureur du monde contemporain.\u00bb <\/strong>Didier Delacroix<\/p>\n<\/div>\n<\/div>\n","protected":false},"excerpt":{"rendered":"<p>L&rsquo;Express, L&rsquo;Impartial &#8211; 21 septembre 2012 \u00abPour relever le d\u00e9fi, son choix s&rsquo;est port\u00e9 sur deux interpr\u00e8tes de toute grande qualit\u00e9, Tomoko Taguchi et Jo\u00eblle Charlier, l&rsquo;une japonaise l&rsquo;autre belge&#8230; Des images projet\u00e9es accompagneront elles aussi les deux femmes; des images d&rsquo;une grande sobri\u00e9t\u00e9, qui font \u00e9cho \u00e0 la langue \u00ab\u00a0tr\u00e8s \u00e9pur\u00e9e\u00a0\u00bb de Bauchau, appr\u00e9cie &hellip;<\/p>\n<p class=\"read-more\"> <a class=\"\" href=\"https:\/\/fabricehuggler.com\/?page_id=596\"> <span class=\"screen-reader-text\">La lumi\u00e8re Antigone &#8211; Presse<\/span> Lire la suite\u00a0\u00bb<\/a><\/p>\n","protected":false},"author":1,"featured_media":0,"parent":0,"menu_order":0,"comment_status":"closed","ping_status":"closed","template":"","meta":{"site-sidebar-layout":"default","site-content-layout":"default","ast-global-header-display":"","ast-main-header-display":"","ast-hfb-above-header-display":"","ast-hfb-below-header-display":"","ast-hfb-mobile-header-display":"","site-post-title":"","ast-breadcrumbs-content":"","ast-featured-img":"","footer-sml-layout":"","theme-transparent-header-meta":"","adv-header-id-meta":"","stick-header-meta":"","header-above-stick-meta":"","header-main-stick-meta":"","header-below-stick-meta":"","footnotes":""},"class_list":["post-596","page","type-page","status-publish","hentry"],"_links":{"self":[{"href":"https:\/\/fabricehuggler.com\/index.php?rest_route=\/wp\/v2\/pages\/596","targetHints":{"allow":["GET"]}}],"collection":[{"href":"https:\/\/fabricehuggler.com\/index.php?rest_route=\/wp\/v2\/pages"}],"about":[{"href":"https:\/\/fabricehuggler.com\/index.php?rest_route=\/wp\/v2\/types\/page"}],"author":[{"embeddable":true,"href":"https:\/\/fabricehuggler.com\/index.php?rest_route=\/wp\/v2\/users\/1"}],"replies":[{"embeddable":true,"href":"https:\/\/fabricehuggler.com\/index.php?rest_route=%2Fwp%2Fv2%2Fcomments&post=596"}],"version-history":[{"count":2,"href":"https:\/\/fabricehuggler.com\/index.php?rest_route=\/wp\/v2\/pages\/596\/revisions"}],"predecessor-version":[{"id":600,"href":"https:\/\/fabricehuggler.com\/index.php?rest_route=\/wp\/v2\/pages\/596\/revisions\/600"}],"wp:attachment":[{"href":"https:\/\/fabricehuggler.com\/index.php?rest_route=%2Fwp%2Fv2%2Fmedia&parent=596"}],"curies":[{"name":"wp","href":"https:\/\/api.w.org\/{rel}","templated":true}]}}

La lumière Antigone &#8211; Presse

<div class="inherit-container-width wp-block-group has-black-color has-white-background-color has-text-color has-background is-layout-constrained wp-container-core-group-is-layout-a52671cf wp-block-group-is-layout-constrained" style="padding-top:0;padding-right:0;padding-bottom:0;padding-left:0">
<div class="inherit-container-width wp-block-group has-black-color has-white-background-color has-text-color has-background is-layout-constrained wp-container-core-group-is-layout-f98b228d wp-block-group-is-layout-constrained" style="padding-top:var(--wp--preset--spacing--20);padding-right:var(--wp--preset--spacing--20);padding-bottom:var(--wp--preset--spacing--20);padding-left:var(--wp--preset--spacing--20)">
<p class="has-black-color has-white-background-color has-text-color has-background has-link-color wp-elements-1 wp-block-paragraph" style="margin-top:var(--wp--preset--spacing--60);margin-right:var(--wp--preset--spacing--60);margin-bottom:var(--wp--preset--spacing--60);margin-left:var(--wp--preset--spacing--60);padding-top:0;padding-right:0;padding-bottom:0;padding-left:0">L&rsquo;Express, L&rsquo;Impartial &#8211; 21 septembre 2012 <strong>«Pour relever le défi, son choix s&rsquo;est porté sur deux interprètes de toute grande qualité, Tomoko Taguchi et Joëlle Charlier, l&rsquo;une japonaise l&rsquo;autre belge&#8230; Des images projetées accompagneront elles aussi les deux femmes; des images d&rsquo;une grande sobriété, qui font écho à la langue « très épurée » de Bauchau, apprécie le compositeur, sidéré par le travail de Fabrice Huggler, directeur scènique, et de Frédéric Choffat, cinéaste&#8230; En Pierre-Alain Monot, chef du NEC, le Belge a trouvé un lecteur émérite de sa partition. L&rsquo;un de ceux capable de lui faire découvrir des choses dans sa propre musique&#8230;» </strong>Dominique Bosshard</p>



<p class="has-black-color has-white-background-color has-text-color has-background has-link-color wp-elements-2 wp-block-paragraph" style="margin-top:var(--wp--preset--spacing--60);margin-right:var(--wp--preset--spacing--60);margin-bottom:var(--wp--preset--spacing--60);margin-left:var(--wp--preset--spacing--60);padding-top:0;padding-right:0;padding-bottom:0;padding-left:0">Le Courrier &#8211; 26 septembre 2012 <strong>«Le Temple allemand de La Chaux-de-Fonds recevait ce week-end le Nouvel Ensemble Contemporain dirigé par Pierre-Alain Monot pour la première représentation de La Lumière Antigone. L’opéra, joué quelques heures après la disparition de l’écrivain Henry Bauchau (99 ans), confronte le personnage de son roman à sa postérité artistique à travers les conflits de l’Histoire. A l’image du récit d’Hannah, la mise en scène de Fabrice Huggler, sombre et transparente, concrétise la modernité atemporelle du mythe. Chaque mot est surpris dans sa musicalité. «Les sons que j’entends encore sont trop purs, trop limpides, bien trop immenses pour que je puisse leur survivre», soufflait l’Antigone de Bauchau au fond de son tombeau. Dans les tripes des deux interprètes (Tomoko Taguchi et Joëlle Charlier), la même tension. Presque asphyxiante.» </strong>Marie Beer</p>



<p class="has-black-color has-white-background-color has-text-color has-background has-link-color wp-elements-3 wp-block-paragraph" style="margin-top:var(--wp--preset--spacing--60);margin-right:var(--wp--preset--spacing--60);margin-bottom:var(--wp--preset--spacing--60);margin-left:var(--wp--preset--spacing--60);padding-top:0;padding-right:0;padding-bottom:0;padding-left:0">L&rsquo;Express, L&rsquo;Impartial &#8211; 25 septembre 2012 <strong>«Pour assister à un mystère tel que « La Lumière Antigone », le coeur du Temple allemand constitue un lieu propice. Au fond d&rsquo;une caverne se trouve emmurée la princesse Antigone révoltée par son sort. Son lamento de proscrite (modulé par la hiératique soprano Tomoko Taguchi) se teinte tantôt de mélancolie tantôt de colère&#8230; Le Nouvel Ensemble Contemporain (NEC) a traduit avec précision l&rsquo;alternance du spirituel et du charnel qui travers la musique de Pierre Bartholomée&#8230; Au seuil de la mort, la fille d&rsquo;Oedipe et de Jocaste se découvre une lointaine héritière, Hannah (interprétée par la messo Joëlle Charlier, lumineuse), qui perpétue au théâtre le geste de son ancêtre. Leur dialogue à travers les âges est soutenu par la structure scénique en miroir (à gauche du public, cordes et vents, marimba; à droite piano, percussions) et magnifié par une vidéo (de Frédéric Choffat) sur grand écran au milieu de la scène, où le visage et les bustes des protagonistes s&rsquo;affichent, s&rsquo;effacent, se confondent. La toile immaculée se couvre d&rsquo;une mosaïque d&rsquo;images guerrières lorsque Hannah, notre soeur, chante à son tour la fureur du monde contemporain.» </strong>Didier Delacroix</p>
</div>
</div>

<p>L&rsquo;Express, L&rsquo;Impartial &#8211; 21 septembre 2012 «Pour relever le défi, son choix s&rsquo;est porté sur deux interprètes de toute grande qualité, Tomoko Taguchi et Joëlle Charlier, l&rsquo;une japonaise l&rsquo;autre belge&#8230; Des images projetées accompagneront elles aussi les deux femmes; des images d&rsquo;une grande sobriété, qui font écho à la langue « très épurée » de Bauchau, apprécie &hellip;</p>
<p class="read-more"> <a class="" href="https://fabricehuggler.com/?page_id=596"> <span class="screen-reader-text">La lumière Antigone &#8211; Presse</span> Lire la suite »</a></p>
