{"id":930,"date":"2023-02-12T14:34:11","date_gmt":"2023-02-12T13:34:11","guid":{"rendered":"https:\/\/fabricehuggler.com\/?page_id=930"},"modified":"2023-02-12T14:43:24","modified_gmt":"2023-02-12T13:43:24","slug":"variete-presse","status":"publish","type":"page","link":"https:\/\/fabricehuggler.com\/?page_id=930","title":{"rendered":"Vari\u00e9t\u00e9 &#8211; Presse"},"content":{"rendered":"\n<div class=\"inherit-container-width wp-block-group has-black-color has-white-background-color has-text-color has-background is-layout-constrained wp-container-core-group-is-layout-a52671cf wp-block-group-is-layout-constrained\" style=\"padding-top:0;padding-right:0;padding-bottom:0;padding-left:0\">\n<div class=\"inherit-container-width wp-block-group has-black-color has-white-background-color has-text-color has-background is-layout-constrained wp-container-core-group-is-layout-f98b228d wp-block-group-is-layout-constrained\" style=\"padding-top:var(--wp--preset--spacing--20);padding-right:var(--wp--preset--spacing--20);padding-bottom:var(--wp--preset--spacing--20);padding-left:var(--wp--preset--spacing--20)\">\n<p class=\"has-black-color has-white-background-color has-text-color has-background wp-block-paragraph\" style=\"margin-top:var(--wp--preset--spacing--40);margin-right:var(--wp--preset--spacing--40);margin-bottom:var(--wp--preset--spacing--40);margin-left:var(--wp--preset--spacing--40);padding-top:0;padding-right:0;padding-bottom:0;padding-left:0;font-style:normal;font-weight:700\">La Chaux-de-Fonds: l&rsquo;\u00e9motion au rendez-vous d&rsquo;un spectacle qui jongle entre cirque et musique<\/p>\n\n\n\n<p class=\"has-black-color has-white-background-color has-text-color has-background wp-block-paragraph\" style=\"margin-top:var(--wp--preset--spacing--60);margin-right:var(--wp--preset--spacing--60);margin-bottom:var(--wp--preset--spacing--60);margin-left:var(--wp--preset--spacing--60);padding-top:0;padding-right:0;padding-bottom:0;padding-left:0\">Au d\u00e9part il y a le silence, la lenteur dans ce Temple allemand d\u00e9cr\u00e9pi et nostalgique, lieu de cr\u00e9ation. Chaque geste est pes\u00e9, ralenti, circonspect. La musique de l\u2019argentin Mauricio Kagel surgit de l\u2019ensemble instrumental.<\/p>\n\n\n\n<p class=\"has-black-color has-white-background-color has-text-color has-background wp-block-paragraph\" style=\"margin-top:var(--wp--preset--spacing--60);margin-right:var(--wp--preset--spacing--60);margin-bottom:var(--wp--preset--spacing--60);margin-left:var(--wp--preset--spacing--60);padding-top:0;padding-right:0;padding-bottom:0;padding-left:0\">La partition reprend quelques codes de la musique de cirque: trompette bouch\u00e9e, tr\u00e9molos de piano, ligne de saxophone, rythmes soutenus.<\/p>\n\n\n\n<p class=\"has-black-color has-white-background-color has-text-color has-background wp-block-paragraph\" style=\"margin-top:var(--wp--preset--spacing--60);margin-right:var(--wp--preset--spacing--60);margin-bottom:var(--wp--preset--spacing--60);margin-left:var(--wp--preset--spacing--60);padding-top:0;padding-right:0;padding-bottom:0;padding-left:0\">Cr\u00e9\u00e9e \u00e0 Metz en 1977, \u00abVari\u00e9t\u00e9\u00bb interroge les codes de la musique du cirque pour en faire une composition r\u00e9solument contemporaine. Les six musiciens font vivre cette musique avec \u00e9l\u00e9gance et pr\u00e9cision. Ils la jouent au sens premier du terme, acteurs parmi les athl\u00e8tes et les instruments. Petit ensemble de chambre aux multiples facettes, aux couleurs infinies, habillant le Temple allemand.<\/p>\n\n\n\n<p class=\"has-black-color has-white-background-color has-text-color has-background wp-block-paragraph\" style=\"margin-top:var(--wp--preset--spacing--60);margin-right:var(--wp--preset--spacing--60);margin-bottom:var(--wp--preset--spacing--60);margin-left:var(--wp--preset--spacing--60);padding-top:0;padding-right:0;padding-bottom:0;padding-left:0\">Sur sc\u00e8ne, les six artistes de cirque offrent un spectacle d\u2019une profondeur cr\u00e9atrice qui s\u2019apparente \u00e0 la danse et \u00e0 la sculpture, illustrant la musique de Kagel dans une recherche esth\u00e9tique et \u00e9motionnelle. L\u2019espace du temple, sa sc\u00e8ne, son balcon, la hauteur de son plafond sont mis en valeur dans une mise en mouvement originale.<\/p>\n\n\n\n<p class=\"has-black-color has-white-background-color has-text-color has-background wp-block-paragraph\" style=\"margin-top:var(--wp--preset--spacing--60);margin-right:var(--wp--preset--spacing--60);margin-bottom:var(--wp--preset--spacing--60);margin-left:var(--wp--preset--spacing--60);padding-top:0;padding-right:0;padding-bottom:0;padding-left:0\">Toutes les techniques du cirque, trap\u00e8ze, port\u00e9s, tissu a\u00e9rien, cerceau sont transcend\u00e9es dans une relation artistique et esth\u00e9tique d\u2019une intensit\u00e9 magique.<\/p>\n\n\n\n<p class=\"has-black-color has-white-background-color has-text-color has-background wp-block-paragraph\" style=\"margin-top:var(--wp--preset--spacing--60);margin-right:var(--wp--preset--spacing--60);margin-bottom:var(--wp--preset--spacing--60);margin-left:var(--wp--preset--spacing--60);padding-top:0;padding-right:0;padding-bottom:0;padding-left:0\">De la musique \u00e0 la mise en sc\u00e8ne, aux costumes, aux lumi\u00e8res, \u00e0 la qualit\u00e9 des artistes, tout nous a profond\u00e9ment \u00e9mu dans cette production. Courez au Temple allemand le week-end prochain!<\/p>\n\n\n\n<p class=\"has-black-color has-white-background-color has-text-color has-background has-link-color wp-elements-1 wp-block-paragraph\" style=\"margin-top:var(--wp--preset--spacing--40);margin-right:var(--wp--preset--spacing--40);margin-bottom:var(--wp--preset--spacing--40);margin-left:var(--wp--preset--spacing--40);padding-top:0;padding-right:0;padding-bottom:0;padding-left:0\">(ArcInfo, 29 octobre 2019, Saskia Guye)<\/p>\n<\/div>\n<\/div>\n","protected":false},"excerpt":{"rendered":"<p>La Chaux-de-Fonds: l&rsquo;\u00e9motion au rendez-vous d&rsquo;un spectacle qui jongle entre cirque et musique Au d\u00e9part il y a le silence, la lenteur dans ce Temple allemand d\u00e9cr\u00e9pi et nostalgique, lieu de cr\u00e9ation. Chaque geste est pes\u00e9, ralenti, circonspect. La musique de l\u2019argentin Mauricio Kagel surgit de l\u2019ensemble instrumental. La partition reprend quelques codes de la &hellip;<\/p>\n<p class=\"read-more\"> <a class=\"\" href=\"https:\/\/fabricehuggler.com\/?page_id=930\"> <span class=\"screen-reader-text\">Vari\u00e9t\u00e9 &#8211; Presse<\/span> Lire la suite\u00a0\u00bb<\/a><\/p>\n","protected":false},"author":1,"featured_media":0,"parent":0,"menu_order":0,"comment_status":"closed","ping_status":"closed","template":"","meta":{"site-sidebar-layout":"default","site-content-layout":"default","ast-global-header-display":"","ast-main-header-display":"","ast-hfb-above-header-display":"","ast-hfb-below-header-display":"","ast-hfb-mobile-header-display":"","site-post-title":"","ast-breadcrumbs-content":"","ast-featured-img":"","footer-sml-layout":"","theme-transparent-header-meta":"","adv-header-id-meta":"","stick-header-meta":"","header-above-stick-meta":"","header-main-stick-meta":"","header-below-stick-meta":"","footnotes":""},"class_list":["post-930","page","type-page","status-publish","hentry"],"_links":{"self":[{"href":"https:\/\/fabricehuggler.com\/index.php?rest_route=\/wp\/v2\/pages\/930","targetHints":{"allow":["GET"]}}],"collection":[{"href":"https:\/\/fabricehuggler.com\/index.php?rest_route=\/wp\/v2\/pages"}],"about":[{"href":"https:\/\/fabricehuggler.com\/index.php?rest_route=\/wp\/v2\/types\/page"}],"author":[{"embeddable":true,"href":"https:\/\/fabricehuggler.com\/index.php?rest_route=\/wp\/v2\/users\/1"}],"replies":[{"embeddable":true,"href":"https:\/\/fabricehuggler.com\/index.php?rest_route=%2Fwp%2Fv2%2Fcomments&post=930"}],"version-history":[{"count":4,"href":"https:\/\/fabricehuggler.com\/index.php?rest_route=\/wp\/v2\/pages\/930\/revisions"}],"predecessor-version":[{"id":935,"href":"https:\/\/fabricehuggler.com\/index.php?rest_route=\/wp\/v2\/pages\/930\/revisions\/935"}],"wp:attachment":[{"href":"https:\/\/fabricehuggler.com\/index.php?rest_route=%2Fwp%2Fv2%2Fmedia&parent=930"}],"curies":[{"name":"wp","href":"https:\/\/api.w.org\/{rel}","templated":true}]}}

Variété &#8211; Presse

<div class="inherit-container-width wp-block-group has-black-color has-white-background-color has-text-color has-background is-layout-constrained wp-container-core-group-is-layout-a52671cf wp-block-group-is-layout-constrained" style="padding-top:0;padding-right:0;padding-bottom:0;padding-left:0">
<div class="inherit-container-width wp-block-group has-black-color has-white-background-color has-text-color has-background is-layout-constrained wp-container-core-group-is-layout-f98b228d wp-block-group-is-layout-constrained" style="padding-top:var(--wp--preset--spacing--20);padding-right:var(--wp--preset--spacing--20);padding-bottom:var(--wp--preset--spacing--20);padding-left:var(--wp--preset--spacing--20)">
<p class="has-black-color has-white-background-color has-text-color has-background wp-block-paragraph" style="margin-top:var(--wp--preset--spacing--40);margin-right:var(--wp--preset--spacing--40);margin-bottom:var(--wp--preset--spacing--40);margin-left:var(--wp--preset--spacing--40);padding-top:0;padding-right:0;padding-bottom:0;padding-left:0;font-style:normal;font-weight:700">La Chaux-de-Fonds: l&rsquo;émotion au rendez-vous d&rsquo;un spectacle qui jongle entre cirque et musique</p>



<p class="has-black-color has-white-background-color has-text-color has-background wp-block-paragraph" style="margin-top:var(--wp--preset--spacing--60);margin-right:var(--wp--preset--spacing--60);margin-bottom:var(--wp--preset--spacing--60);margin-left:var(--wp--preset--spacing--60);padding-top:0;padding-right:0;padding-bottom:0;padding-left:0">Au départ il y a le silence, la lenteur dans ce Temple allemand décrépi et nostalgique, lieu de création. Chaque geste est pesé, ralenti, circonspect. La musique de l’argentin Mauricio Kagel surgit de l’ensemble instrumental.</p>



<p class="has-black-color has-white-background-color has-text-color has-background wp-block-paragraph" style="margin-top:var(--wp--preset--spacing--60);margin-right:var(--wp--preset--spacing--60);margin-bottom:var(--wp--preset--spacing--60);margin-left:var(--wp--preset--spacing--60);padding-top:0;padding-right:0;padding-bottom:0;padding-left:0">La partition reprend quelques codes de la musique de cirque: trompette bouchée, trémolos de piano, ligne de saxophone, rythmes soutenus.</p>



<p class="has-black-color has-white-background-color has-text-color has-background wp-block-paragraph" style="margin-top:var(--wp--preset--spacing--60);margin-right:var(--wp--preset--spacing--60);margin-bottom:var(--wp--preset--spacing--60);margin-left:var(--wp--preset--spacing--60);padding-top:0;padding-right:0;padding-bottom:0;padding-left:0">Créée à Metz en 1977, «Variété» interroge les codes de la musique du cirque pour en faire une composition résolument contemporaine. Les six musiciens font vivre cette musique avec élégance et précision. Ils la jouent au sens premier du terme, acteurs parmi les athlètes et les instruments. Petit ensemble de chambre aux multiples facettes, aux couleurs infinies, habillant le Temple allemand.</p>



<p class="has-black-color has-white-background-color has-text-color has-background wp-block-paragraph" style="margin-top:var(--wp--preset--spacing--60);margin-right:var(--wp--preset--spacing--60);margin-bottom:var(--wp--preset--spacing--60);margin-left:var(--wp--preset--spacing--60);padding-top:0;padding-right:0;padding-bottom:0;padding-left:0">Sur scène, les six artistes de cirque offrent un spectacle d’une profondeur créatrice qui s’apparente à la danse et à la sculpture, illustrant la musique de Kagel dans une recherche esthétique et émotionnelle. L’espace du temple, sa scène, son balcon, la hauteur de son plafond sont mis en valeur dans une mise en mouvement originale.</p>



<p class="has-black-color has-white-background-color has-text-color has-background wp-block-paragraph" style="margin-top:var(--wp--preset--spacing--60);margin-right:var(--wp--preset--spacing--60);margin-bottom:var(--wp--preset--spacing--60);margin-left:var(--wp--preset--spacing--60);padding-top:0;padding-right:0;padding-bottom:0;padding-left:0">Toutes les techniques du cirque, trapèze, portés, tissu aérien, cerceau sont transcendées dans une relation artistique et esthétique d’une intensité magique.</p>



<p class="has-black-color has-white-background-color has-text-color has-background wp-block-paragraph" style="margin-top:var(--wp--preset--spacing--60);margin-right:var(--wp--preset--spacing--60);margin-bottom:var(--wp--preset--spacing--60);margin-left:var(--wp--preset--spacing--60);padding-top:0;padding-right:0;padding-bottom:0;padding-left:0">De la musique à la mise en scène, aux costumes, aux lumières, à la qualité des artistes, tout nous a profondément ému dans cette production. Courez au Temple allemand le week-end prochain!</p>



<p class="has-black-color has-white-background-color has-text-color has-background has-link-color wp-elements-1 wp-block-paragraph" style="margin-top:var(--wp--preset--spacing--40);margin-right:var(--wp--preset--spacing--40);margin-bottom:var(--wp--preset--spacing--40);margin-left:var(--wp--preset--spacing--40);padding-top:0;padding-right:0;padding-bottom:0;padding-left:0">(ArcInfo, 29 octobre 2019, Saskia Guye)</p>
</div>
</div>

<p>La Chaux-de-Fonds: l&rsquo;émotion au rendez-vous d&rsquo;un spectacle qui jongle entre cirque et musique Au départ il y a le silence, la lenteur dans ce Temple allemand décrépi et nostalgique, lieu de création. Chaque geste est pesé, ralenti, circonspect. La musique de l’argentin Mauricio Kagel surgit de l’ensemble instrumental. La partition reprend quelques codes de la &hellip;</p>
<p class="read-more"> <a class="" href="https://fabricehuggler.com/?page_id=930"> <span class="screen-reader-text">Variété &#8211; Presse</span> Lire la suite »</a></p>
